{"id":9,"date":"2018-07-04T09:31:40","date_gmt":"2018-07-04T09:31:40","guid":{"rendered":"https:\/\/www.lammi.fi\/tassu\/?page_id=9"},"modified":"2023-04-11T12:58:21","modified_gmt":"2023-04-11T09:58:21","slug":"usein-kysyttya","status":"publish","type":"page","link":"https:\/\/www.lammi.fi\/tassu\/yhteystiedot\/usein-kysyttya\/","title":{"rendered":"Usein kysytty\u00e4"},"content":{"rendered":"<h1>Usein kysytty\u00e4<\/h1>\n<p><img decoding=\"async\" class=\"alignnone size-large wp-image-434\" src=\"https:\/\/www.lammi.fi\/tassu\/wp-content\/uploads\/sites\/4\/2018\/10\/tassu_alasivu_ukk-1024x562.jpg\" alt=\"\" width=\"840\" height=\"461\" srcset=\"https:\/\/www.lammi.fi\/tassu\/wp-content\/uploads\/sites\/4\/2018\/10\/tassu_alasivu_ukk-1024x562.jpg 1024w, https:\/\/www.lammi.fi\/tassu\/wp-content\/uploads\/sites\/4\/2018\/10\/tassu_alasivu_ukk-300x165.jpg 300w, https:\/\/www.lammi.fi\/tassu\/wp-content\/uploads\/sites\/4\/2018\/10\/tassu_alasivu_ukk-768x421.jpg 768w, https:\/\/www.lammi.fi\/tassu\/wp-content\/uploads\/sites\/4\/2018\/10\/tassu_alasivu_ukk-1200x659.jpg 1200w, https:\/\/www.lammi.fi\/tassu\/wp-content\/uploads\/sites\/4\/2018\/10\/tassu_alasivu_ukk.jpg 1600w\" sizes=\"(max-width: 709px) 85vw, (max-width: 909px) 67vw, (max-width: 1362px) 62vw, 840px\" \/><\/p>\n<p>Oletko suunnittelemassa perustuksia tai vertailetko tapoja, miten ne voisi toteuttaa? Olemme koonneet t\u00e4h\u00e4n Tassu-anturamuottiin ja sen k\u00e4ytt\u00f6\u00f6n liittyv\u00e4t kysymykset vastauksineen. Jos tarvitset lis\u00e4tietoa tai haluat, ett\u00e4 otamme sinuun yhteytt\u00e4, j\u00e4t\u00e4 meille <a href=\"https:\/\/www.lammi.fi\/tassu\/yhteystiedot\/yhteydenottopyynto\/\" target=\"_blank\" rel=\"noopener\">yhteydenottopyynt\u00f6.<\/a><\/p>\n","protected":false},"excerpt":{"rendered":"<p>Usein kysytty\u00e4 Oletko suunnittelemassa perustuksia tai vertailetko tapoja, miten ne voisi toteuttaa? Olemme koonneet t\u00e4h\u00e4n Tassu-anturamuottiin ja sen k\u00e4ytt\u00f6\u00f6n liittyv\u00e4t kysymykset vastauksineen. Jos tarvitset lis\u00e4tietoa tai haluat, ett\u00e4 otamme sinuun yhteytt\u00e4, j\u00e4t\u00e4 meille yhteydenottopyynt\u00f6.<\/p>\n","protected":false},"author":1,"featured_media":0,"parent":116,"menu_order":0,"comment_status":"closed","ping_status":"closed","template":"","meta":{"_acf_changed":false,"_improvement_type_select":"improve_an_existing","_thumb_yes_seoaic":false,"_frame_yes_seoaic":false,"seoaic_generate_description":"","seoaic_improve_instructions_prompt":"","seoaic_rollback_content_improvement":"","seoaic_idea_thumbnail_generator":"","thumbnail_generated":false,"thumbnail_generate_prompt":"","seoaic_article_description":"","_glsr_average":0,"_glsr_ranking":0,"_glsr_reviews":0,"footnotes":""},"class_list":["post-9","page","type-page","status-publish","hentry"],"acf":[],"yoast_head":"<!-- This site is optimized with the Yoast SEO plugin v27.4 - https:\/\/yoast.com\/product\/yoast-seo-wordpress\/ -->\n<title>Usein kysytty\u00e4 - Lammi Tassu<\/title>\n<link rel=\"canonical\" href=\"https:\/\/www.lammi.fi\/tassu\/yhteystiedot\/usein-kysyttya\/\" \/>\n<meta property=\"og:locale\" content=\"fi_FI\" \/>\n<meta property=\"og:type\" content=\"article\" \/>\n<meta property=\"og:title\" content=\"Usein kysytty\u00e4 - Lammi Tassu\" \/>\n<meta property=\"og:description\" content=\"Usein kysytty\u00e4 Oletko suunnittelemassa perustuksia tai vertailetko tapoja, miten ne voisi toteuttaa? Olemme koonneet t\u00e4h\u00e4n Tassu-anturamuottiin ja sen k\u00e4ytt\u00f6\u00f6n liittyv\u00e4t kysymykset vastauksineen. Jos tarvitset lis\u00e4tietoa tai haluat, ett\u00e4 otamme sinuun yhteytt\u00e4, j\u00e4t\u00e4 meille yhteydenottopyynt\u00f6.\" \/>\n<meta property=\"og:url\" content=\"https:\/\/www.lammi.fi\/tassu\/yhteystiedot\/usein-kysyttya\/\" \/>\n<meta property=\"og:site_name\" content=\"Lammi Tassu\" \/>\n<meta property=\"article:modified_time\" content=\"2023-04-11T09:58:21+00:00\" \/>\n<meta property=\"og:image\" content=\"https:\/\/www.lammi.fi\/tassu\/wp-content\/uploads\/sites\/4\/2018\/10\/tassu_alasivu_ukk-1024x562.jpg\" \/>\n<meta name=\"twitter:card\" content=\"summary_large_image\" \/>\n<meta name=\"twitter:label1\" content=\"Arvioitu lukuaika\" \/>\n\t<meta name=\"twitter:data1\" content=\"1 minuutti\" \/>\n<script type=\"application\/ld+json\" class=\"yoast-schema-graph\">{\"@context\":\"https:\\\/\\\/schema.org\",\"@graph\":[{\"@type\":\"WebPage\",\"@id\":\"https:\\\/\\\/www.lammi.fi\\\/tassu\\\/yhteystiedot\\\/usein-kysyttya\\\/\",\"url\":\"https:\\\/\\\/www.lammi.fi\\\/tassu\\\/yhteystiedot\\\/usein-kysyttya\\\/\",\"name\":\"Usein kysytty\u00e4 - Lammi Tassu\",\"isPartOf\":{\"@id\":\"https:\\\/\\\/www.lammi.fi\\\/tassu\\\/#website\"},\"primaryImageOfPage\":{\"@id\":\"https:\\\/\\\/www.lammi.fi\\\/tassu\\\/yhteystiedot\\\/usein-kysyttya\\\/#primaryimage\"},\"image\":{\"@id\":\"https:\\\/\\\/www.lammi.fi\\\/tassu\\\/yhteystiedot\\\/usein-kysyttya\\\/#primaryimage\"},\"thumbnailUrl\":\"https:\\\/\\\/www.lammi.fi\\\/tassu\\\/wp-content\\\/uploads\\\/sites\\\/4\\\/2018\\\/10\\\/tassu_alasivu_ukk-1024x562.jpg\",\"datePublished\":\"2018-07-04T09:31:40+00:00\",\"dateModified\":\"2023-04-11T09:58:21+00:00\",\"breadcrumb\":{\"@id\":\"https:\\\/\\\/www.lammi.fi\\\/tassu\\\/yhteystiedot\\\/usein-kysyttya\\\/#breadcrumb\"},\"inLanguage\":\"fi\",\"potentialAction\":[{\"@type\":\"ReadAction\",\"target\":[\"https:\\\/\\\/www.lammi.fi\\\/tassu\\\/yhteystiedot\\\/usein-kysyttya\\\/\"]}]},{\"@type\":\"ImageObject\",\"inLanguage\":\"fi\",\"@id\":\"https:\\\/\\\/www.lammi.fi\\\/tassu\\\/yhteystiedot\\\/usein-kysyttya\\\/#primaryimage\",\"url\":\"https:\\\/\\\/www.lammi.fi\\\/tassu\\\/wp-content\\\/uploads\\\/sites\\\/4\\\/2018\\\/10\\\/tassu_alasivu_ukk.jpg\",\"contentUrl\":\"https:\\\/\\\/www.lammi.fi\\\/tassu\\\/wp-content\\\/uploads\\\/sites\\\/4\\\/2018\\\/10\\\/tassu_alasivu_ukk.jpg\",\"width\":1600,\"height\":878},{\"@type\":\"BreadcrumbList\",\"@id\":\"https:\\\/\\\/www.lammi.fi\\\/tassu\\\/yhteystiedot\\\/usein-kysyttya\\\/#breadcrumb\",\"itemListElement\":[{\"@type\":\"ListItem\",\"position\":1,\"name\":\"Lammi.fi\",\"item\":\"https:\\\/\\\/www.lammi.fi\"},{\"@type\":\"ListItem\",\"position\":2,\"name\":\"Lammi Tassu\",\"item\":\"https:\\\/\\\/www.lammi.fi\\\/tassu\\\/\"},{\"@type\":\"ListItem\",\"position\":3,\"name\":\"Yhteystiedot\",\"item\":\"https:\\\/\\\/www.lammi.fi\\\/tassu\\\/yhteystiedot\\\/\"},{\"@type\":\"ListItem\",\"position\":4,\"name\":\"Usein kysytty\u00e4\"}]},{\"@type\":\"WebSite\",\"@id\":\"https:\\\/\\\/www.lammi.fi\\\/tassu\\\/#website\",\"url\":\"https:\\\/\\\/www.lammi.fi\\\/tassu\\\/\",\"name\":\"Lammi Tassu\",\"description\":\"Just another Lammi sivusto site\",\"potentialAction\":[{\"@type\":\"SearchAction\",\"target\":{\"@type\":\"EntryPoint\",\"urlTemplate\":\"https:\\\/\\\/www.lammi.fi\\\/tassu\\\/?s={search_term_string}\"},\"query-input\":{\"@type\":\"PropertyValueSpecification\",\"valueRequired\":true,\"valueName\":\"search_term_string\"}}],\"inLanguage\":\"fi\"}]}<\/script>\n<!-- \/ Yoast SEO plugin. -->","yoast_head_json":{"title":"Usein kysytty\u00e4 - Lammi Tassu","canonical":"https:\/\/www.lammi.fi\/tassu\/yhteystiedot\/usein-kysyttya\/","og_locale":"fi_FI","og_type":"article","og_title":"Usein kysytty\u00e4 - Lammi Tassu","og_description":"Usein kysytty\u00e4 Oletko suunnittelemassa perustuksia tai vertailetko tapoja, miten ne voisi toteuttaa? Olemme koonneet t\u00e4h\u00e4n Tassu-anturamuottiin ja sen k\u00e4ytt\u00f6\u00f6n liittyv\u00e4t kysymykset vastauksineen. Jos tarvitset lis\u00e4tietoa tai haluat, ett\u00e4 otamme sinuun yhteytt\u00e4, j\u00e4t\u00e4 meille yhteydenottopyynt\u00f6.","og_url":"https:\/\/www.lammi.fi\/tassu\/yhteystiedot\/usein-kysyttya\/","og_site_name":"Lammi Tassu","article_modified_time":"2023-04-11T09:58:21+00:00","og_image":[{"url":"https:\/\/www.lammi.fi\/tassu\/wp-content\/uploads\/sites\/4\/2018\/10\/tassu_alasivu_ukk-1024x562.jpg","type":"","width":"","height":""}],"twitter_card":"summary_large_image","twitter_misc":{"Arvioitu lukuaika":"1 minuutti"},"schema":{"@context":"https:\/\/schema.org","@graph":[{"@type":"WebPage","@id":"https:\/\/www.lammi.fi\/tassu\/yhteystiedot\/usein-kysyttya\/","url":"https:\/\/www.lammi.fi\/tassu\/yhteystiedot\/usein-kysyttya\/","name":"Usein kysytty\u00e4 - Lammi Tassu","isPartOf":{"@id":"https:\/\/www.lammi.fi\/tassu\/#website"},"primaryImageOfPage":{"@id":"https:\/\/www.lammi.fi\/tassu\/yhteystiedot\/usein-kysyttya\/#primaryimage"},"image":{"@id":"https:\/\/www.lammi.fi\/tassu\/yhteystiedot\/usein-kysyttya\/#primaryimage"},"thumbnailUrl":"https:\/\/www.lammi.fi\/tassu\/wp-content\/uploads\/sites\/4\/2018\/10\/tassu_alasivu_ukk-1024x562.jpg","datePublished":"2018-07-04T09:31:40+00:00","dateModified":"2023-04-11T09:58:21+00:00","breadcrumb":{"@id":"https:\/\/www.lammi.fi\/tassu\/yhteystiedot\/usein-kysyttya\/#breadcrumb"},"inLanguage":"fi","potentialAction":[{"@type":"ReadAction","target":["https:\/\/www.lammi.fi\/tassu\/yhteystiedot\/usein-kysyttya\/"]}]},{"@type":"ImageObject","inLanguage":"fi","@id":"https:\/\/www.lammi.fi\/tassu\/yhteystiedot\/usein-kysyttya\/#primaryimage","url":"https:\/\/www.lammi.fi\/tassu\/wp-content\/uploads\/sites\/4\/2018\/10\/tassu_alasivu_ukk.jpg","contentUrl":"https:\/\/www.lammi.fi\/tassu\/wp-content\/uploads\/sites\/4\/2018\/10\/tassu_alasivu_ukk.jpg","width":1600,"height":878},{"@type":"BreadcrumbList","@id":"https:\/\/www.lammi.fi\/tassu\/yhteystiedot\/usein-kysyttya\/#breadcrumb","itemListElement":[{"@type":"ListItem","position":1,"name":"Lammi.fi","item":"https:\/\/www.lammi.fi"},{"@type":"ListItem","position":2,"name":"Lammi Tassu","item":"https:\/\/www.lammi.fi\/tassu\/"},{"@type":"ListItem","position":3,"name":"Yhteystiedot","item":"https:\/\/www.lammi.fi\/tassu\/yhteystiedot\/"},{"@type":"ListItem","position":4,"name":"Usein kysytty\u00e4"}]},{"@type":"WebSite","@id":"https:\/\/www.lammi.fi\/tassu\/#website","url":"https:\/\/www.lammi.fi\/tassu\/","name":"Lammi Tassu","description":"Just another Lammi sivusto site","potentialAction":[{"@type":"SearchAction","target":{"@type":"EntryPoint","urlTemplate":"https:\/\/www.lammi.fi\/tassu\/?s={search_term_string}"},"query-input":{"@type":"PropertyValueSpecification","valueRequired":true,"valueName":"search_term_string"}}],"inLanguage":"fi"}]}},"_links":{"self":[{"href":"https:\/\/www.lammi.fi\/tassu\/wp-json\/wp\/v2\/pages\/9","targetHints":{"allow":["GET"]}}],"collection":[{"href":"https:\/\/www.lammi.fi\/tassu\/wp-json\/wp\/v2\/pages"}],"about":[{"href":"https:\/\/www.lammi.fi\/tassu\/wp-json\/wp\/v2\/types\/page"}],"author":[{"embeddable":true,"href":"https:\/\/www.lammi.fi\/tassu\/wp-json\/wp\/v2\/users\/1"}],"replies":[{"embeddable":true,"href":"https:\/\/www.lammi.fi\/tassu\/wp-json\/wp\/v2\/comments?post=9"}],"version-history":[{"count":13,"href":"https:\/\/www.lammi.fi\/tassu\/wp-json\/wp\/v2\/pages\/9\/revisions"}],"predecessor-version":[{"id":1862,"href":"https:\/\/www.lammi.fi\/tassu\/wp-json\/wp\/v2\/pages\/9\/revisions\/1862"}],"up":[{"embeddable":true,"href":"https:\/\/www.lammi.fi\/tassu\/wp-json\/wp\/v2\/pages\/116"}],"wp:attachment":[{"href":"https:\/\/www.lammi.fi\/tassu\/wp-json\/wp\/v2\/media?parent=9"}],"curies":[{"name":"wp","href":"https:\/\/api.w.org\/{rel}","templated":true}]}}