{"id":5,"date":"2018-07-04T09:31:09","date_gmt":"2018-07-04T09:31:09","guid":{"rendered":"https:\/\/www.lammi.fi\/tassu\/?page_id=5"},"modified":"2022-03-22T07:31:18","modified_gmt":"2022-03-22T07:31:18","slug":"asennus","status":"publish","type":"page","link":"https:\/\/www.lammi.fi\/tassu\/asennus\/","title":{"rendered":"Asennus"},"content":{"rendered":"<h1>Kevyt ty\u00f6st\u00e4\u00e4, helppo asentaa<\/h1>\n<p>Tassu on 5 metri\u00e4 pitk\u00e4, perusraudoitettu\u00a0valmisanturamuotti, jonka asentaminen on helppoa ja nopeaa. Valuvalmis muotti syntyy\u00a0k\u00e4tev\u00e4sti, eiv\u00e4tk\u00e4 tontin tasoerotkaan tuota ongelmia. Tassulla teet helposti my\u00f6s kaarevat ja monikulmaiset anturan muodot.<\/p>\n<p>Asennukseen tarvitset<\/p>\n<ul>\n<li>voimapihdit, koko tarpeen mukaan<\/li>\n<li>puukon<\/li>\n<li>raudoittajan sidontakoukun<\/li>\n<li>raudoitteiden sidontalankaa<\/li>\n<\/ul>\n<p>Noudata muotteja asentaessasi ty\u00f6turvallisuusohjeita.<\/p>\n<div class=\"oembed oembed-youtube\"><iframe title=\"Lammi Tassu - paremmalle perustalle\" width=\"840\" height=\"473\" src=\"https:\/\/www.youtube.com\/embed\/jrwGQL5b3rs?feature=oembed\" frameborder=\"0\" allow=\"accelerometer; autoplay; clipboard-write; encrypted-media; gyroscope; picture-in-picture\" allowfullscreen><\/iframe><\/div>\n","protected":false},"excerpt":{"rendered":"<p>Kevyt ty\u00f6st\u00e4\u00e4, helppo asentaa Tassu on 5 metri\u00e4 pitk\u00e4, perusraudoitettu\u00a0valmisanturamuotti, jonka asentaminen on helppoa ja nopeaa. Valuvalmis muotti syntyy\u00a0k\u00e4tev\u00e4sti, eiv\u00e4tk\u00e4 tontin tasoerotkaan tuota ongelmia. Tassulla teet helposti my\u00f6s kaarevat ja monikulmaiset anturan muodot. Asennukseen tarvitset voimapihdit, koko tarpeen mukaan puukon raudoittajan sidontakoukun raudoitteiden sidontalankaa Noudata muotteja asentaessasi ty\u00f6turvallisuusohjeita.<\/p>\n","protected":false},"author":1,"featured_media":0,"parent":0,"menu_order":0,"comment_status":"closed","ping_status":"closed","template":"","meta":{"_acf_changed":false,"_improvement_type_select":"improve_an_existing","_thumb_yes_seoaic":false,"_frame_yes_seoaic":false,"seoaic_generate_description":"","seoaic_improve_instructions_prompt":"","seoaic_rollback_content_improvement":"","seoaic_idea_thumbnail_generator":"","thumbnail_generated":false,"thumbnail_generate_prompt":"","seoaic_article_description":"","_glsr_average":0,"_glsr_ranking":0,"_glsr_reviews":0,"footnotes":""},"class_list":["post-5","page","type-page","status-publish","hentry"],"acf":[],"yoast_head":"<!-- This site is optimized with the Yoast SEO plugin v27.1.1 - https:\/\/yoast.com\/product\/yoast-seo-wordpress\/ -->\n<title>Asennus - Lammi Tassu<\/title>\n<link rel=\"canonical\" href=\"https:\/\/www.lammi.fi\/tassu\/asennus\/\" \/>\n<meta property=\"og:locale\" content=\"fi_FI\" \/>\n<meta property=\"og:type\" content=\"article\" \/>\n<meta property=\"og:title\" content=\"Asennus - Lammi Tassu\" \/>\n<meta property=\"og:description\" content=\"Kevyt ty\u00f6st\u00e4\u00e4, helppo asentaa Tassu on 5 metri\u00e4 pitk\u00e4, perusraudoitettu\u00a0valmisanturamuotti, jonka asentaminen on helppoa ja nopeaa. Valuvalmis muotti syntyy\u00a0k\u00e4tev\u00e4sti, eiv\u00e4tk\u00e4 tontin tasoerotkaan tuota ongelmia. Tassulla teet helposti my\u00f6s kaarevat ja monikulmaiset anturan muodot. Asennukseen tarvitset voimapihdit, koko tarpeen mukaan puukon raudoittajan sidontakoukun raudoitteiden sidontalankaa Noudata muotteja asentaessasi ty\u00f6turvallisuusohjeita.\" \/>\n<meta property=\"og:url\" content=\"https:\/\/www.lammi.fi\/tassu\/asennus\/\" \/>\n<meta property=\"og:site_name\" content=\"Lammi Tassu\" \/>\n<meta property=\"article:modified_time\" content=\"2022-03-22T07:31:18+00:00\" \/>\n<meta name=\"twitter:card\" content=\"summary_large_image\" \/>\n<meta name=\"twitter:label1\" content=\"Arvioitu lukuaika\" \/>\n\t<meta name=\"twitter:data1\" content=\"1 minuutti\" \/>\n<script type=\"application\/ld+json\" class=\"yoast-schema-graph\">{\"@context\":\"https:\/\/schema.org\",\"@graph\":[{\"@type\":\"WebPage\",\"@id\":\"https:\/\/www.lammi.fi\/tassu\/asennus\/\",\"url\":\"https:\/\/www.lammi.fi\/tassu\/asennus\/\",\"name\":\"Asennus - Lammi Tassu\",\"isPartOf\":{\"@id\":\"https:\/\/www.lammi.fi\/tassu\/#website\"},\"datePublished\":\"2018-07-04T09:31:09+00:00\",\"dateModified\":\"2022-03-22T07:31:18+00:00\",\"breadcrumb\":{\"@id\":\"https:\/\/www.lammi.fi\/tassu\/asennus\/#breadcrumb\"},\"inLanguage\":\"fi\",\"potentialAction\":[{\"@type\":\"ReadAction\",\"target\":[\"https:\/\/www.lammi.fi\/tassu\/asennus\/\"]}]},{\"@type\":\"BreadcrumbList\",\"@id\":\"https:\/\/www.lammi.fi\/tassu\/asennus\/#breadcrumb\",\"itemListElement\":[{\"@type\":\"ListItem\",\"position\":1,\"name\":\"Lammi.fi\",\"item\":\"https:\/\/www.lammi.fi\"},{\"@type\":\"ListItem\",\"position\":2,\"name\":\"Lammi Tassu\",\"item\":\"https:\/\/www.lammi.fi\/tassu\/\"},{\"@type\":\"ListItem\",\"position\":3,\"name\":\"Asennus\"}]},{\"@type\":\"WebSite\",\"@id\":\"https:\/\/www.lammi.fi\/tassu\/#website\",\"url\":\"https:\/\/www.lammi.fi\/tassu\/\",\"name\":\"Lammi Tassu\",\"description\":\"Just another Lammi sivusto site\",\"potentialAction\":[{\"@type\":\"SearchAction\",\"target\":{\"@type\":\"EntryPoint\",\"urlTemplate\":\"https:\/\/www.lammi.fi\/tassu\/?s={search_term_string}\"},\"query-input\":{\"@type\":\"PropertyValueSpecification\",\"valueRequired\":true,\"valueName\":\"search_term_string\"}}],\"inLanguage\":\"fi\"}]}<\/script>\n<!-- \/ Yoast SEO plugin. -->","yoast_head_json":{"title":"Asennus - Lammi Tassu","canonical":"https:\/\/www.lammi.fi\/tassu\/asennus\/","og_locale":"fi_FI","og_type":"article","og_title":"Asennus - Lammi Tassu","og_description":"Kevyt ty\u00f6st\u00e4\u00e4, helppo asentaa Tassu on 5 metri\u00e4 pitk\u00e4, perusraudoitettu\u00a0valmisanturamuotti, jonka asentaminen on helppoa ja nopeaa. Valuvalmis muotti syntyy\u00a0k\u00e4tev\u00e4sti, eiv\u00e4tk\u00e4 tontin tasoerotkaan tuota ongelmia. Tassulla teet helposti my\u00f6s kaarevat ja monikulmaiset anturan muodot. Asennukseen tarvitset voimapihdit, koko tarpeen mukaan puukon raudoittajan sidontakoukun raudoitteiden sidontalankaa Noudata muotteja asentaessasi ty\u00f6turvallisuusohjeita.","og_url":"https:\/\/www.lammi.fi\/tassu\/asennus\/","og_site_name":"Lammi Tassu","article_modified_time":"2022-03-22T07:31:18+00:00","twitter_card":"summary_large_image","twitter_misc":{"Arvioitu lukuaika":"1 minuutti"},"schema":{"@context":"https:\/\/schema.org","@graph":[{"@type":"WebPage","@id":"https:\/\/www.lammi.fi\/tassu\/asennus\/","url":"https:\/\/www.lammi.fi\/tassu\/asennus\/","name":"Asennus - Lammi Tassu","isPartOf":{"@id":"https:\/\/www.lammi.fi\/tassu\/#website"},"datePublished":"2018-07-04T09:31:09+00:00","dateModified":"2022-03-22T07:31:18+00:00","breadcrumb":{"@id":"https:\/\/www.lammi.fi\/tassu\/asennus\/#breadcrumb"},"inLanguage":"fi","potentialAction":[{"@type":"ReadAction","target":["https:\/\/www.lammi.fi\/tassu\/asennus\/"]}]},{"@type":"BreadcrumbList","@id":"https:\/\/www.lammi.fi\/tassu\/asennus\/#breadcrumb","itemListElement":[{"@type":"ListItem","position":1,"name":"Lammi.fi","item":"https:\/\/www.lammi.fi"},{"@type":"ListItem","position":2,"name":"Lammi Tassu","item":"https:\/\/www.lammi.fi\/tassu\/"},{"@type":"ListItem","position":3,"name":"Asennus"}]},{"@type":"WebSite","@id":"https:\/\/www.lammi.fi\/tassu\/#website","url":"https:\/\/www.lammi.fi\/tassu\/","name":"Lammi Tassu","description":"Just another Lammi sivusto site","potentialAction":[{"@type":"SearchAction","target":{"@type":"EntryPoint","urlTemplate":"https:\/\/www.lammi.fi\/tassu\/?s={search_term_string}"},"query-input":{"@type":"PropertyValueSpecification","valueRequired":true,"valueName":"search_term_string"}}],"inLanguage":"fi"}]}},"_links":{"self":[{"href":"https:\/\/www.lammi.fi\/tassu\/wp-json\/wp\/v2\/pages\/5","targetHints":{"allow":["GET"]}}],"collection":[{"href":"https:\/\/www.lammi.fi\/tassu\/wp-json\/wp\/v2\/pages"}],"about":[{"href":"https:\/\/www.lammi.fi\/tassu\/wp-json\/wp\/v2\/types\/page"}],"author":[{"embeddable":true,"href":"https:\/\/www.lammi.fi\/tassu\/wp-json\/wp\/v2\/users\/1"}],"replies":[{"embeddable":true,"href":"https:\/\/www.lammi.fi\/tassu\/wp-json\/wp\/v2\/comments?post=5"}],"version-history":[{"count":14,"href":"https:\/\/www.lammi.fi\/tassu\/wp-json\/wp\/v2\/pages\/5\/revisions"}],"predecessor-version":[{"id":983,"href":"https:\/\/www.lammi.fi\/tassu\/wp-json\/wp\/v2\/pages\/5\/revisions\/983"}],"wp:attachment":[{"href":"https:\/\/www.lammi.fi\/tassu\/wp-json\/wp\/v2\/media?parent=5"}],"curies":[{"name":"wp","href":"https:\/\/api.w.org\/{rel}","templated":true}]}}