{"id":173,"date":"2018-07-04T10:22:40","date_gmt":"2018-07-04T10:22:40","guid":{"rendered":"https:\/\/www.lammi.fi\/tassu\/?page_id=173"},"modified":"2018-12-17T10:37:04","modified_gmt":"2018-12-17T10:37:04","slug":"kellariperustus","status":"publish","type":"page","link":"https:\/\/www.lammi.fi\/tassu\/ohjeet-ja-dokumentit\/kellariperustus\/","title":{"rendered":"Kellariperustus"},"content":{"rendered":"<h1>Kellariperustus<\/h1>\n<p><img decoding=\"async\" class=\"alignnone size-large wp-image-607\" src=\"https:\/\/www.lammi.fi\/tassu\/wp-content\/uploads\/sites\/4\/2018\/12\/Tassu_perustukset_kellari-1024x512.jpg\" alt=\"\" width=\"840\" height=\"420\" srcset=\"https:\/\/www.lammi.fi\/tassu\/wp-content\/uploads\/sites\/4\/2018\/12\/Tassu_perustukset_kellari-1024x512.jpg 1024w, https:\/\/www.lammi.fi\/tassu\/wp-content\/uploads\/sites\/4\/2018\/12\/Tassu_perustukset_kellari-300x150.jpg 300w, https:\/\/www.lammi.fi\/tassu\/wp-content\/uploads\/sites\/4\/2018\/12\/Tassu_perustukset_kellari-768x384.jpg 768w, https:\/\/www.lammi.fi\/tassu\/wp-content\/uploads\/sites\/4\/2018\/12\/Tassu_perustukset_kellari-1200x600.jpg 1200w, https:\/\/www.lammi.fi\/tassu\/wp-content\/uploads\/sites\/4\/2018\/12\/Tassu_perustukset_kellari-1815x907.jpg 1815w\" sizes=\"(max-width: 709px) 85vw, (max-width: 909px) 67vw, (max-width: 1362px) 62vw, 840px\" \/><\/p>\n<p>Kellariperustukseen p\u00e4\u00e4dyt\u00e4\u00e4n usein kaavaehtojen, tontin ominaisuuksien tai lis\u00e4tilan tarpeen vuoksi. Kellariperustusta k\u00e4ytet\u00e4\u00e4n usein rinnetonteilla, osakellarina tai kokokellarina. Tasamaalle rakennettaessa kellarilla saadaan esimerkiksi harraste- tai varastotiloja jopa kokonaisen kerroksen verran. Lujarakenteinen kellariperustus tarjoaa helposti muunneltavaa tilaa, jossa v\u00e4liseini\u00e4 ei v\u00e4ltt\u00e4m\u00e4tt\u00e4 tarvita.<\/p>\n<h2>L\u00e4hes joka maaper\u00e4\u00e4n<\/h2>\n<p>Kellariperustus on mahdollista toteuttaa l\u00e4hes kaikkiin maaper\u00e4tyyppeihin. Kellariperustus rakennetaan yleens\u00e4 samalla periaatteella kuin harkkoperustus. Valetun betonianturan p\u00e4\u00e4lle muurataan betoniharkoista sein\u00e4n runkorakenteet, jotka kellariperustuksessa muurataan joko kylm\u00e4ksi, puolil\u00e4mpim\u00e4ksi tai l\u00e4mpim\u00e4ksi tilaksi. Kellarin runkorakenteen p\u00e4\u00e4lle asennetaan betonilaatat (ontelolaatat, paikallavalettu laatta), jonka j\u00e4lkeen voidaan jatkaa talon rakentamista halutulla tavalla.<br \/>\nAmmattitaitoinen rakennesuunnittelija auttaa tekem\u00e4\u00e4n yksityiskohtaisen suunnitelman kellariperustuksellesi sen mukaan, millaisia tiloja kellariin haluat.<\/p>\n<h2>Tee kellariperustus oikein<\/h2>\n<p>Perustukset ovat rakennuksen kenties t\u00e4rkein osa. Huolella toteutetut perustusrakenteet takaavat parhaan mahdollisen kosteus- ja rakenneteknisen toimivuuden ja siten pitk\u00e4ik\u00e4isen talon.<\/p>\n<p>Hyv\u00e4 l\u00e4mm\u00f6neristys ja routasuojaus suojaavat perustusta ja koko rakennusta routavaurioilta sek\u00e4 kosteus- ja homeongelmilta. Asianmukainen salaojitus ja kapillaarikatko pit\u00e4v\u00e4t perustuksen alaisen maaper\u00e4n kosteuden kurissa. Jos maaper\u00e4ss\u00e4 on radonia, tulee radonsuojaus tehd\u00e4 erillisen suunnitelman mukaisesti.<\/p>\n<p>Kellariperustuksen yleisin riskikohta liittyykin kosteuteen. Jos kellariperustus tehd\u00e4\u00e4n huokoisesta materiaalista (huomioi kevytsoraharkkojen tai muurauslaastin huokoisuus), on se suojattava huolellisesti kosteutta vastaan. Kosteutta voi tulla rakenteisiin sateen, valumavesien, kapillaarisen imun ja virtauksen my\u00f6t\u00e4 sek\u00e4 sis\u00e4tiloista.<\/p>\n<h2>Kellariperustuksen monet edut<\/h2>\n<p>Lammin betoniharkoista toteutettu kellariperustus on turvallinen ja kest\u00e4v\u00e4. Mittatarkkoja harkkoja ei tarvitse muurata lainkaan, vaan ne vain ladotaan paikalleen ja valetaan umpeen. Niist\u00e4 syntyy kosteutta kest\u00e4v\u00e4, palamaton ja tiivis rakenne. Kellaritoimituksemme sis\u00e4lt\u00e4\u00e4 my\u00f6s radonsuojauksen.<\/p>\n<p>Kellari on my\u00f6s luja: et tarvitse pakollisia v\u00e4liseini\u00e4 ja voit suunnitella tilank\u00e4yt\u00f6n vapaasti. Kellari on energiatehokas, sill\u00e4 se on erinomaisesti l\u00e4mp\u00f6\u00e4 erist\u00e4v\u00e4, tiivis ja massiivinen.<\/p>\n<p>Lammi tarjoaa kellariperustuksen helposti, nopeasti ja kustannustehokkaasti yhdest\u00e4 paikasta. Kattava kellaritoimituksemme sopii my\u00f6s omatoimirakentajalle.<\/p>\n<p>Lue lis\u00e4\u00e4\u00a0<a href=\"http:\/\/www.lamminbetoni.fi\/fi\/kellarit\">kellariperustuksesta<\/a>.<\/p>\n","protected":false},"excerpt":{"rendered":"<p>Kellariperustus Kellariperustukseen p\u00e4\u00e4dyt\u00e4\u00e4n usein kaavaehtojen, tontin ominaisuuksien tai lis\u00e4tilan tarpeen vuoksi. Kellariperustusta k\u00e4ytet\u00e4\u00e4n usein rinnetonteilla, osakellarina tai kokokellarina. Tasamaalle rakennettaessa kellarilla saadaan esimerkiksi harraste- tai varastotiloja jopa kokonaisen kerroksen verran. Lujarakenteinen kellariperustus tarjoaa helposti muunneltavaa tilaa, jossa v\u00e4liseini\u00e4 ei v\u00e4ltt\u00e4m\u00e4tt\u00e4 tarvita. L\u00e4hes joka maaper\u00e4\u00e4n Kellariperustus on mahdollista toteuttaa l\u00e4hes kaikkiin maaper\u00e4tyyppeihin. Kellariperustus rakennetaan yleens\u00e4 samalla &hellip; <a href=\"https:\/\/www.lammi.fi\/tassu\/ohjeet-ja-dokumentit\/kellariperustus\/\" class=\"more-link\">Lue lis\u00e4\u00e4<span class=\"screen-reader-text\"> &#8221;Kellariperustus&#8221;<\/span><\/a><\/p>\n","protected":false},"author":1,"featured_media":0,"parent":114,"menu_order":0,"comment_status":"closed","ping_status":"closed","template":"","meta":{"_acf_changed":false,"_improvement_type_select":"improve_an_existing","_thumb_yes_seoaic":false,"_frame_yes_seoaic":false,"seoaic_generate_description":"","seoaic_improve_instructions_prompt":"","seoaic_rollback_content_improvement":"","seoaic_idea_thumbnail_generator":"","thumbnail_generated":false,"thumbnail_generate_prompt":"","seoaic_article_description":"","_glsr_average":0,"_glsr_ranking":0,"_glsr_reviews":0,"footnotes":""},"class_list":["post-173","page","type-page","status-publish","hentry"],"acf":[],"yoast_head":"<!-- This site is optimized with the Yoast SEO plugin v27.1.1 - https:\/\/yoast.com\/product\/yoast-seo-wordpress\/ -->\n<title>Kellariperustus - Lammi Tassu<\/title>\n<link rel=\"canonical\" href=\"https:\/\/www.lammi.fi\/tassu\/ohjeet-ja-dokumentit\/kellariperustus\/\" \/>\n<meta property=\"og:locale\" content=\"fi_FI\" \/>\n<meta property=\"og:type\" content=\"article\" \/>\n<meta property=\"og:title\" content=\"Kellariperustus - Lammi Tassu\" \/>\n<meta property=\"og:description\" content=\"Kellariperustus Kellariperustukseen p\u00e4\u00e4dyt\u00e4\u00e4n usein kaavaehtojen, tontin ominaisuuksien tai lis\u00e4tilan tarpeen vuoksi. Kellariperustusta k\u00e4ytet\u00e4\u00e4n usein rinnetonteilla, osakellarina tai kokokellarina. Tasamaalle rakennettaessa kellarilla saadaan esimerkiksi harraste- tai varastotiloja jopa kokonaisen kerroksen verran. Lujarakenteinen kellariperustus tarjoaa helposti muunneltavaa tilaa, jossa v\u00e4liseini\u00e4 ei v\u00e4ltt\u00e4m\u00e4tt\u00e4 tarvita. L\u00e4hes joka maaper\u00e4\u00e4n Kellariperustus on mahdollista toteuttaa l\u00e4hes kaikkiin maaper\u00e4tyyppeihin. Kellariperustus rakennetaan yleens\u00e4 samalla &hellip; Lue lis\u00e4\u00e4 &quot;Kellariperustus&quot;\" \/>\n<meta property=\"og:url\" content=\"https:\/\/www.lammi.fi\/tassu\/ohjeet-ja-dokumentit\/kellariperustus\/\" \/>\n<meta property=\"og:site_name\" content=\"Lammi Tassu\" \/>\n<meta property=\"article:modified_time\" content=\"2018-12-17T10:37:04+00:00\" \/>\n<meta property=\"og:image\" content=\"https:\/\/www.lammi.fi\/tassu\/wp-content\/uploads\/sites\/4\/2018\/12\/Tassu_perustukset_kellari-1024x512.jpg\" \/>\n<meta name=\"twitter:card\" content=\"summary_large_image\" \/>\n<meta name=\"twitter:label1\" content=\"Arvioitu lukuaika\" \/>\n\t<meta name=\"twitter:data1\" content=\"2 minuuttia\" \/>\n<script type=\"application\/ld+json\" class=\"yoast-schema-graph\">{\"@context\":\"https:\/\/schema.org\",\"@graph\":[{\"@type\":\"WebPage\",\"@id\":\"https:\/\/www.lammi.fi\/tassu\/ohjeet-ja-dokumentit\/kellariperustus\/\",\"url\":\"https:\/\/www.lammi.fi\/tassu\/ohjeet-ja-dokumentit\/kellariperustus\/\",\"name\":\"Kellariperustus - Lammi Tassu\",\"isPartOf\":{\"@id\":\"https:\/\/www.lammi.fi\/tassu\/#website\"},\"primaryImageOfPage\":{\"@id\":\"https:\/\/www.lammi.fi\/tassu\/ohjeet-ja-dokumentit\/kellariperustus\/#primaryimage\"},\"image\":{\"@id\":\"https:\/\/www.lammi.fi\/tassu\/ohjeet-ja-dokumentit\/kellariperustus\/#primaryimage\"},\"thumbnailUrl\":\"https:\/\/www.lammi.fi\/tassu\/wp-content\/uploads\/sites\/4\/2018\/12\/Tassu_perustukset_kellari-1024x512.jpg\",\"datePublished\":\"2018-07-04T10:22:40+00:00\",\"dateModified\":\"2018-12-17T10:37:04+00:00\",\"breadcrumb\":{\"@id\":\"https:\/\/www.lammi.fi\/tassu\/ohjeet-ja-dokumentit\/kellariperustus\/#breadcrumb\"},\"inLanguage\":\"fi\",\"potentialAction\":[{\"@type\":\"ReadAction\",\"target\":[\"https:\/\/www.lammi.fi\/tassu\/ohjeet-ja-dokumentit\/kellariperustus\/\"]}]},{\"@type\":\"ImageObject\",\"inLanguage\":\"fi\",\"@id\":\"https:\/\/www.lammi.fi\/tassu\/ohjeet-ja-dokumentit\/kellariperustus\/#primaryimage\",\"url\":\"https:\/\/www.lammi.fi\/tassu\/wp-content\/uploads\/sites\/4\/2018\/12\/Tassu_perustukset_kellari.jpg\",\"contentUrl\":\"https:\/\/www.lammi.fi\/tassu\/wp-content\/uploads\/sites\/4\/2018\/12\/Tassu_perustukset_kellari.jpg\",\"width\":4167,\"height\":2083},{\"@type\":\"BreadcrumbList\",\"@id\":\"https:\/\/www.lammi.fi\/tassu\/ohjeet-ja-dokumentit\/kellariperustus\/#breadcrumb\",\"itemListElement\":[{\"@type\":\"ListItem\",\"position\":1,\"name\":\"Lammi.fi\",\"item\":\"https:\/\/www.lammi.fi\"},{\"@type\":\"ListItem\",\"position\":2,\"name\":\"Lammi Tassu\",\"item\":\"https:\/\/www.lammi.fi\/tassu\/\"},{\"@type\":\"ListItem\",\"position\":3,\"name\":\"Ohjeet ja dokumentit\",\"item\":\"https:\/\/www.lammi.fi\/tassu\/ohjeet-ja-dokumentit\/\"},{\"@type\":\"ListItem\",\"position\":4,\"name\":\"Kellariperustus\"}]},{\"@type\":\"WebSite\",\"@id\":\"https:\/\/www.lammi.fi\/tassu\/#website\",\"url\":\"https:\/\/www.lammi.fi\/tassu\/\",\"name\":\"Lammi Tassu\",\"description\":\"Just another Lammi sivusto site\",\"potentialAction\":[{\"@type\":\"SearchAction\",\"target\":{\"@type\":\"EntryPoint\",\"urlTemplate\":\"https:\/\/www.lammi.fi\/tassu\/?s={search_term_string}\"},\"query-input\":{\"@type\":\"PropertyValueSpecification\",\"valueRequired\":true,\"valueName\":\"search_term_string\"}}],\"inLanguage\":\"fi\"}]}<\/script>\n<!-- \/ Yoast SEO plugin. -->","yoast_head_json":{"title":"Kellariperustus - Lammi Tassu","canonical":"https:\/\/www.lammi.fi\/tassu\/ohjeet-ja-dokumentit\/kellariperustus\/","og_locale":"fi_FI","og_type":"article","og_title":"Kellariperustus - Lammi Tassu","og_description":"Kellariperustus Kellariperustukseen p\u00e4\u00e4dyt\u00e4\u00e4n usein kaavaehtojen, tontin ominaisuuksien tai lis\u00e4tilan tarpeen vuoksi. Kellariperustusta k\u00e4ytet\u00e4\u00e4n usein rinnetonteilla, osakellarina tai kokokellarina. Tasamaalle rakennettaessa kellarilla saadaan esimerkiksi harraste- tai varastotiloja jopa kokonaisen kerroksen verran. Lujarakenteinen kellariperustus tarjoaa helposti muunneltavaa tilaa, jossa v\u00e4liseini\u00e4 ei v\u00e4ltt\u00e4m\u00e4tt\u00e4 tarvita. L\u00e4hes joka maaper\u00e4\u00e4n Kellariperustus on mahdollista toteuttaa l\u00e4hes kaikkiin maaper\u00e4tyyppeihin. Kellariperustus rakennetaan yleens\u00e4 samalla &hellip; Lue lis\u00e4\u00e4 \"Kellariperustus\"","og_url":"https:\/\/www.lammi.fi\/tassu\/ohjeet-ja-dokumentit\/kellariperustus\/","og_site_name":"Lammi Tassu","article_modified_time":"2018-12-17T10:37:04+00:00","og_image":[{"url":"https:\/\/www.lammi.fi\/tassu\/wp-content\/uploads\/sites\/4\/2018\/12\/Tassu_perustukset_kellari-1024x512.jpg","type":"","width":"","height":""}],"twitter_card":"summary_large_image","twitter_misc":{"Arvioitu lukuaika":"2 minuuttia"},"schema":{"@context":"https:\/\/schema.org","@graph":[{"@type":"WebPage","@id":"https:\/\/www.lammi.fi\/tassu\/ohjeet-ja-dokumentit\/kellariperustus\/","url":"https:\/\/www.lammi.fi\/tassu\/ohjeet-ja-dokumentit\/kellariperustus\/","name":"Kellariperustus - Lammi Tassu","isPartOf":{"@id":"https:\/\/www.lammi.fi\/tassu\/#website"},"primaryImageOfPage":{"@id":"https:\/\/www.lammi.fi\/tassu\/ohjeet-ja-dokumentit\/kellariperustus\/#primaryimage"},"image":{"@id":"https:\/\/www.lammi.fi\/tassu\/ohjeet-ja-dokumentit\/kellariperustus\/#primaryimage"},"thumbnailUrl":"https:\/\/www.lammi.fi\/tassu\/wp-content\/uploads\/sites\/4\/2018\/12\/Tassu_perustukset_kellari-1024x512.jpg","datePublished":"2018-07-04T10:22:40+00:00","dateModified":"2018-12-17T10:37:04+00:00","breadcrumb":{"@id":"https:\/\/www.lammi.fi\/tassu\/ohjeet-ja-dokumentit\/kellariperustus\/#breadcrumb"},"inLanguage":"fi","potentialAction":[{"@type":"ReadAction","target":["https:\/\/www.lammi.fi\/tassu\/ohjeet-ja-dokumentit\/kellariperustus\/"]}]},{"@type":"ImageObject","inLanguage":"fi","@id":"https:\/\/www.lammi.fi\/tassu\/ohjeet-ja-dokumentit\/kellariperustus\/#primaryimage","url":"https:\/\/www.lammi.fi\/tassu\/wp-content\/uploads\/sites\/4\/2018\/12\/Tassu_perustukset_kellari.jpg","contentUrl":"https:\/\/www.lammi.fi\/tassu\/wp-content\/uploads\/sites\/4\/2018\/12\/Tassu_perustukset_kellari.jpg","width":4167,"height":2083},{"@type":"BreadcrumbList","@id":"https:\/\/www.lammi.fi\/tassu\/ohjeet-ja-dokumentit\/kellariperustus\/#breadcrumb","itemListElement":[{"@type":"ListItem","position":1,"name":"Lammi.fi","item":"https:\/\/www.lammi.fi"},{"@type":"ListItem","position":2,"name":"Lammi Tassu","item":"https:\/\/www.lammi.fi\/tassu\/"},{"@type":"ListItem","position":3,"name":"Ohjeet ja dokumentit","item":"https:\/\/www.lammi.fi\/tassu\/ohjeet-ja-dokumentit\/"},{"@type":"ListItem","position":4,"name":"Kellariperustus"}]},{"@type":"WebSite","@id":"https:\/\/www.lammi.fi\/tassu\/#website","url":"https:\/\/www.lammi.fi\/tassu\/","name":"Lammi Tassu","description":"Just another Lammi sivusto site","potentialAction":[{"@type":"SearchAction","target":{"@type":"EntryPoint","urlTemplate":"https:\/\/www.lammi.fi\/tassu\/?s={search_term_string}"},"query-input":{"@type":"PropertyValueSpecification","valueRequired":true,"valueName":"search_term_string"}}],"inLanguage":"fi"}]}},"_links":{"self":[{"href":"https:\/\/www.lammi.fi\/tassu\/wp-json\/wp\/v2\/pages\/173","targetHints":{"allow":["GET"]}}],"collection":[{"href":"https:\/\/www.lammi.fi\/tassu\/wp-json\/wp\/v2\/pages"}],"about":[{"href":"https:\/\/www.lammi.fi\/tassu\/wp-json\/wp\/v2\/types\/page"}],"author":[{"embeddable":true,"href":"https:\/\/www.lammi.fi\/tassu\/wp-json\/wp\/v2\/users\/1"}],"replies":[{"embeddable":true,"href":"https:\/\/www.lammi.fi\/tassu\/wp-json\/wp\/v2\/comments?post=173"}],"version-history":[{"count":5,"href":"https:\/\/www.lammi.fi\/tassu\/wp-json\/wp\/v2\/pages\/173\/revisions"}],"predecessor-version":[{"id":610,"href":"https:\/\/www.lammi.fi\/tassu\/wp-json\/wp\/v2\/pages\/173\/revisions\/610"}],"up":[{"embeddable":true,"href":"https:\/\/www.lammi.fi\/tassu\/wp-json\/wp\/v2\/pages\/114"}],"wp:attachment":[{"href":"https:\/\/www.lammi.fi\/tassu\/wp-json\/wp\/v2\/media?parent=173"}],"curies":[{"name":"wp","href":"https:\/\/api.w.org\/{rel}","templated":true}]}}