{"id":737,"date":"2020-06-17T11:58:30","date_gmt":"2020-06-17T11:58:30","guid":{"rendered":"https:\/\/www.lammi.fi\/piha\/?page_id=737"},"modified":"2026-03-20T11:38:26","modified_gmt":"2026-03-20T08:38:26","slug":"jalleenmyyjat","status":"publish","type":"page","link":"https:\/\/www.lammi.fi\/piha\/jalleenmyyjat\/","title":{"rendered":"J\u00e4lleenmyyj\u00e4t"},"content":{"rendered":"<div class=\"tabs-info-1\">\n<h1>J\u00e4lleenmyyj\u00e4t<\/h1>\n<\/div>\n<p>Lammi Muurikivi\u00e4 voi tiedustella l\u00e4himm\u00e4st\u00e4 rautakaupasta.<br \/>\nNopeaan toimitukseen rajattu valikoima tuotteita on saatavilla varastoivista j\u00e4lleenmyyntipaikoista. Muurikivivalikoima vaihtelee toimipisteitt\u00e4in, joten kannattaa olla yhteydess\u00e4 myyntipisteeseen ennen k\u00e4ynti\u00e4.<\/p>\n<p><a href=\"https:\/\/kivikopla.fi\/\"><img decoding=\"async\" class=\"alignleft size-full wp-image-1741\" src=\"https:\/\/www.lammi.fi\/piha\/wp-content\/uploads\/sites\/5\/2026\/03\/LAMMIPIHA_jamy_logot_KIVIKOPLA_100x160px.png\" alt=\"\" width=\"307\" height=\"100\" srcset=\"https:\/\/www.lammi.fi\/piha\/wp-content\/uploads\/sites\/5\/2026\/03\/LAMMIPIHA_jamy_logot_KIVIKOPLA_100x160px.png 307w, https:\/\/www.lammi.fi\/piha\/wp-content\/uploads\/sites\/5\/2026\/03\/LAMMIPIHA_jamy_logot_KIVIKOPLA_100x160px-300x98.png 300w, https:\/\/www.lammi.fi\/piha\/wp-content\/uploads\/sites\/5\/2026\/03\/LAMMIPIHA_jamy_logot_KIVIKOPLA_100x160px-260x85.png 260w\" sizes=\"(max-width: 307px) 85vw, 307px\" \/><\/a><\/p>\n<p><a href=\"https:\/\/www.raisionsementtivalimo.fi\/\"><img decoding=\"async\" class=\"alignleft size-full wp-image-1737\" src=\"https:\/\/www.lammi.fi\/piha\/wp-content\/uploads\/sites\/5\/2026\/03\/LAMMIPIHA_jamy_logot_RAISIONSEMENTTIVALIMO_100x160px.png\" alt=\"\" width=\"292\" height=\"100\" srcset=\"https:\/\/www.lammi.fi\/piha\/wp-content\/uploads\/sites\/5\/2026\/03\/LAMMIPIHA_jamy_logot_RAISIONSEMENTTIVALIMO_100x160px.png 292w, https:\/\/www.lammi.fi\/piha\/wp-content\/uploads\/sites\/5\/2026\/03\/LAMMIPIHA_jamy_logot_RAISIONSEMENTTIVALIMO_100x160px-260x89.png 260w\" sizes=\"(max-width: 292px) 85vw, 292px\" \/><\/a><a href=\"https:\/\/www.levyjalista.fi\/\"><img decoding=\"async\" class=\"alignleft size-full wp-image-1743\" src=\"https:\/\/www.lammi.fi\/piha\/wp-content\/uploads\/sites\/5\/2026\/03\/LAMMITASSU_jamy_logot_HEINOLANLEVYJALISTA_100x160px.png\" alt=\"\" width=\"254\" height=\"87\" \/><\/a><a href=\"https:\/\/www.turunreunakivi.fi\/\"><img decoding=\"async\" class=\"alignleft size-full wp-image-1739\" src=\"https:\/\/www.lammi.fi\/piha\/wp-content\/uploads\/sites\/5\/2026\/03\/LAMMIPIHA_jamy_logot_TURUNREUNAKIVI_100x160px.png\" alt=\"\" width=\"120\" height=\"100\" \/><\/a><\/p>\n<p>&nbsp;<\/p>\n<p>&nbsp;<\/p>\n<p>&nbsp;<\/p>\n<p>&nbsp;<\/p>\n<p>&nbsp;<\/p>\n<p>Oletko kiinnostunut ottamaan Lammi Muurikivi\u00e4 myym\u00e4l\u00e4si valikoimaan?<\/p>\n<p><a href=\"https:\/\/www.lammi.fi\/harkko\/yhteystiedot\/yhteydenottopyynto\/\">Ota yhteytt\u00e4<\/a> ja keskustellaan lis\u00e4\u00e4.<\/p>\n<p>&nbsp;<\/p>\n<p><img decoding=\"async\" class=\"alignleft wp-image-3728\" src=\"https:\/\/www.lammi.fi\/wp-content\/uploads\/2024\/01\/jonisalmela_06-1.jpg\" alt=\"Joni Salmela\" width=\"134\" height=\"134\" \/>Joni Salmela<br \/>\nMyyntip\u00e4\u00e4llikk\u00f6, j\u00e4lleenmyyj\u00e4t<br \/>\n<a href=\"tel:+358207530421\">0207 530 421<\/a><br \/>\n<a href=\"mailto:joni.salmela@lammi.fi\">joni.salmela@lammi.fi<\/a><\/p>\n","protected":false},"excerpt":{"rendered":"<p>J\u00e4lleenmyyj\u00e4t Lammi Muurikivi\u00e4 voi tiedustella l\u00e4himm\u00e4st\u00e4 rautakaupasta. Nopeaan toimitukseen rajattu valikoima tuotteita on saatavilla varastoivista j\u00e4lleenmyyntipaikoista. Muurikivivalikoima vaihtelee toimipisteitt\u00e4in, joten kannattaa olla yhteydess\u00e4 myyntipisteeseen ennen k\u00e4ynti\u00e4. &nbsp; &nbsp; &nbsp; &nbsp; &nbsp; Oletko kiinnostunut ottamaan Lammi Muurikivi\u00e4 myym\u00e4l\u00e4si valikoimaan? Ota yhteytt\u00e4 ja keskustellaan lis\u00e4\u00e4. &nbsp; Joni Salmela Myyntip\u00e4\u00e4llikk\u00f6, j\u00e4lleenmyyj\u00e4t 0207 530 421 joni.salmela@lammi.fi<\/p>\n","protected":false},"author":12,"featured_media":0,"parent":0,"menu_order":0,"comment_status":"closed","ping_status":"closed","template":"","meta":{"_acf_changed":false,"_improvement_type_select":"improve_an_existing","_thumb_yes_seoaic":false,"_frame_yes_seoaic":false,"seoaic_generate_description":"","seoaic_improve_instructions_prompt":"","seoaic_rollback_content_improvement":"","seoaic_idea_thumbnail_generator":"","thumbnail_generated":false,"thumbnail_generate_prompt":"","seoaic_article_description":"","footnotes":""},"class_list":["post-737","page","type-page","status-publish","hentry"],"acf":[],"yoast_head":"<!-- This site is optimized with the Yoast SEO plugin v27.1.1 - https:\/\/yoast.com\/product\/yoast-seo-wordpress\/ -->\n<title>Lammi - Piha - J\u00e4lleenmyyj\u00e4t<\/title>\n<meta name=\"description\" content=\"Varastoivia j\u00e4lleenmyyntipisteit\u00e4 l\u00f6ytyy useita ymp\u00e4ri Etel\u00e4-Suomea. Muurikivivalikoima vaihtelee toimipisteitt\u00e4in.\" \/>\n<link rel=\"canonical\" href=\"https:\/\/www.lammi.fi\/piha\/jalleenmyyjat\/\" \/>\n<meta property=\"og:locale\" content=\"fi_FI\" \/>\n<meta property=\"og:type\" content=\"article\" \/>\n<meta property=\"og:title\" content=\"Lammi - Piha - J\u00e4lleenmyyj\u00e4t\" \/>\n<meta property=\"og:description\" content=\"Varastoivia j\u00e4lleenmyyntipisteit\u00e4 l\u00f6ytyy useita ymp\u00e4ri Etel\u00e4-Suomea. Muurikivivalikoima vaihtelee toimipisteitt\u00e4in.\" \/>\n<meta property=\"og:url\" content=\"https:\/\/www.lammi.fi\/piha\/jalleenmyyjat\/\" \/>\n<meta property=\"og:site_name\" content=\"Lammi - Piha\" \/>\n<meta property=\"article:modified_time\" content=\"2026-03-20T08:38:26+00:00\" \/>\n<meta property=\"og:image\" content=\"https:\/\/www.lammi.fi\/piha\/wp-content\/uploads\/sites\/5\/2026\/03\/LAMMIPIHA_jamy_logot_KIVIKOPLA_100x160px.png\" \/>\n\t<meta property=\"og:image:width\" content=\"307\" \/>\n\t<meta property=\"og:image:height\" content=\"100\" \/>\n\t<meta property=\"og:image:type\" content=\"image\/png\" \/>\n<meta name=\"twitter:card\" content=\"summary_large_image\" \/>\n<meta name=\"twitter:label1\" content=\"Arvioitu lukuaika\" \/>\n\t<meta name=\"twitter:data1\" content=\"2 minuuttia\" \/>\n<script type=\"application\/ld+json\" class=\"yoast-schema-graph\">{\"@context\":\"https:\/\/schema.org\",\"@graph\":[{\"@type\":\"WebPage\",\"@id\":\"https:\/\/www.lammi.fi\/piha\/jalleenmyyjat\/\",\"url\":\"https:\/\/www.lammi.fi\/piha\/jalleenmyyjat\/\",\"name\":\"Lammi - Piha - J\u00e4lleenmyyj\u00e4t\",\"isPartOf\":{\"@id\":\"https:\/\/www.lammi.fi\/piha\/#website\"},\"primaryImageOfPage\":{\"@id\":\"https:\/\/www.lammi.fi\/piha\/jalleenmyyjat\/#primaryimage\"},\"image\":{\"@id\":\"https:\/\/www.lammi.fi\/piha\/jalleenmyyjat\/#primaryimage\"},\"thumbnailUrl\":\"https:\/\/www.lammi.fi\/piha\/wp-content\/uploads\/sites\/5\/2026\/03\/LAMMIPIHA_jamy_logot_KIVIKOPLA_100x160px.png\",\"datePublished\":\"2020-06-17T11:58:30+00:00\",\"dateModified\":\"2026-03-20T08:38:26+00:00\",\"description\":\"Varastoivia j\u00e4lleenmyyntipisteit\u00e4 l\u00f6ytyy useita ymp\u00e4ri Etel\u00e4-Suomea. Muurikivivalikoima vaihtelee toimipisteitt\u00e4in.\",\"breadcrumb\":{\"@id\":\"https:\/\/www.lammi.fi\/piha\/jalleenmyyjat\/#breadcrumb\"},\"inLanguage\":\"fi\",\"potentialAction\":[{\"@type\":\"ReadAction\",\"target\":[\"https:\/\/www.lammi.fi\/piha\/jalleenmyyjat\/\"]}]},{\"@type\":\"ImageObject\",\"inLanguage\":\"fi\",\"@id\":\"https:\/\/www.lammi.fi\/piha\/jalleenmyyjat\/#primaryimage\",\"url\":\"https:\/\/www.lammi.fi\/piha\/wp-content\/uploads\/sites\/5\/2026\/03\/LAMMIPIHA_jamy_logot_KIVIKOPLA_100x160px.png\",\"contentUrl\":\"https:\/\/www.lammi.fi\/piha\/wp-content\/uploads\/sites\/5\/2026\/03\/LAMMIPIHA_jamy_logot_KIVIKOPLA_100x160px.png\",\"width\":307,\"height\":100},{\"@type\":\"BreadcrumbList\",\"@id\":\"https:\/\/www.lammi.fi\/piha\/jalleenmyyjat\/#breadcrumb\",\"itemListElement\":[{\"@type\":\"ListItem\",\"position\":1,\"name\":\"Lammi.fi\",\"item\":\"https:\/\/www.lammi.fi\"},{\"@type\":\"ListItem\",\"position\":2,\"name\":\"Piha\",\"item\":\"https:\/\/www.lammi.fi\/piha\/\"},{\"@type\":\"ListItem\",\"position\":3,\"name\":\"J\u00e4lleenmyyj\u00e4t\"}]},{\"@type\":\"WebSite\",\"@id\":\"https:\/\/www.lammi.fi\/piha\/#website\",\"url\":\"https:\/\/www.lammi.fi\/piha\/\",\"name\":\"Lammi - Piha\",\"description\":\"Piha\",\"potentialAction\":[{\"@type\":\"SearchAction\",\"target\":{\"@type\":\"EntryPoint\",\"urlTemplate\":\"https:\/\/www.lammi.fi\/piha\/?s={search_term_string}\"},\"query-input\":{\"@type\":\"PropertyValueSpecification\",\"valueRequired\":true,\"valueName\":\"search_term_string\"}}],\"inLanguage\":\"fi\"}]}<\/script>\n<!-- \/ Yoast SEO plugin. -->","yoast_head_json":{"title":"Lammi - Piha - J\u00e4lleenmyyj\u00e4t","description":"Varastoivia j\u00e4lleenmyyntipisteit\u00e4 l\u00f6ytyy useita ymp\u00e4ri Etel\u00e4-Suomea. Muurikivivalikoima vaihtelee toimipisteitt\u00e4in.","canonical":"https:\/\/www.lammi.fi\/piha\/jalleenmyyjat\/","og_locale":"fi_FI","og_type":"article","og_title":"Lammi - Piha - J\u00e4lleenmyyj\u00e4t","og_description":"Varastoivia j\u00e4lleenmyyntipisteit\u00e4 l\u00f6ytyy useita ymp\u00e4ri Etel\u00e4-Suomea. Muurikivivalikoima vaihtelee toimipisteitt\u00e4in.","og_url":"https:\/\/www.lammi.fi\/piha\/jalleenmyyjat\/","og_site_name":"Lammi - Piha","article_modified_time":"2026-03-20T08:38:26+00:00","og_image":[{"width":307,"height":100,"url":"https:\/\/www.lammi.fi\/piha\/wp-content\/uploads\/sites\/5\/2026\/03\/LAMMIPIHA_jamy_logot_KIVIKOPLA_100x160px.png","type":"image\/png"}],"twitter_card":"summary_large_image","twitter_misc":{"Arvioitu lukuaika":"2 minuuttia"},"schema":{"@context":"https:\/\/schema.org","@graph":[{"@type":"WebPage","@id":"https:\/\/www.lammi.fi\/piha\/jalleenmyyjat\/","url":"https:\/\/www.lammi.fi\/piha\/jalleenmyyjat\/","name":"Lammi - Piha - J\u00e4lleenmyyj\u00e4t","isPartOf":{"@id":"https:\/\/www.lammi.fi\/piha\/#website"},"primaryImageOfPage":{"@id":"https:\/\/www.lammi.fi\/piha\/jalleenmyyjat\/#primaryimage"},"image":{"@id":"https:\/\/www.lammi.fi\/piha\/jalleenmyyjat\/#primaryimage"},"thumbnailUrl":"https:\/\/www.lammi.fi\/piha\/wp-content\/uploads\/sites\/5\/2026\/03\/LAMMIPIHA_jamy_logot_KIVIKOPLA_100x160px.png","datePublished":"2020-06-17T11:58:30+00:00","dateModified":"2026-03-20T08:38:26+00:00","description":"Varastoivia j\u00e4lleenmyyntipisteit\u00e4 l\u00f6ytyy useita ymp\u00e4ri Etel\u00e4-Suomea. Muurikivivalikoima vaihtelee toimipisteitt\u00e4in.","breadcrumb":{"@id":"https:\/\/www.lammi.fi\/piha\/jalleenmyyjat\/#breadcrumb"},"inLanguage":"fi","potentialAction":[{"@type":"ReadAction","target":["https:\/\/www.lammi.fi\/piha\/jalleenmyyjat\/"]}]},{"@type":"ImageObject","inLanguage":"fi","@id":"https:\/\/www.lammi.fi\/piha\/jalleenmyyjat\/#primaryimage","url":"https:\/\/www.lammi.fi\/piha\/wp-content\/uploads\/sites\/5\/2026\/03\/LAMMIPIHA_jamy_logot_KIVIKOPLA_100x160px.png","contentUrl":"https:\/\/www.lammi.fi\/piha\/wp-content\/uploads\/sites\/5\/2026\/03\/LAMMIPIHA_jamy_logot_KIVIKOPLA_100x160px.png","width":307,"height":100},{"@type":"BreadcrumbList","@id":"https:\/\/www.lammi.fi\/piha\/jalleenmyyjat\/#breadcrumb","itemListElement":[{"@type":"ListItem","position":1,"name":"Lammi.fi","item":"https:\/\/www.lammi.fi"},{"@type":"ListItem","position":2,"name":"Piha","item":"https:\/\/www.lammi.fi\/piha\/"},{"@type":"ListItem","position":3,"name":"J\u00e4lleenmyyj\u00e4t"}]},{"@type":"WebSite","@id":"https:\/\/www.lammi.fi\/piha\/#website","url":"https:\/\/www.lammi.fi\/piha\/","name":"Lammi - Piha","description":"Piha","potentialAction":[{"@type":"SearchAction","target":{"@type":"EntryPoint","urlTemplate":"https:\/\/www.lammi.fi\/piha\/?s={search_term_string}"},"query-input":{"@type":"PropertyValueSpecification","valueRequired":true,"valueName":"search_term_string"}}],"inLanguage":"fi"}]}},"_links":{"self":[{"href":"https:\/\/www.lammi.fi\/piha\/wp-json\/wp\/v2\/pages\/737","targetHints":{"allow":["GET"]}}],"collection":[{"href":"https:\/\/www.lammi.fi\/piha\/wp-json\/wp\/v2\/pages"}],"about":[{"href":"https:\/\/www.lammi.fi\/piha\/wp-json\/wp\/v2\/types\/page"}],"author":[{"embeddable":true,"href":"https:\/\/www.lammi.fi\/piha\/wp-json\/wp\/v2\/users\/12"}],"replies":[{"embeddable":true,"href":"https:\/\/www.lammi.fi\/piha\/wp-json\/wp\/v2\/comments?post=737"}],"version-history":[{"count":11,"href":"https:\/\/www.lammi.fi\/piha\/wp-json\/wp\/v2\/pages\/737\/revisions"}],"predecessor-version":[{"id":1746,"href":"https:\/\/www.lammi.fi\/piha\/wp-json\/wp\/v2\/pages\/737\/revisions\/1746"}],"wp:attachment":[{"href":"https:\/\/www.lammi.fi\/piha\/wp-json\/wp\/v2\/media?parent=737"}],"curies":[{"name":"wp","href":"https:\/\/api.w.org\/{rel}","templated":true}]}}