{"id":576,"date":"2020-06-03T10:53:39","date_gmt":"2020-06-03T10:53:39","guid":{"rendered":"https:\/\/www.lammi.fi\/piha\/?page_id=576"},"modified":"2023-04-04T13:09:30","modified_gmt":"2023-04-04T10:09:30","slug":"ce-merkinta","status":"publish","type":"page","link":"https:\/\/www.lammi.fi\/piha\/ohjeet-ja-dokumentit\/tuoteselosteet\/ce-merkinta\/","title":{"rendered":"CE-merkint\u00e4"},"content":{"rendered":"<h1>CE-merkint\u00e4 Lammin Betonin tuotteissa<\/h1>\n<p>Uusi rakennustuoteasetus (EU N:o 305\/2011) astui kokonaisuudessaan voimaan 1.7.2013. Asetuksen my\u00f6t\u00e4 my\u00f6s CE-merkint\u00e4 tuli pakolliseksi kaikille niille rakennustuotteille, joilla on voimassa oleva harmonisoitu tuotestandardi (hEN).<\/p>\n<p>Kaikki valmistamamme tuotteet, jotka kuuluvat harmonisoitujen tuotestandardien (hEN) soveltamisalaan on CE-merkitty. T\u00e4m\u00e4 helpottaa tuotetietojen vertailua ja tuo entist\u00e4 selvemmin tuotteittemme ominaisuudet esille. J\u00e4lleenmyyjille ja loppuk\u00e4ytt\u00e4jille CE-merkityt tuotteemme ovat tae siit\u00e4, ett\u00e4 tuotteet on asianmukaisesti testattu ja merkitty ja ett\u00e4 ne t\u00e4ytt\u00e4v\u00e4t kaikki viranomaisten vaatimukset.<\/p>\n<h2>Suoritustasoilmoitus (DoP)<\/h2>\n<p>Suoritustasoilmoituksella otamme valmistajana vastuun siit\u00e4, ett\u00e4 kunkin valmistamamme tuotteen suoritustasot, eli ominaisuudet ovat ilmoitetun mukaisia. Se on siis er\u00e4\u00e4nlainen valmistajan vakuus niist\u00e4 ominaisuuksista, jotka tuote t\u00e4ytt\u00e4\u00e4.<\/p>\n<p><strong>HUOM!<\/strong><br \/>\nCE-merkint\u00e4 ja merkinn\u00e4n lis\u00e4tiedot on esitetty tuotepakkauksiemme etiketeiss\u00e4\/lavalapuissa. Osassa etiketeist\u00e4 CE-merkint\u00e4 puuttuu\u00a0merkint\u00e4tekniikasta johtuen. Toimitamme n\u00e4iden tuotelavojen mukana CE-merkinn\u00e4n toimitusasiakirjojen mukana.<\/p>\n<p>Suoritustasoilmoitukset avautuvat uuteen ikkunaan linkki\u00e4 klikkaamalla.<\/p>\n<h3>Muurikivet ja pilarit (EN 15435)<\/h3>\n<p><a href=\"https:\/\/www.lammi.fi\/piha\/wp-content\/uploads\/sites\/5\/2022\/10\/DoP-Muurikivet-1306.pdf\" target=\"_blank\" rel=\"noopener noreferrer\">LM-CPR1306<\/a><br \/>\n<a href=\"https:\/\/www.lammi.fi\/piha\/wp-content\/uploads\/sites\/5\/2022\/10\/DoP-Pilarit-1306.pdf\" target=\"_blank\" rel=\"noopener noreferrer\">PH-CPR1306<\/a><\/p>\n","protected":false},"excerpt":{"rendered":"<p>CE-merkint\u00e4 Lammin Betonin tuotteissa Uusi rakennustuoteasetus (EU N:o 305\/2011) astui kokonaisuudessaan voimaan 1.7.2013. Asetuksen my\u00f6t\u00e4 my\u00f6s CE-merkint\u00e4 tuli pakolliseksi kaikille niille rakennustuotteille, joilla on voimassa oleva harmonisoitu tuotestandardi (hEN). Kaikki valmistamamme tuotteet, jotka kuuluvat harmonisoitujen tuotestandardien (hEN) soveltamisalaan on CE-merkitty. T\u00e4m\u00e4 helpottaa tuotetietojen vertailua ja tuo entist\u00e4 selvemmin tuotteittemme ominaisuudet esille. J\u00e4lleenmyyjille ja loppuk\u00e4ytt\u00e4jille CE-merkityt &hellip; <a href=\"https:\/\/www.lammi.fi\/piha\/ohjeet-ja-dokumentit\/tuoteselosteet\/ce-merkinta\/\" class=\"more-link\">Lue lis\u00e4\u00e4<span class=\"screen-reader-text\"> &#8221;CE-merkint\u00e4&#8221;<\/span><\/a><\/p>\n","protected":false},"author":12,"featured_media":0,"parent":39,"menu_order":0,"comment_status":"closed","ping_status":"closed","template":"","meta":{"_acf_changed":false,"_improvement_type_select":"improve_an_existing","_thumb_yes_seoaic":false,"_frame_yes_seoaic":false,"seoaic_generate_description":"","seoaic_improve_instructions_prompt":"","seoaic_rollback_content_improvement":"","seoaic_idea_thumbnail_generator":"","thumbnail_generated":false,"thumbnail_generate_prompt":"","seoaic_article_description":"","footnotes":""},"class_list":["post-576","page","type-page","status-publish","hentry"],"acf":[],"yoast_head":"<!-- This site is optimized with the Yoast SEO plugin v27.1.1 - https:\/\/yoast.com\/product\/yoast-seo-wordpress\/ -->\n<title>Lammi - Piha - CE-merkint\u00e4<\/title>\n<meta name=\"description\" content=\"Kaikki valmistamamme tuotteet, jotka kuuluvat harmonisoitujen tuotestandardien (hEN) soveltamisalaan on CE-merkitty.\" \/>\n<link rel=\"canonical\" href=\"https:\/\/www.lammi.fi\/piha\/ohjeet-ja-dokumentit\/tuoteselosteet\/ce-merkinta\/\" \/>\n<meta property=\"og:locale\" content=\"fi_FI\" \/>\n<meta property=\"og:type\" content=\"article\" \/>\n<meta property=\"og:title\" content=\"Lammi - Piha - CE-merkint\u00e4\" \/>\n<meta property=\"og:description\" content=\"Kaikki valmistamamme tuotteet, jotka kuuluvat harmonisoitujen tuotestandardien (hEN) soveltamisalaan on CE-merkitty.\" \/>\n<meta property=\"og:url\" content=\"https:\/\/www.lammi.fi\/piha\/ohjeet-ja-dokumentit\/tuoteselosteet\/ce-merkinta\/\" \/>\n<meta property=\"og:site_name\" content=\"Lammi - Piha\" \/>\n<meta property=\"article:modified_time\" content=\"2023-04-04T10:09:30+00:00\" \/>\n<meta name=\"twitter:card\" content=\"summary_large_image\" \/>\n<meta name=\"twitter:label1\" content=\"Arvioitu lukuaika\" \/>\n\t<meta name=\"twitter:data1\" content=\"1 minuutti\" \/>\n<script type=\"application\/ld+json\" class=\"yoast-schema-graph\">{\"@context\":\"https:\/\/schema.org\",\"@graph\":[{\"@type\":\"WebPage\",\"@id\":\"https:\/\/www.lammi.fi\/piha\/ohjeet-ja-dokumentit\/tuoteselosteet\/ce-merkinta\/\",\"url\":\"https:\/\/www.lammi.fi\/piha\/ohjeet-ja-dokumentit\/tuoteselosteet\/ce-merkinta\/\",\"name\":\"Lammi - Piha - CE-merkint\u00e4\",\"isPartOf\":{\"@id\":\"https:\/\/www.lammi.fi\/piha\/#website\"},\"datePublished\":\"2020-06-03T10:53:39+00:00\",\"dateModified\":\"2023-04-04T10:09:30+00:00\",\"description\":\"Kaikki valmistamamme tuotteet, jotka kuuluvat harmonisoitujen tuotestandardien (hEN) soveltamisalaan on CE-merkitty.\",\"breadcrumb\":{\"@id\":\"https:\/\/www.lammi.fi\/piha\/ohjeet-ja-dokumentit\/tuoteselosteet\/ce-merkinta\/#breadcrumb\"},\"inLanguage\":\"fi\",\"potentialAction\":[{\"@type\":\"ReadAction\",\"target\":[\"https:\/\/www.lammi.fi\/piha\/ohjeet-ja-dokumentit\/tuoteselosteet\/ce-merkinta\/\"]}]},{\"@type\":\"BreadcrumbList\",\"@id\":\"https:\/\/www.lammi.fi\/piha\/ohjeet-ja-dokumentit\/tuoteselosteet\/ce-merkinta\/#breadcrumb\",\"itemListElement\":[{\"@type\":\"ListItem\",\"position\":1,\"name\":\"Lammi.fi\",\"item\":\"https:\/\/www.lammi.fi\"},{\"@type\":\"ListItem\",\"position\":2,\"name\":\"Piha\",\"item\":\"https:\/\/www.lammi.fi\/piha\/\"},{\"@type\":\"ListItem\",\"position\":3,\"name\":\"Ohjeet ja dokumentit\",\"item\":\"https:\/\/www.lammi.fi\/piha\/ohjeet-ja-dokumentit\/\"},{\"@type\":\"ListItem\",\"position\":4,\"name\":\"Tuoteselosteet\",\"item\":\"https:\/\/www.lammi.fi\/piha\/ohjeet-ja-dokumentit\/tuoteselosteet\/\"},{\"@type\":\"ListItem\",\"position\":5,\"name\":\"CE-merkint\u00e4\"}]},{\"@type\":\"WebSite\",\"@id\":\"https:\/\/www.lammi.fi\/piha\/#website\",\"url\":\"https:\/\/www.lammi.fi\/piha\/\",\"name\":\"Lammi - Piha\",\"description\":\"Piha\",\"potentialAction\":[{\"@type\":\"SearchAction\",\"target\":{\"@type\":\"EntryPoint\",\"urlTemplate\":\"https:\/\/www.lammi.fi\/piha\/?s={search_term_string}\"},\"query-input\":{\"@type\":\"PropertyValueSpecification\",\"valueRequired\":true,\"valueName\":\"search_term_string\"}}],\"inLanguage\":\"fi\"}]}<\/script>\n<!-- \/ Yoast SEO plugin. -->","yoast_head_json":{"title":"Lammi - Piha - CE-merkint\u00e4","description":"Kaikki valmistamamme tuotteet, jotka kuuluvat harmonisoitujen tuotestandardien (hEN) soveltamisalaan on CE-merkitty.","canonical":"https:\/\/www.lammi.fi\/piha\/ohjeet-ja-dokumentit\/tuoteselosteet\/ce-merkinta\/","og_locale":"fi_FI","og_type":"article","og_title":"Lammi - Piha - CE-merkint\u00e4","og_description":"Kaikki valmistamamme tuotteet, jotka kuuluvat harmonisoitujen tuotestandardien (hEN) soveltamisalaan on CE-merkitty.","og_url":"https:\/\/www.lammi.fi\/piha\/ohjeet-ja-dokumentit\/tuoteselosteet\/ce-merkinta\/","og_site_name":"Lammi - Piha","article_modified_time":"2023-04-04T10:09:30+00:00","twitter_card":"summary_large_image","twitter_misc":{"Arvioitu lukuaika":"1 minuutti"},"schema":{"@context":"https:\/\/schema.org","@graph":[{"@type":"WebPage","@id":"https:\/\/www.lammi.fi\/piha\/ohjeet-ja-dokumentit\/tuoteselosteet\/ce-merkinta\/","url":"https:\/\/www.lammi.fi\/piha\/ohjeet-ja-dokumentit\/tuoteselosteet\/ce-merkinta\/","name":"Lammi - Piha - CE-merkint\u00e4","isPartOf":{"@id":"https:\/\/www.lammi.fi\/piha\/#website"},"datePublished":"2020-06-03T10:53:39+00:00","dateModified":"2023-04-04T10:09:30+00:00","description":"Kaikki valmistamamme tuotteet, jotka kuuluvat harmonisoitujen tuotestandardien (hEN) soveltamisalaan on CE-merkitty.","breadcrumb":{"@id":"https:\/\/www.lammi.fi\/piha\/ohjeet-ja-dokumentit\/tuoteselosteet\/ce-merkinta\/#breadcrumb"},"inLanguage":"fi","potentialAction":[{"@type":"ReadAction","target":["https:\/\/www.lammi.fi\/piha\/ohjeet-ja-dokumentit\/tuoteselosteet\/ce-merkinta\/"]}]},{"@type":"BreadcrumbList","@id":"https:\/\/www.lammi.fi\/piha\/ohjeet-ja-dokumentit\/tuoteselosteet\/ce-merkinta\/#breadcrumb","itemListElement":[{"@type":"ListItem","position":1,"name":"Lammi.fi","item":"https:\/\/www.lammi.fi"},{"@type":"ListItem","position":2,"name":"Piha","item":"https:\/\/www.lammi.fi\/piha\/"},{"@type":"ListItem","position":3,"name":"Ohjeet ja dokumentit","item":"https:\/\/www.lammi.fi\/piha\/ohjeet-ja-dokumentit\/"},{"@type":"ListItem","position":4,"name":"Tuoteselosteet","item":"https:\/\/www.lammi.fi\/piha\/ohjeet-ja-dokumentit\/tuoteselosteet\/"},{"@type":"ListItem","position":5,"name":"CE-merkint\u00e4"}]},{"@type":"WebSite","@id":"https:\/\/www.lammi.fi\/piha\/#website","url":"https:\/\/www.lammi.fi\/piha\/","name":"Lammi - Piha","description":"Piha","potentialAction":[{"@type":"SearchAction","target":{"@type":"EntryPoint","urlTemplate":"https:\/\/www.lammi.fi\/piha\/?s={search_term_string}"},"query-input":{"@type":"PropertyValueSpecification","valueRequired":true,"valueName":"search_term_string"}}],"inLanguage":"fi"}]}},"_links":{"self":[{"href":"https:\/\/www.lammi.fi\/piha\/wp-json\/wp\/v2\/pages\/576","targetHints":{"allow":["GET"]}}],"collection":[{"href":"https:\/\/www.lammi.fi\/piha\/wp-json\/wp\/v2\/pages"}],"about":[{"href":"https:\/\/www.lammi.fi\/piha\/wp-json\/wp\/v2\/types\/page"}],"author":[{"embeddable":true,"href":"https:\/\/www.lammi.fi\/piha\/wp-json\/wp\/v2\/users\/12"}],"replies":[{"embeddable":true,"href":"https:\/\/www.lammi.fi\/piha\/wp-json\/wp\/v2\/comments?post=576"}],"version-history":[{"count":9,"href":"https:\/\/www.lammi.fi\/piha\/wp-json\/wp\/v2\/pages\/576\/revisions"}],"predecessor-version":[{"id":1217,"href":"https:\/\/www.lammi.fi\/piha\/wp-json\/wp\/v2\/pages\/576\/revisions\/1217"}],"up":[{"embeddable":true,"href":"https:\/\/www.lammi.fi\/piha\/wp-json\/wp\/v2\/pages\/39"}],"wp:attachment":[{"href":"https:\/\/www.lammi.fi\/piha\/wp-json\/wp\/v2\/media?parent=576"}],"curies":[{"name":"wp","href":"https:\/\/api.w.org\/{rel}","templated":true}]}}