{"id":37,"date":"2018-07-04T11:11:13","date_gmt":"2018-07-04T11:11:13","guid":{"rendered":"https:\/\/www.lammi.fi\/piha\/?page_id=37"},"modified":"2025-08-25T13:52:11","modified_gmt":"2025-08-25T10:52:11","slug":"tyoohjeet","status":"publish","type":"page","link":"https:\/\/www.lammi.fi\/piha\/ohjeet-ja-dokumentit\/tyoohjeet\/","title":{"rendered":"Ty\u00f6ohjeet"},"content":{"rendered":"<div id=\"column-4\" class=\"portlet-column paragraph\">\n<div id=\"layout-column_column-3\" class=\"portlet-dropzone portlet-column-content\">\n<div id=\"p_p_id_56_INSTANCE_wBb8xNRJjlmR_\" class=\"portlet-boundary portlet-boundary_56_ portlet-static portlet-static-end portlet-borderless portlet-journal-content \">\n<h1 class=\"journal-content-article\">Ty\u00f6ohjeilla varmistat onnistumisen<\/h1>\n<p><img decoding=\"async\" class=\"alignnone wp-image-692 size-large\" src=\"https:\/\/www.lammi.fi\/piha\/wp-content\/uploads\/sites\/5\/2020\/06\/Lammi_Piha_alasivun_p\u00e4\u00e4kuva_ty\u00f6ohjeet-1024x562.jpg\" alt=\"\" width=\"840\" height=\"461\" srcset=\"https:\/\/www.lammi.fi\/piha\/wp-content\/uploads\/sites\/5\/2020\/06\/Lammi_Piha_alasivun_p\u00e4\u00e4kuva_ty\u00f6ohjeet-1024x562.jpg 1024w, https:\/\/www.lammi.fi\/piha\/wp-content\/uploads\/sites\/5\/2020\/06\/Lammi_Piha_alasivun_p\u00e4\u00e4kuva_ty\u00f6ohjeet-300x165.jpg 300w, https:\/\/www.lammi.fi\/piha\/wp-content\/uploads\/sites\/5\/2020\/06\/Lammi_Piha_alasivun_p\u00e4\u00e4kuva_ty\u00f6ohjeet-768x421.jpg 768w, https:\/\/www.lammi.fi\/piha\/wp-content\/uploads\/sites\/5\/2020\/06\/Lammi_Piha_alasivun_p\u00e4\u00e4kuva_ty\u00f6ohjeet-1536x843.jpg 1536w, https:\/\/www.lammi.fi\/piha\/wp-content\/uploads\/sites\/5\/2020\/06\/Lammi_Piha_alasivun_p\u00e4\u00e4kuva_ty\u00f6ohjeet-1200x659.jpg 1200w, https:\/\/www.lammi.fi\/piha\/wp-content\/uploads\/sites\/5\/2020\/06\/Lammi_Piha_alasivun_p\u00e4\u00e4kuva_ty\u00f6ohjeet-260x143.jpg 260w, https:\/\/www.lammi.fi\/piha\/wp-content\/uploads\/sites\/5\/2020\/06\/Lammi_Piha_alasivun_p\u00e4\u00e4kuva_ty\u00f6ohjeet-1093x600.jpg 1093w, https:\/\/www.lammi.fi\/piha\/wp-content\/uploads\/sites\/5\/2020\/06\/Lammi_Piha_alasivun_p\u00e4\u00e4kuva_ty\u00f6ohjeet.jpg 1600w\" sizes=\"(max-width: 709px) 85vw, (max-width: 909px) 67vw, (max-width: 1362px) 62vw, 840px\" \/><\/p>\n<p>Parhaan lopputuloksen aikaansaamiseksi ovat oikeat ty\u00f6tavat v\u00e4hint\u00e4\u00e4n yht\u00e4 t\u00e4rkeit\u00e4 kuin ensiluokkaiset tuotteet. Valmistajan ty\u00f6ohjeilla varmistetaan oikean k\u00e4ytt\u00f6tavan lis\u00e4ksi my\u00f6s ty\u00f6n sujuvuus ja turvallisuus.<\/p>\n<p>Haluamme muistuttaa, ett\u00e4 tuotteiden k\u00e4yt\u00f6ss\u00e4 on aina noudatettava rakennesuunnittelijan laatimia suunnitelmia, laskelmia ja ohjeita.<\/p>\n<h2 class=\"tabs-info-1\">Ladattavat ty\u00f6ohjeet (pdf):<\/h2>\n<\/div>\n<h3>Tukimuurit<\/h3>\n<p><a href=\"https:\/\/www.lammi.fi\/piha\/wp-content\/uploads\/sites\/5\/2025\/03\/Lammi-Muurikivien-tyoohje-2025.pdf\">Muurikivien ty\u00f6ohjeet<\/a><\/p>\n<h2 class=\"tabs-info-1\">Ladattavat suunnitteluohjeet (pdf):<\/h2>\n<p><a href=\"https:\/\/www.lammi.fi\/piha\/wp-content\/uploads\/sites\/5\/2023\/03\/Lammi_Muurikivi_suunnitteluohje.pdf\" target=\"_blank\" rel=\"noopener\">Muurikiven suunnitteluohjeet<\/a><\/p>\n<h2 class=\"tabs-info-1\">Ladattavat asennusohjeet (pdf):<\/h2>\n<p><a href=\"https:\/\/www.lammi.fi\/piha\/wp-content\/uploads\/sites\/5\/2023\/03\/Lammi_Muurivalaisin_asennusohje.pdf\" target=\"_blank\" rel=\"noopener\">Muurivalaisimen asennusohje<\/a><\/p>\n<\/div>\n<\/div>\n","protected":false},"excerpt":{"rendered":"<p>Ty\u00f6ohjeilla varmistat onnistumisen Parhaan lopputuloksen aikaansaamiseksi ovat oikeat ty\u00f6tavat v\u00e4hint\u00e4\u00e4n yht\u00e4 t\u00e4rkeit\u00e4 kuin ensiluokkaiset tuotteet. Valmistajan ty\u00f6ohjeilla varmistetaan oikean k\u00e4ytt\u00f6tavan lis\u00e4ksi my\u00f6s ty\u00f6n sujuvuus ja turvallisuus. Haluamme muistuttaa, ett\u00e4 tuotteiden k\u00e4yt\u00f6ss\u00e4 on aina noudatettava rakennesuunnittelijan laatimia suunnitelmia, laskelmia ja ohjeita. Ladattavat ty\u00f6ohjeet (pdf): Tukimuurit Muurikivien ty\u00f6ohjeet Ladattavat suunnitteluohjeet (pdf): Muurikiven suunnitteluohjeet Ladattavat asennusohjeet (pdf): Muurivalaisimen &hellip; <a href=\"https:\/\/www.lammi.fi\/piha\/ohjeet-ja-dokumentit\/tyoohjeet\/\" class=\"more-link\">Lue lis\u00e4\u00e4<span class=\"screen-reader-text\"> &#8221;Ty\u00f6ohjeet&#8221;<\/span><\/a><\/p>\n","protected":false},"author":1,"featured_media":0,"parent":1653,"menu_order":0,"comment_status":"closed","ping_status":"closed","template":"","meta":{"_acf_changed":false,"_improvement_type_select":"improve_an_existing","_thumb_yes_seoaic":false,"_frame_yes_seoaic":false,"seoaic_generate_description":"","seoaic_improve_instructions_prompt":"","seoaic_rollback_content_improvement":"","seoaic_idea_thumbnail_generator":"","thumbnail_generated":false,"thumbnail_generate_prompt":"","seoaic_article_description":"","footnotes":""},"class_list":["post-37","page","type-page","status-publish","hentry"],"acf":[],"yoast_head":"<!-- This site is optimized with the Yoast SEO plugin v27.1.1 - https:\/\/yoast.com\/product\/yoast-seo-wordpress\/ -->\n<title>Lammi - Piha - Ty\u00f6ohjeet<\/title>\n<meta name=\"description\" content=\"Parhaan lopputuloksen aikaansaamiseksi ovat oikeat ty\u00f6tavat v\u00e4hint\u00e4\u00e4n yht\u00e4 t\u00e4rkeit\u00e4 kuin ensiluokkaiset tuotteet.\" \/>\n<link rel=\"canonical\" href=\"https:\/\/www.lammi.fi\/piha\/ohjeet-ja-dokumentit\/tyoohjeet\/\" \/>\n<meta property=\"og:locale\" content=\"fi_FI\" \/>\n<meta property=\"og:type\" content=\"article\" \/>\n<meta property=\"og:title\" content=\"Lammi - Piha - Ty\u00f6ohjeet\" \/>\n<meta property=\"og:description\" content=\"Parhaan lopputuloksen aikaansaamiseksi ovat oikeat ty\u00f6tavat v\u00e4hint\u00e4\u00e4n yht\u00e4 t\u00e4rkeit\u00e4 kuin ensiluokkaiset tuotteet.\" \/>\n<meta property=\"og:url\" content=\"https:\/\/www.lammi.fi\/piha\/ohjeet-ja-dokumentit\/tyoohjeet\/\" \/>\n<meta property=\"og:site_name\" content=\"Lammi - Piha\" \/>\n<meta property=\"article:modified_time\" content=\"2025-08-25T10:52:11+00:00\" \/>\n<meta name=\"twitter:card\" content=\"summary_large_image\" \/>\n<meta name=\"twitter:label1\" content=\"Arvioitu lukuaika\" \/>\n\t<meta name=\"twitter:data1\" content=\"1 minuutti\" \/>\n<script type=\"application\/ld+json\" class=\"yoast-schema-graph\">{\"@context\":\"https:\/\/schema.org\",\"@graph\":[{\"@type\":\"WebPage\",\"@id\":\"https:\/\/www.lammi.fi\/piha\/ohjeet-ja-dokumentit\/tyoohjeet\/\",\"url\":\"https:\/\/www.lammi.fi\/piha\/ohjeet-ja-dokumentit\/tyoohjeet\/\",\"name\":\"Lammi - Piha - Ty\u00f6ohjeet\",\"isPartOf\":{\"@id\":\"https:\/\/www.lammi.fi\/piha\/#website\"},\"datePublished\":\"2018-07-04T11:11:13+00:00\",\"dateModified\":\"2025-08-25T10:52:11+00:00\",\"description\":\"Parhaan lopputuloksen aikaansaamiseksi ovat oikeat ty\u00f6tavat v\u00e4hint\u00e4\u00e4n yht\u00e4 t\u00e4rkeit\u00e4 kuin ensiluokkaiset tuotteet.\",\"breadcrumb\":{\"@id\":\"https:\/\/www.lammi.fi\/piha\/ohjeet-ja-dokumentit\/tyoohjeet\/#breadcrumb\"},\"inLanguage\":\"fi\",\"potentialAction\":[{\"@type\":\"ReadAction\",\"target\":[\"https:\/\/www.lammi.fi\/piha\/ohjeet-ja-dokumentit\/tyoohjeet\/\"]}]},{\"@type\":\"BreadcrumbList\",\"@id\":\"https:\/\/www.lammi.fi\/piha\/ohjeet-ja-dokumentit\/tyoohjeet\/#breadcrumb\",\"itemListElement\":[{\"@type\":\"ListItem\",\"position\":1,\"name\":\"Lammi.fi\",\"item\":\"https:\/\/www.lammi.fi\"},{\"@type\":\"ListItem\",\"position\":2,\"name\":\"Piha\",\"item\":\"https:\/\/www.lammi.fi\/piha\/\"},{\"@type\":\"ListItem\",\"position\":3,\"name\":\"Ohjeet ja dokumentit\",\"item\":\"https:\/\/www.lammi.fi\/piha\/ohjeet-ja-dokumentit\/\"},{\"@type\":\"ListItem\",\"position\":4,\"name\":\"Ty\u00f6ohjeet\"}]},{\"@type\":\"WebSite\",\"@id\":\"https:\/\/www.lammi.fi\/piha\/#website\",\"url\":\"https:\/\/www.lammi.fi\/piha\/\",\"name\":\"Lammi - Piha\",\"description\":\"Piha\",\"potentialAction\":[{\"@type\":\"SearchAction\",\"target\":{\"@type\":\"EntryPoint\",\"urlTemplate\":\"https:\/\/www.lammi.fi\/piha\/?s={search_term_string}\"},\"query-input\":{\"@type\":\"PropertyValueSpecification\",\"valueRequired\":true,\"valueName\":\"search_term_string\"}}],\"inLanguage\":\"fi\"}]}<\/script>\n<!-- \/ Yoast SEO plugin. -->","yoast_head_json":{"title":"Lammi - Piha - Ty\u00f6ohjeet","description":"Parhaan lopputuloksen aikaansaamiseksi ovat oikeat ty\u00f6tavat v\u00e4hint\u00e4\u00e4n yht\u00e4 t\u00e4rkeit\u00e4 kuin ensiluokkaiset tuotteet.","canonical":"https:\/\/www.lammi.fi\/piha\/ohjeet-ja-dokumentit\/tyoohjeet\/","og_locale":"fi_FI","og_type":"article","og_title":"Lammi - Piha - Ty\u00f6ohjeet","og_description":"Parhaan lopputuloksen aikaansaamiseksi ovat oikeat ty\u00f6tavat v\u00e4hint\u00e4\u00e4n yht\u00e4 t\u00e4rkeit\u00e4 kuin ensiluokkaiset tuotteet.","og_url":"https:\/\/www.lammi.fi\/piha\/ohjeet-ja-dokumentit\/tyoohjeet\/","og_site_name":"Lammi - Piha","article_modified_time":"2025-08-25T10:52:11+00:00","twitter_card":"summary_large_image","twitter_misc":{"Arvioitu lukuaika":"1 minuutti"},"schema":{"@context":"https:\/\/schema.org","@graph":[{"@type":"WebPage","@id":"https:\/\/www.lammi.fi\/piha\/ohjeet-ja-dokumentit\/tyoohjeet\/","url":"https:\/\/www.lammi.fi\/piha\/ohjeet-ja-dokumentit\/tyoohjeet\/","name":"Lammi - Piha - Ty\u00f6ohjeet","isPartOf":{"@id":"https:\/\/www.lammi.fi\/piha\/#website"},"datePublished":"2018-07-04T11:11:13+00:00","dateModified":"2025-08-25T10:52:11+00:00","description":"Parhaan lopputuloksen aikaansaamiseksi ovat oikeat ty\u00f6tavat v\u00e4hint\u00e4\u00e4n yht\u00e4 t\u00e4rkeit\u00e4 kuin ensiluokkaiset tuotteet.","breadcrumb":{"@id":"https:\/\/www.lammi.fi\/piha\/ohjeet-ja-dokumentit\/tyoohjeet\/#breadcrumb"},"inLanguage":"fi","potentialAction":[{"@type":"ReadAction","target":["https:\/\/www.lammi.fi\/piha\/ohjeet-ja-dokumentit\/tyoohjeet\/"]}]},{"@type":"BreadcrumbList","@id":"https:\/\/www.lammi.fi\/piha\/ohjeet-ja-dokumentit\/tyoohjeet\/#breadcrumb","itemListElement":[{"@type":"ListItem","position":1,"name":"Lammi.fi","item":"https:\/\/www.lammi.fi"},{"@type":"ListItem","position":2,"name":"Piha","item":"https:\/\/www.lammi.fi\/piha\/"},{"@type":"ListItem","position":3,"name":"Ohjeet ja dokumentit","item":"https:\/\/www.lammi.fi\/piha\/ohjeet-ja-dokumentit\/"},{"@type":"ListItem","position":4,"name":"Ty\u00f6ohjeet"}]},{"@type":"WebSite","@id":"https:\/\/www.lammi.fi\/piha\/#website","url":"https:\/\/www.lammi.fi\/piha\/","name":"Lammi - Piha","description":"Piha","potentialAction":[{"@type":"SearchAction","target":{"@type":"EntryPoint","urlTemplate":"https:\/\/www.lammi.fi\/piha\/?s={search_term_string}"},"query-input":{"@type":"PropertyValueSpecification","valueRequired":true,"valueName":"search_term_string"}}],"inLanguage":"fi"}]}},"_links":{"self":[{"href":"https:\/\/www.lammi.fi\/piha\/wp-json\/wp\/v2\/pages\/37","targetHints":{"allow":["GET"]}}],"collection":[{"href":"https:\/\/www.lammi.fi\/piha\/wp-json\/wp\/v2\/pages"}],"about":[{"href":"https:\/\/www.lammi.fi\/piha\/wp-json\/wp\/v2\/types\/page"}],"author":[{"embeddable":true,"href":"https:\/\/www.lammi.fi\/piha\/wp-json\/wp\/v2\/users\/1"}],"replies":[{"embeddable":true,"href":"https:\/\/www.lammi.fi\/piha\/wp-json\/wp\/v2\/comments?post=37"}],"version-history":[{"count":15,"href":"https:\/\/www.lammi.fi\/piha\/wp-json\/wp\/v2\/pages\/37\/revisions"}],"predecessor-version":[{"id":1592,"href":"https:\/\/www.lammi.fi\/piha\/wp-json\/wp\/v2\/pages\/37\/revisions\/1592"}],"up":[{"embeddable":true,"href":"https:\/\/www.lammi.fi\/piha\/wp-json\/wp\/v2\/pages\/1653"}],"wp:attachment":[{"href":"https:\/\/www.lammi.fi\/piha\/wp-json\/wp\/v2\/media?parent=37"}],"curies":[{"name":"wp","href":"https:\/\/api.w.org\/{rel}","templated":true}]}}