{"id":31,"date":"2018-07-04T11:10:37","date_gmt":"2018-07-04T11:10:37","guid":{"rendered":"https:\/\/www.lammi.fi\/piha\/?page_id=31"},"modified":"2025-08-28T11:22:49","modified_gmt":"2025-08-28T08:22:49","slug":"miksi-lammi-piha","status":"publish","type":"page","link":"https:\/\/www.lammi.fi\/piha\/lammi-piha\/miksi-lammi-piha\/","title":{"rendered":"Miksi Lammi Piha?"},"content":{"rendered":"<h2><img decoding=\"async\" class=\"size-full wp-image-1670 aligncenter\" src=\"https:\/\/www.lammi.fi\/piha\/wp-content\/uploads\/sites\/5\/2025\/08\/lammirautiainen_-24-\u2013-kopio_harmaa-scaled.png\" alt=\"\" width=\"2560\" height=\"1733\" srcset=\"https:\/\/www.lammi.fi\/piha\/wp-content\/uploads\/sites\/5\/2025\/08\/lammirautiainen_-24-\u2013-kopio_harmaa-scaled.png 2560w, https:\/\/www.lammi.fi\/piha\/wp-content\/uploads\/sites\/5\/2025\/08\/lammirautiainen_-24-\u2013-kopio_harmaa-300x203.png 300w, https:\/\/www.lammi.fi\/piha\/wp-content\/uploads\/sites\/5\/2025\/08\/lammirautiainen_-24-\u2013-kopio_harmaa-1024x693.png 1024w, https:\/\/www.lammi.fi\/piha\/wp-content\/uploads\/sites\/5\/2025\/08\/lammirautiainen_-24-\u2013-kopio_harmaa-768x520.png 768w, https:\/\/www.lammi.fi\/piha\/wp-content\/uploads\/sites\/5\/2025\/08\/lammirautiainen_-24-\u2013-kopio_harmaa-1536x1040.png 1536w, https:\/\/www.lammi.fi\/piha\/wp-content\/uploads\/sites\/5\/2025\/08\/lammirautiainen_-24-\u2013-kopio_harmaa-2048x1386.png 2048w, https:\/\/www.lammi.fi\/piha\/wp-content\/uploads\/sites\/5\/2025\/08\/lammirautiainen_-24-\u2013-kopio_harmaa-1200x812.png 1200w, https:\/\/www.lammi.fi\/piha\/wp-content\/uploads\/sites\/5\/2025\/08\/lammirautiainen_-24-\u2013-kopio_harmaa-260x176.png 260w, https:\/\/www.lammi.fi\/piha\/wp-content\/uploads\/sites\/5\/2025\/08\/lammirautiainen_-24-\u2013-kopio_harmaa-886x600.png 886w\" sizes=\"(max-width: 2560px) 100vw, 2560px\" \/><\/h2>\n<h2>Miksi Lammi Piha?<\/h2>\n<p>Lammi Pihan muurikivet tekev\u00e4t piharakentamisesta helppoa, kest\u00e4v\u00e4\u00e4 ja n\u00e4ytt\u00e4v\u00e4\u00e4. Niiden avulla toteutat niin matalat pihamuurit kuin vaativatkin tukimuurirakenteet aina pitk\u00e4ik\u00e4isesti ja tyylikk\u00e4\u00e4sti.<\/p>\n<h2>Vahvuus ja kest\u00e4vyys<\/h2>\n<p>Lammin valettavat muurikivet on suunniteltu kest\u00e4m\u00e4\u00e4n. Rei\u00e4llinen rakenne mahdollistaa muurin vahvistamisen harjater\u00e4ksell\u00e4 ja betonivalulla, mik\u00e4 takaa rakenteen lujuuden ja turvallisuuden my\u00f6s raskaissa tukimuureissa.<\/p>\n<h2>Siisti ja viimeistelty lopputulos<\/h2>\n<p>Muurikivet ladotaan kivipari kerrallaan ja viimeistell\u00e4\u00e4n umpinaisilla kansikivill\u00e4. N\u00e4in syntyy tasalaatuinen sein\u00e4m\u00e4, jonka molemmat puolet ovat edustavia. Muurikivet sopivat siis yht\u00e4 hyvin my\u00f6s aidan rakentamiseen.<\/p>\n<h2>Ulkon\u00e4\u00f6n muunneltavuus<\/h2>\n<p>Lammin muurikiviss\u00e4 yhdistyv\u00e4t sile\u00e4t ja lohkopintaiset vaihtoehdot. Voit valita hillityn ja yhten\u00e4isen ilmeen tai luoda el\u00e4v\u00e4n pinnan yhdistelem\u00e4ll\u00e4 eri tekstuureja. N\u00e4in muuri sopeutuu t\u00e4ydellisesti pihan muihin materiaaleihin ja tyyliin.<\/p>\n<h2>Miksi Lammin muurikivet?<\/h2>\n<ul data-start=\"1129\" data-end=\"1476\">\n<li data-start=\"1129\" data-end=\"1213\">\n<p data-start=\"1131\" data-end=\"1213\">Laadukkaat ja kest\u00e4v\u00e4t tuotteet, turvallinen ratkaisu kaiken kokoisiin muureihin<\/p>\n<\/li>\n<li data-start=\"1214\" data-end=\"1285\">\n<p data-start=\"1216\" data-end=\"1285\">Helppo rakentaa, kiviparit ja kansikivet tekev\u00e4t ladonnasta selke\u00e4\u00e4<\/p>\n<\/li>\n<li data-start=\"1286\" data-end=\"1382\">\n<p data-start=\"1288\" data-end=\"1382\">Kaunis ulkon\u00e4k\u00f6, sile\u00e4n ja lohkopinnan yhdistelmill\u00e4 saat juuri omaan pihaasi sopivan ilmeen<\/p>\n<\/li>\n<li data-start=\"1383\" data-end=\"1476\">\n<p data-start=\"1385\" data-end=\"1476\">Monipuolinen k\u00e4ytt\u00f6, matalat rajaukset, n\u00e4ytt\u00e4v\u00e4t aitaratkaisut ja massiiviset tukimuurit<\/p>\n<\/li>\n<\/ul>\n<p data-start=\"1478\" data-end=\"1572\">Lammin muurikivill\u00e4 rakennat pihan, joka kest\u00e4\u00e4 aikaa ja miellytt\u00e4\u00e4 silm\u00e4\u00e4 vuodesta toiseen.<\/p>\n<p><a href=\"https:\/\/www.lammi.fi\/piha\/muurikivet\/muurikivipari\/\">Lue lis\u00e4\u00e4 muurituotteista\u00a0<\/a><a href=\"http:\/\/www.lamminbetoni.fi\/fi\/muurikivet\">\u00bb<\/a><\/p>\n","protected":false},"excerpt":{"rendered":"<p>Miksi Lammi Piha? Lammi Pihan muurikivet tekev\u00e4t piharakentamisesta helppoa, kest\u00e4v\u00e4\u00e4 ja n\u00e4ytt\u00e4v\u00e4\u00e4. Niiden avulla toteutat niin matalat pihamuurit kuin vaativatkin tukimuurirakenteet aina pitk\u00e4ik\u00e4isesti ja tyylikk\u00e4\u00e4sti. Vahvuus ja kest\u00e4vyys Lammin valettavat muurikivet on suunniteltu kest\u00e4m\u00e4\u00e4n. Rei\u00e4llinen rakenne mahdollistaa muurin vahvistamisen harjater\u00e4ksell\u00e4 ja betonivalulla, mik\u00e4 takaa rakenteen lujuuden ja turvallisuuden my\u00f6s raskaissa tukimuureissa. Siisti ja viimeistelty lopputulos &hellip; <a href=\"https:\/\/www.lammi.fi\/piha\/lammi-piha\/miksi-lammi-piha\/\" class=\"more-link\">Lue lis\u00e4\u00e4<span class=\"screen-reader-text\"> &#8221;Miksi Lammi Piha?&#8221;<\/span><\/a><\/p>\n","protected":false},"author":1,"featured_media":0,"parent":1625,"menu_order":0,"comment_status":"closed","ping_status":"closed","template":"","meta":{"_acf_changed":false,"_improvement_type_select":"improve_an_existing","_thumb_yes_seoaic":false,"_frame_yes_seoaic":false,"seoaic_generate_description":"","seoaic_improve_instructions_prompt":"","seoaic_rollback_content_improvement":"","seoaic_idea_thumbnail_generator":"","thumbnail_generated":false,"thumbnail_generate_prompt":"","seoaic_article_description":"","footnotes":""},"class_list":["post-31","page","type-page","status-publish","hentry"],"acf":[],"yoast_head":"<!-- This site is optimized with the Yoast SEO plugin v27.1.1 - https:\/\/yoast.com\/product\/yoast-seo-wordpress\/ -->\n<title>Lammi - Piha - Miksi Lammi Piha?<\/title>\n<meta name=\"description\" content=\"Miksi Lammi Piha? Lammi Pihan muurikivet tekev\u00e4t piharakentamisesta helppoa, kest\u00e4v\u00e4\u00e4 ja n\u00e4ytt\u00e4v\u00e4\u00e4. Lue lis\u00e4\u00e4.\" \/>\n<link rel=\"canonical\" href=\"https:\/\/www.lammi.fi\/piha\/lammi-piha\/miksi-lammi-piha\/\" \/>\n<meta property=\"og:locale\" content=\"fi_FI\" \/>\n<meta property=\"og:type\" content=\"article\" \/>\n<meta property=\"og:title\" content=\"Lammi - Piha - Miksi Lammi Piha?\" \/>\n<meta property=\"og:description\" content=\"Miksi Lammi Piha? Lammi Pihan muurikivet tekev\u00e4t piharakentamisesta helppoa, kest\u00e4v\u00e4\u00e4 ja n\u00e4ytt\u00e4v\u00e4\u00e4. Lue lis\u00e4\u00e4.\" \/>\n<meta property=\"og:url\" content=\"https:\/\/www.lammi.fi\/piha\/lammi-piha\/miksi-lammi-piha\/\" \/>\n<meta property=\"og:site_name\" content=\"Lammi - Piha\" \/>\n<meta property=\"article:modified_time\" content=\"2025-08-28T08:22:49+00:00\" \/>\n<meta name=\"twitter:card\" content=\"summary_large_image\" \/>\n<meta name=\"twitter:label1\" content=\"Arvioitu lukuaika\" \/>\n\t<meta name=\"twitter:data1\" content=\"2 minuuttia\" \/>\n<script type=\"application\/ld+json\" class=\"yoast-schema-graph\">{\"@context\":\"https:\/\/schema.org\",\"@graph\":[{\"@type\":\"WebPage\",\"@id\":\"https:\/\/www.lammi.fi\/piha\/lammi-piha\/miksi-lammi-piha\/\",\"url\":\"https:\/\/www.lammi.fi\/piha\/lammi-piha\/miksi-lammi-piha\/\",\"name\":\"Lammi - Piha - Miksi Lammi Piha?\",\"isPartOf\":{\"@id\":\"https:\/\/www.lammi.fi\/piha\/#website\"},\"datePublished\":\"2018-07-04T11:10:37+00:00\",\"dateModified\":\"2025-08-28T08:22:49+00:00\",\"description\":\"Miksi Lammi Piha? Lammi Pihan muurikivet tekev\u00e4t piharakentamisesta helppoa, kest\u00e4v\u00e4\u00e4 ja n\u00e4ytt\u00e4v\u00e4\u00e4. Lue lis\u00e4\u00e4.\",\"breadcrumb\":{\"@id\":\"https:\/\/www.lammi.fi\/piha\/lammi-piha\/miksi-lammi-piha\/#breadcrumb\"},\"inLanguage\":\"fi\",\"potentialAction\":[{\"@type\":\"ReadAction\",\"target\":[\"https:\/\/www.lammi.fi\/piha\/lammi-piha\/miksi-lammi-piha\/\"]}]},{\"@type\":\"BreadcrumbList\",\"@id\":\"https:\/\/www.lammi.fi\/piha\/lammi-piha\/miksi-lammi-piha\/#breadcrumb\",\"itemListElement\":[{\"@type\":\"ListItem\",\"position\":1,\"name\":\"Lammi.fi\",\"item\":\"https:\/\/www.lammi.fi\"},{\"@type\":\"ListItem\",\"position\":2,\"name\":\"Piha\",\"item\":\"https:\/\/www.lammi.fi\/piha\/\"},{\"@type\":\"ListItem\",\"position\":3,\"name\":\"Lammi Piha\",\"item\":\"https:\/\/www.lammi.fi\/piha\/lammi-piha\/\"},{\"@type\":\"ListItem\",\"position\":4,\"name\":\"Miksi Lammi Piha?\"}]},{\"@type\":\"WebSite\",\"@id\":\"https:\/\/www.lammi.fi\/piha\/#website\",\"url\":\"https:\/\/www.lammi.fi\/piha\/\",\"name\":\"Lammi - Piha\",\"description\":\"Piha\",\"potentialAction\":[{\"@type\":\"SearchAction\",\"target\":{\"@type\":\"EntryPoint\",\"urlTemplate\":\"https:\/\/www.lammi.fi\/piha\/?s={search_term_string}\"},\"query-input\":{\"@type\":\"PropertyValueSpecification\",\"valueRequired\":true,\"valueName\":\"search_term_string\"}}],\"inLanguage\":\"fi\"}]}<\/script>\n<!-- \/ Yoast SEO plugin. -->","yoast_head_json":{"title":"Lammi - Piha - Miksi Lammi Piha?","description":"Miksi Lammi Piha? Lammi Pihan muurikivet tekev\u00e4t piharakentamisesta helppoa, kest\u00e4v\u00e4\u00e4 ja n\u00e4ytt\u00e4v\u00e4\u00e4. Lue lis\u00e4\u00e4.","canonical":"https:\/\/www.lammi.fi\/piha\/lammi-piha\/miksi-lammi-piha\/","og_locale":"fi_FI","og_type":"article","og_title":"Lammi - Piha - Miksi Lammi Piha?","og_description":"Miksi Lammi Piha? Lammi Pihan muurikivet tekev\u00e4t piharakentamisesta helppoa, kest\u00e4v\u00e4\u00e4 ja n\u00e4ytt\u00e4v\u00e4\u00e4. Lue lis\u00e4\u00e4.","og_url":"https:\/\/www.lammi.fi\/piha\/lammi-piha\/miksi-lammi-piha\/","og_site_name":"Lammi - Piha","article_modified_time":"2025-08-28T08:22:49+00:00","twitter_card":"summary_large_image","twitter_misc":{"Arvioitu lukuaika":"2 minuuttia"},"schema":{"@context":"https:\/\/schema.org","@graph":[{"@type":"WebPage","@id":"https:\/\/www.lammi.fi\/piha\/lammi-piha\/miksi-lammi-piha\/","url":"https:\/\/www.lammi.fi\/piha\/lammi-piha\/miksi-lammi-piha\/","name":"Lammi - Piha - Miksi Lammi Piha?","isPartOf":{"@id":"https:\/\/www.lammi.fi\/piha\/#website"},"datePublished":"2018-07-04T11:10:37+00:00","dateModified":"2025-08-28T08:22:49+00:00","description":"Miksi Lammi Piha? Lammi Pihan muurikivet tekev\u00e4t piharakentamisesta helppoa, kest\u00e4v\u00e4\u00e4 ja n\u00e4ytt\u00e4v\u00e4\u00e4. Lue lis\u00e4\u00e4.","breadcrumb":{"@id":"https:\/\/www.lammi.fi\/piha\/lammi-piha\/miksi-lammi-piha\/#breadcrumb"},"inLanguage":"fi","potentialAction":[{"@type":"ReadAction","target":["https:\/\/www.lammi.fi\/piha\/lammi-piha\/miksi-lammi-piha\/"]}]},{"@type":"BreadcrumbList","@id":"https:\/\/www.lammi.fi\/piha\/lammi-piha\/miksi-lammi-piha\/#breadcrumb","itemListElement":[{"@type":"ListItem","position":1,"name":"Lammi.fi","item":"https:\/\/www.lammi.fi"},{"@type":"ListItem","position":2,"name":"Piha","item":"https:\/\/www.lammi.fi\/piha\/"},{"@type":"ListItem","position":3,"name":"Lammi Piha","item":"https:\/\/www.lammi.fi\/piha\/lammi-piha\/"},{"@type":"ListItem","position":4,"name":"Miksi Lammi Piha?"}]},{"@type":"WebSite","@id":"https:\/\/www.lammi.fi\/piha\/#website","url":"https:\/\/www.lammi.fi\/piha\/","name":"Lammi - Piha","description":"Piha","potentialAction":[{"@type":"SearchAction","target":{"@type":"EntryPoint","urlTemplate":"https:\/\/www.lammi.fi\/piha\/?s={search_term_string}"},"query-input":{"@type":"PropertyValueSpecification","valueRequired":true,"valueName":"search_term_string"}}],"inLanguage":"fi"}]}},"_links":{"self":[{"href":"https:\/\/www.lammi.fi\/piha\/wp-json\/wp\/v2\/pages\/31","targetHints":{"allow":["GET"]}}],"collection":[{"href":"https:\/\/www.lammi.fi\/piha\/wp-json\/wp\/v2\/pages"}],"about":[{"href":"https:\/\/www.lammi.fi\/piha\/wp-json\/wp\/v2\/types\/page"}],"author":[{"embeddable":true,"href":"https:\/\/www.lammi.fi\/piha\/wp-json\/wp\/v2\/users\/1"}],"replies":[{"embeddable":true,"href":"https:\/\/www.lammi.fi\/piha\/wp-json\/wp\/v2\/comments?post=31"}],"version-history":[{"count":11,"href":"https:\/\/www.lammi.fi\/piha\/wp-json\/wp\/v2\/pages\/31\/revisions"}],"predecessor-version":[{"id":1676,"href":"https:\/\/www.lammi.fi\/piha\/wp-json\/wp\/v2\/pages\/31\/revisions\/1676"}],"up":[{"embeddable":true,"href":"https:\/\/www.lammi.fi\/piha\/wp-json\/wp\/v2\/pages\/1625"}],"wp:attachment":[{"href":"https:\/\/www.lammi.fi\/piha\/wp-json\/wp\/v2\/media?parent=31"}],"curies":[{"name":"wp","href":"https:\/\/api.w.org\/{rel}","templated":true}]}}