{"id":10806,"date":"2024-01-15T11:25:17","date_gmt":"2024-01-15T08:25:17","guid":{"rendered":"https:\/\/www.lammi.fi\/kivitalo\/?page_id=10806"},"modified":"2025-09-24T15:15:17","modified_gmt":"2025-09-24T12:15:17","slug":"santaranta_vierastalo","status":"publish","type":"page","link":"https:\/\/www.lammi.fi\/kivitalo\/ideointi\/talotarinat\/santaranta_vierastalo\/","title":{"rendered":"Santaranta &#8211; vierastalo"},"content":{"rendered":"<h2>Santaranta &#8211; vierastalo luonnon ehdoilla<\/h2>\n<p><img decoding=\"async\" class=\"alignnone wp-image-2562 size-large\" src=\"https:\/\/www.lammi.fi\/kivitalo\/wp-content\/uploads\/sites\/2\/2018\/10\/Lammi_Santaranta_talotarinat-1-1024x512.jpg\" alt=\"Santaranta\" width=\"840\" height=\"420\" srcset=\"https:\/\/www.lammi.fi\/kivitalo\/wp-content\/uploads\/sites\/2\/2018\/10\/Lammi_Santaranta_talotarinat-1-1024x512.jpg 1024w, https:\/\/www.lammi.fi\/kivitalo\/wp-content\/uploads\/sites\/2\/2018\/10\/Lammi_Santaranta_talotarinat-1-300x150.jpg 300w, https:\/\/www.lammi.fi\/kivitalo\/wp-content\/uploads\/sites\/2\/2018\/10\/Lammi_Santaranta_talotarinat-1-768x384.jpg 768w, https:\/\/www.lammi.fi\/kivitalo\/wp-content\/uploads\/sites\/2\/2018\/10\/Lammi_Santaranta_talotarinat-1.jpg 1190w\" sizes=\"(max-width: 709px) 85vw, (max-width: 909px) 67vw, (max-width: 1362px) 62vw, 840px\" \/><\/p>\n<p>Simo \u201dSipe\u201d Santapukin kokemus Lammi-Kivitalojen toiminnasta on pelk\u00e4st\u00e4\u00e4n positiivista: palvelu toimi kaikilta osin odotusten mukaisesti tai ne ylitt\u00e4en &#8211; alkaen puhelimeen vastaamisesta! Sipen mukaan huomaa selv\u00e4sti, ett\u00e4 kyseess\u00e4 on pitk\u00e4n linjan ammattitaitoiset tekij\u00e4t.<\/p>\n<p>Santarannan on piirt\u00e4nyt Eric Lloyd Wright, jonka tavaramerkki on orgaaninen arkkitehtuuri. Talossa ei ole yht\u00e4\u00e4n 90\u00b0 kulmaa. Haasteena oli siis saada rakennusharkot leikattua vaadittuihin 30\u00b0 ja 60\u00b0 asteen kulmiin. Lammi-Kivitalot auttoi hankkimaan ratkaisuksi timanttisirkkelin, jolla ty\u00f6 nopeutui ainakin kuukaudella. Lammi-Kivitalot suositteli my\u00f6s kivitalorakentamisen osaavaa runkorakennusporukkaa, joka tekikin nopeaa, ammattitaitoista ty\u00f6t\u00e4.<\/p>\n<p>Sipe dokumentoi projektinsa vaiheet tuhansilla valokuvilla ja totesi Lammi-Kivitalojen talop\u00e4iv\u00e4kirjan loistoideaksi, jota itsekin olisi mielell\u00e4\u00e4n k\u00e4ytt\u00e4nyt. Siit\u00e4 on paitsi iloa muistojen muodossa, my\u00f6s hy\u00f6ty\u00e4 talon tulevaa huoltoa ja remontointia varten.<\/p>\n<p><strong>Sipen vinkkej\u00e4 rakentamisprojektiin<\/strong><\/p>\n<ul>\n<li>Hyv\u00e4 vastaava mestari on painonsa arvoinen kultaa. Varmista alkajaisiksi, ett\u00e4 saat projektiin kokeneen, luotettavan johtajan! S\u00e4\u00e4st\u00e4t aikaa ja hermojasi, kun voit luottavaisin mielin j\u00e4tt\u00e4\u00e4 projektin hyviin k\u00e4siin. Jos olet itse mukana tekem\u00e4ss\u00e4, tulee ennemmin tai my\u00f6hemmin vastaan tarve \u201dp\u00e4\u00e4st\u00e4 pois\u201d &#8211; hyv\u00e4n projektijohtajan l\u00e4sn\u00e4ollessa voit huoletta ottaa lomaa.<\/li>\n<li>Osta tontillesi ensi t\u00f6iksesi merikontti &#8211; se ei maksa kokonaisbudjetissasi paljoa (noin tuhat euroa). Saat sinne kaiken materiaalin s\u00e4\u00e4lt\u00e4 suojaan ja talosi valmistuttua voit myyd\u00e4 kontin pois.<\/li>\n<li>Tavaraa on yleens\u00e4 helppo saada; tekeminen vie aikaa. Oikeanlaisten tekij\u00f6iden l\u00f6yt\u00e4minen onkin oleellista. Ei kannata tuijottaa ty\u00f6miehen tuntipalkkavaatimuksia, sill\u00e4 kokenut tekij\u00e4 saa valmista aikaan nopeasti ja laadukkaasti ja tulee siksi lopulta edullisemmaksi. Pyyd\u00e4 ehdotuksia kokeneista, osaavista tekij\u00f6ist\u00e4 \u00e4l\u00e4k\u00e4 hyv\u00e4ksy huonoa ty\u00f6moraalia tai tekemist\u00e4.<\/li>\n<li>Muista ty\u00f6ergonomia! Jos olet itse mukana rakentamassa, voit joko rakentaa kehoasi tai kuluttaa sit\u00e4 raskaalla ruumiillisella ty\u00f6ll\u00e4. Jokainen rakennusharkko painaa noin 25 kg, joten kokonaisen talon rakentamiseen joudut nostelemaan kymmeni\u00e4 tonneja. Tee se oikealla tekniikalla, niin saat uuteen kotiisi kaupan p\u00e4\u00e4lle vahvemman, terveemm\u00e4n kehon.<\/li>\n<li>Hormin rakentamisessa on muistettava vesitiivist\u00e4minen. Harkoista rakennettu savupiippu on pinnoitettava tippapellin p\u00e4\u00e4lt\u00e4 niin, ettei vesi valu hormia pitkin sis\u00e4\u00e4n!<\/li>\n<\/ul>\n<p>Sipen viimeinen vinkki irtoaa hymysuin niille, jotka rakentavat veden \u00e4\u00e4relle: tee rantaasi laituri heti &#8211; lis\u00e4\u00e4t rakentamisnautintoasi!<\/p>\n<p><a class=\"button\" href=\"https:\/\/www.lammi.fi\/kivitalo\/ideointi\/talotarinat\/\"><span class=\"author\" data-authorid=\"PgeWrHAgwNQPN4BzN\">Palaa takaisin Talotarinoihin \u00bb<\/span><\/a><\/p>\n","protected":false},"excerpt":{"rendered":"<p>Santaranta &#8211; vierastalo luonnon ehdoilla Simo \u201dSipe\u201d Santapukin kokemus Lammi-Kivitalojen toiminnasta on pelk\u00e4st\u00e4\u00e4n positiivista: palvelu toimi kaikilta osin odotusten mukaisesti tai ne ylitt\u00e4en &#8211; alkaen puhelimeen vastaamisesta! Sipen mukaan huomaa selv\u00e4sti, ett\u00e4 kyseess\u00e4 on pitk\u00e4n linjan ammattitaitoiset tekij\u00e4t. Santarannan on piirt\u00e4nyt Eric Lloyd Wright, jonka tavaramerkki on orgaaninen arkkitehtuuri. Talossa ei ole yht\u00e4\u00e4n 90\u00b0 kulmaa. &hellip; <a href=\"https:\/\/www.lammi.fi\/kivitalo\/ideointi\/talotarinat\/santaranta_vierastalo\/\" class=\"more-link\">Lue lis\u00e4\u00e4<span class=\"screen-reader-text\"> &#8221;Santaranta &#8211; vierastalo&#8221;<\/span><\/a><\/p>\n","protected":false},"author":12,"featured_media":0,"parent":1802,"menu_order":0,"comment_status":"closed","ping_status":"closed","template":"","meta":{"_acf_changed":false,"_improvement_type_select":"improve_an_existing","_thumb_yes_seoaic":false,"_frame_yes_seoaic":false,"seoaic_generate_description":"","seoaic_improve_instructions_prompt":"","seoaic_rollback_content_improvement":"","seoaic_idea_thumbnail_generator":"","thumbnail_generated":false,"thumbnail_generate_prompt":"","seoaic_article_description":"","footnotes":""},"class_list":["post-10806","page","type-page","status-publish","hentry"],"acf":[],"yoast_head":"<!-- This site is optimized with the Yoast SEO plugin v27.1.1 - https:\/\/yoast.com\/product\/yoast-seo-wordpress\/ -->\n<title>Santaranta - vierastalo - Lammi Kivitalo<\/title>\n<meta name=\"description\" content=\"Santaranta - vierastalo rakennettiin luonnon ehdoilla arkkitehti Eric Lloyd WrightIn suunnitelmia kunnioittaen.\" \/>\n<link rel=\"canonical\" href=\"https:\/\/www.lammi.fi\/kivitalo\/ideointi\/talotarinat\/santaranta_vierastalo\/\" \/>\n<meta property=\"og:locale\" content=\"fi_FI\" \/>\n<meta property=\"og:type\" content=\"article\" \/>\n<meta property=\"og:title\" content=\"Santaranta - vierastalo - Lammi Kivitalo\" \/>\n<meta property=\"og:description\" content=\"Santaranta - vierastalo rakennettiin luonnon ehdoilla arkkitehti Eric Lloyd WrightIn suunnitelmia kunnioittaen.\" \/>\n<meta property=\"og:url\" content=\"https:\/\/www.lammi.fi\/kivitalo\/ideointi\/talotarinat\/santaranta_vierastalo\/\" \/>\n<meta property=\"og:site_name\" content=\"Lammi Kivitalo\" \/>\n<meta property=\"article:publisher\" content=\"https:\/\/www.facebook.com\/LammiKivitalot\" \/>\n<meta property=\"article:modified_time\" content=\"2025-09-24T12:15:17+00:00\" \/>\n<meta property=\"og:image\" content=\"https:\/\/www.lammi.fi\/kivitalo\/wp-content\/uploads\/sites\/2\/2018\/10\/Lammi_Santaranta_talotarinat-1.jpg\" \/>\n\t<meta property=\"og:image:width\" content=\"1190\" \/>\n\t<meta property=\"og:image:height\" content=\"595\" \/>\n\t<meta property=\"og:image:type\" content=\"image\/jpeg\" \/>\n<meta name=\"twitter:card\" content=\"summary_large_image\" \/>\n<meta name=\"twitter:label1\" content=\"Arvioitu lukuaika\" \/>\n\t<meta name=\"twitter:data1\" content=\"3 minuuttia\" \/>\n<script type=\"application\/ld+json\" class=\"yoast-schema-graph\">{\"@context\":\"https:\/\/schema.org\",\"@graph\":[{\"@type\":\"WebPage\",\"@id\":\"https:\/\/www.lammi.fi\/kivitalo\/ideointi\/talotarinat\/santaranta_vierastalo\/\",\"url\":\"https:\/\/www.lammi.fi\/kivitalo\/ideointi\/talotarinat\/santaranta_vierastalo\/\",\"name\":\"Santaranta - vierastalo - Lammi Kivitalo\",\"isPartOf\":{\"@id\":\"https:\/\/www.lammi.fi\/kivitalo\/#website\"},\"primaryImageOfPage\":{\"@id\":\"https:\/\/www.lammi.fi\/kivitalo\/ideointi\/talotarinat\/santaranta_vierastalo\/#primaryimage\"},\"image\":{\"@id\":\"https:\/\/www.lammi.fi\/kivitalo\/ideointi\/talotarinat\/santaranta_vierastalo\/#primaryimage\"},\"thumbnailUrl\":\"https:\/\/www.lammi.fi\/kivitalo\/wp-content\/uploads\/sites\/2\/2018\/10\/Lammi_Santaranta_talotarinat-1-1024x512.jpg\",\"datePublished\":\"2024-01-15T08:25:17+00:00\",\"dateModified\":\"2025-09-24T12:15:17+00:00\",\"description\":\"Santaranta - vierastalo rakennettiin luonnon ehdoilla arkkitehti Eric Lloyd WrightIn suunnitelmia kunnioittaen.\",\"breadcrumb\":{\"@id\":\"https:\/\/www.lammi.fi\/kivitalo\/ideointi\/talotarinat\/santaranta_vierastalo\/#breadcrumb\"},\"inLanguage\":\"fi\",\"potentialAction\":[{\"@type\":\"ReadAction\",\"target\":[\"https:\/\/www.lammi.fi\/kivitalo\/ideointi\/talotarinat\/santaranta_vierastalo\/\"]}]},{\"@type\":\"ImageObject\",\"inLanguage\":\"fi\",\"@id\":\"https:\/\/www.lammi.fi\/kivitalo\/ideointi\/talotarinat\/santaranta_vierastalo\/#primaryimage\",\"url\":\"https:\/\/www.lammi.fi\/kivitalo\/wp-content\/uploads\/sites\/2\/2018\/10\/Lammi_Santaranta_talotarinat-1.jpg\",\"contentUrl\":\"https:\/\/www.lammi.fi\/kivitalo\/wp-content\/uploads\/sites\/2\/2018\/10\/Lammi_Santaranta_talotarinat-1.jpg\",\"width\":1190,\"height\":595},{\"@type\":\"BreadcrumbList\",\"@id\":\"https:\/\/www.lammi.fi\/kivitalo\/ideointi\/talotarinat\/santaranta_vierastalo\/#breadcrumb\",\"itemListElement\":[{\"@type\":\"ListItem\",\"position\":1,\"name\":\"Lammi.fi\",\"item\":\"https:\/\/www.lammi.fi\"},{\"@type\":\"ListItem\",\"position\":2,\"name\":\"Lammi Kivitalo\",\"item\":\"https:\/\/www.lammi.fi\/kivitalo\/\"},{\"@type\":\"ListItem\",\"position\":3,\"name\":\"Ideointi\",\"item\":\"https:\/\/www.lammi.fi\/kivitalo\/ideointi\/\"},{\"@type\":\"ListItem\",\"position\":4,\"name\":\"Talotarinat\",\"item\":\"https:\/\/www.lammi.fi\/kivitalo\/ideointi\/talotarinat\/\"},{\"@type\":\"ListItem\",\"position\":5,\"name\":\"Santaranta &#8211; vierastalo\"}]},{\"@type\":\"WebSite\",\"@id\":\"https:\/\/www.lammi.fi\/kivitalo\/#website\",\"url\":\"https:\/\/www.lammi.fi\/kivitalo\/\",\"name\":\"Lammi Kivitalo\",\"description\":\"\",\"publisher\":{\"@id\":\"https:\/\/www.lammi.fi\/kivitalo\/#organization\"},\"potentialAction\":[{\"@type\":\"SearchAction\",\"target\":{\"@type\":\"EntryPoint\",\"urlTemplate\":\"https:\/\/www.lammi.fi\/kivitalo\/?s={search_term_string}\"},\"query-input\":{\"@type\":\"PropertyValueSpecification\",\"valueRequired\":true,\"valueName\":\"search_term_string\"}}],\"inLanguage\":\"fi\"},{\"@type\":\"Organization\",\"@id\":\"https:\/\/www.lammi.fi\/kivitalo\/#organization\",\"name\":\"Lammi Kivitalo\",\"url\":\"https:\/\/www.lammi.fi\/kivitalo\/\",\"logo\":{\"@type\":\"ImageObject\",\"inLanguage\":\"fi\",\"@id\":\"https:\/\/www.lammi.fi\/kivitalo\/#\/schema\/logo\/image\/\",\"url\":\"https:\/\/www.lammi.fi\/kivitalo\/wp-content\/uploads\/sites\/2\/2018\/05\/cropped-lammi_logo.png\",\"contentUrl\":\"https:\/\/www.lammi.fi\/kivitalo\/wp-content\/uploads\/sites\/2\/2018\/05\/cropped-lammi_logo.png\",\"width\":240,\"height\":122,\"caption\":\"Lammi Kivitalo\"},\"image\":{\"@id\":\"https:\/\/www.lammi.fi\/kivitalo\/#\/schema\/logo\/image\/\"},\"sameAs\":[\"https:\/\/www.facebook.com\/LammiKivitalot\",\"https:\/\/www.instagram.com\/lammikivitalot\/\",\"https:\/\/fi.pinterest.com\/lammikivitalot\/\"]}]}<\/script>\n<!-- \/ Yoast SEO plugin. -->","yoast_head_json":{"title":"Santaranta - vierastalo - Lammi Kivitalo","description":"Santaranta - vierastalo rakennettiin luonnon ehdoilla arkkitehti Eric Lloyd WrightIn suunnitelmia kunnioittaen.","canonical":"https:\/\/www.lammi.fi\/kivitalo\/ideointi\/talotarinat\/santaranta_vierastalo\/","og_locale":"fi_FI","og_type":"article","og_title":"Santaranta - vierastalo - Lammi Kivitalo","og_description":"Santaranta - vierastalo rakennettiin luonnon ehdoilla arkkitehti Eric Lloyd WrightIn suunnitelmia kunnioittaen.","og_url":"https:\/\/www.lammi.fi\/kivitalo\/ideointi\/talotarinat\/santaranta_vierastalo\/","og_site_name":"Lammi Kivitalo","article_publisher":"https:\/\/www.facebook.com\/LammiKivitalot","article_modified_time":"2025-09-24T12:15:17+00:00","og_image":[{"width":1190,"height":595,"url":"https:\/\/www.lammi.fi\/kivitalo\/wp-content\/uploads\/sites\/2\/2018\/10\/Lammi_Santaranta_talotarinat-1.jpg","type":"image\/jpeg"}],"twitter_card":"summary_large_image","twitter_misc":{"Arvioitu lukuaika":"3 minuuttia"},"schema":{"@context":"https:\/\/schema.org","@graph":[{"@type":"WebPage","@id":"https:\/\/www.lammi.fi\/kivitalo\/ideointi\/talotarinat\/santaranta_vierastalo\/","url":"https:\/\/www.lammi.fi\/kivitalo\/ideointi\/talotarinat\/santaranta_vierastalo\/","name":"Santaranta - vierastalo - Lammi Kivitalo","isPartOf":{"@id":"https:\/\/www.lammi.fi\/kivitalo\/#website"},"primaryImageOfPage":{"@id":"https:\/\/www.lammi.fi\/kivitalo\/ideointi\/talotarinat\/santaranta_vierastalo\/#primaryimage"},"image":{"@id":"https:\/\/www.lammi.fi\/kivitalo\/ideointi\/talotarinat\/santaranta_vierastalo\/#primaryimage"},"thumbnailUrl":"https:\/\/www.lammi.fi\/kivitalo\/wp-content\/uploads\/sites\/2\/2018\/10\/Lammi_Santaranta_talotarinat-1-1024x512.jpg","datePublished":"2024-01-15T08:25:17+00:00","dateModified":"2025-09-24T12:15:17+00:00","description":"Santaranta - vierastalo rakennettiin luonnon ehdoilla arkkitehti Eric Lloyd WrightIn suunnitelmia kunnioittaen.","breadcrumb":{"@id":"https:\/\/www.lammi.fi\/kivitalo\/ideointi\/talotarinat\/santaranta_vierastalo\/#breadcrumb"},"inLanguage":"fi","potentialAction":[{"@type":"ReadAction","target":["https:\/\/www.lammi.fi\/kivitalo\/ideointi\/talotarinat\/santaranta_vierastalo\/"]}]},{"@type":"ImageObject","inLanguage":"fi","@id":"https:\/\/www.lammi.fi\/kivitalo\/ideointi\/talotarinat\/santaranta_vierastalo\/#primaryimage","url":"https:\/\/www.lammi.fi\/kivitalo\/wp-content\/uploads\/sites\/2\/2018\/10\/Lammi_Santaranta_talotarinat-1.jpg","contentUrl":"https:\/\/www.lammi.fi\/kivitalo\/wp-content\/uploads\/sites\/2\/2018\/10\/Lammi_Santaranta_talotarinat-1.jpg","width":1190,"height":595},{"@type":"BreadcrumbList","@id":"https:\/\/www.lammi.fi\/kivitalo\/ideointi\/talotarinat\/santaranta_vierastalo\/#breadcrumb","itemListElement":[{"@type":"ListItem","position":1,"name":"Lammi.fi","item":"https:\/\/www.lammi.fi"},{"@type":"ListItem","position":2,"name":"Lammi Kivitalo","item":"https:\/\/www.lammi.fi\/kivitalo\/"},{"@type":"ListItem","position":3,"name":"Ideointi","item":"https:\/\/www.lammi.fi\/kivitalo\/ideointi\/"},{"@type":"ListItem","position":4,"name":"Talotarinat","item":"https:\/\/www.lammi.fi\/kivitalo\/ideointi\/talotarinat\/"},{"@type":"ListItem","position":5,"name":"Santaranta &#8211; vierastalo"}]},{"@type":"WebSite","@id":"https:\/\/www.lammi.fi\/kivitalo\/#website","url":"https:\/\/www.lammi.fi\/kivitalo\/","name":"Lammi Kivitalo","description":"","publisher":{"@id":"https:\/\/www.lammi.fi\/kivitalo\/#organization"},"potentialAction":[{"@type":"SearchAction","target":{"@type":"EntryPoint","urlTemplate":"https:\/\/www.lammi.fi\/kivitalo\/?s={search_term_string}"},"query-input":{"@type":"PropertyValueSpecification","valueRequired":true,"valueName":"search_term_string"}}],"inLanguage":"fi"},{"@type":"Organization","@id":"https:\/\/www.lammi.fi\/kivitalo\/#organization","name":"Lammi Kivitalo","url":"https:\/\/www.lammi.fi\/kivitalo\/","logo":{"@type":"ImageObject","inLanguage":"fi","@id":"https:\/\/www.lammi.fi\/kivitalo\/#\/schema\/logo\/image\/","url":"https:\/\/www.lammi.fi\/kivitalo\/wp-content\/uploads\/sites\/2\/2018\/05\/cropped-lammi_logo.png","contentUrl":"https:\/\/www.lammi.fi\/kivitalo\/wp-content\/uploads\/sites\/2\/2018\/05\/cropped-lammi_logo.png","width":240,"height":122,"caption":"Lammi Kivitalo"},"image":{"@id":"https:\/\/www.lammi.fi\/kivitalo\/#\/schema\/logo\/image\/"},"sameAs":["https:\/\/www.facebook.com\/LammiKivitalot","https:\/\/www.instagram.com\/lammikivitalot\/","https:\/\/fi.pinterest.com\/lammikivitalot\/"]}]}},"_links":{"self":[{"href":"https:\/\/www.lammi.fi\/kivitalo\/wp-json\/wp\/v2\/pages\/10806","targetHints":{"allow":["GET"]}}],"collection":[{"href":"https:\/\/www.lammi.fi\/kivitalo\/wp-json\/wp\/v2\/pages"}],"about":[{"href":"https:\/\/www.lammi.fi\/kivitalo\/wp-json\/wp\/v2\/types\/page"}],"author":[{"embeddable":true,"href":"https:\/\/www.lammi.fi\/kivitalo\/wp-json\/wp\/v2\/users\/12"}],"replies":[{"embeddable":true,"href":"https:\/\/www.lammi.fi\/kivitalo\/wp-json\/wp\/v2\/comments?post=10806"}],"version-history":[{"count":10,"href":"https:\/\/www.lammi.fi\/kivitalo\/wp-json\/wp\/v2\/pages\/10806\/revisions"}],"predecessor-version":[{"id":15085,"href":"https:\/\/www.lammi.fi\/kivitalo\/wp-json\/wp\/v2\/pages\/10806\/revisions\/15085"}],"up":[{"embeddable":true,"href":"https:\/\/www.lammi.fi\/kivitalo\/wp-json\/wp\/v2\/pages\/1802"}],"wp:attachment":[{"href":"https:\/\/www.lammi.fi\/kivitalo\/wp-json\/wp\/v2\/media?parent=10806"}],"curies":[{"name":"wp","href":"https:\/\/api.w.org\/{rel}","templated":true}]}}