{"id":830,"date":"2024-12-15T15:50:01","date_gmt":"2024-12-15T13:50:01","guid":{"rendered":"https:\/\/www.lammi.fi\/kellari\/?page_id=830"},"modified":"2025-08-28T09:37:50","modified_gmt":"2025-08-28T06:37:50","slug":"lataa-kellariesite","status":"publish","type":"page","link":"https:\/\/www.lammi.fi\/kellari\/lammi-kellari\/lataa-kellariesite\/","title":{"rendered":"Lataa kellariesite"},"content":{"rendered":"<h1><span class=\"TextRun SCXW204904951 BCX8\" lang=\"FI-FI\" xml:lang=\"FI-FI\" data-contrast=\"none\"><span class=\"NormalTextRun SCXW204904951 BCX8\"><span style=\"font-size: 36px\">Lataa kellariesite<\/span><\/span><\/span><\/h1>\n<p><a href=\"https:\/\/www.lammi.fi\/kellari\/wp-content\/uploads\/sites\/6\/2025\/03\/Lammi_Kellari-esite_2025.pdf\" target=\"_blank\" rel=\"noopener\"><span class=\"TextRun SCXW204904951 BCX8\" lang=\"FI-FI\" xml:lang=\"FI-FI\" data-contrast=\"none\"><span class=\"NormalTextRun SCXW204904951 BCX8\"><span style=\"font-size: 36px\"><img decoding=\"async\" class=\"alignnone wp-image-1443 size-medium\" src=\"https:\/\/www.lammi.fi\/kellari\/wp-content\/uploads\/sites\/6\/2025\/03\/Lammi_Kellari-esite_2025-300x151.png\" alt=\"\" width=\"300\" height=\"151\" srcset=\"https:\/\/www.lammi.fi\/kellari\/wp-content\/uploads\/sites\/6\/2025\/03\/Lammi_Kellari-esite_2025-300x151.png 300w, https:\/\/www.lammi.fi\/kellari\/wp-content\/uploads\/sites\/6\/2025\/03\/Lammi_Kellari-esite_2025-1024x516.png 1024w, https:\/\/www.lammi.fi\/kellari\/wp-content\/uploads\/sites\/6\/2025\/03\/Lammi_Kellari-esite_2025-768x387.png 768w, https:\/\/www.lammi.fi\/kellari\/wp-content\/uploads\/sites\/6\/2025\/03\/Lammi_Kellari-esite_2025-260x131.png 260w, https:\/\/www.lammi.fi\/kellari\/wp-content\/uploads\/sites\/6\/2025\/03\/Lammi_Kellari-esite_2025-1190x600.png 1190w, https:\/\/www.lammi.fi\/kellari\/wp-content\/uploads\/sites\/6\/2025\/03\/Lammi_Kellari-esite_2025.png 1200w\" sizes=\"(max-width: 300px) 85vw, 300px\" \/><\/span><\/span><\/span><\/a><\/p>\n<p><span class=\"TextRun SCXW204904951 BCX8\" lang=\"FI-FI\" xml:lang=\"FI-FI\" data-contrast=\"none\"><span class=\"NormalTextRun SCXW204904951 BCX8\">Esitemateriaalimme viev\u00e4t aina askeleen l\u00e4hemm\u00e4s omien kellarisuunnitelmien aloittamista ja konkreettista edist\u00e4mist\u00e4.\u00a0<\/span><\/span><\/p>\n<p>Tutustu Lammi Kellariin ja lataa esite digitaalisena <a href=\"https:\/\/www.lammi.fi\/kellari\/wp-content\/uploads\/sites\/6\/2025\/03\/Lammi_Kellari-esite_2025.pdf\" target=\"_blank\" rel=\"noopener\">t\u00e4st\u00e4<\/a>.<\/p>\n","protected":false},"excerpt":{"rendered":"<p>Lataa kellariesite Esitemateriaalimme viev\u00e4t aina askeleen l\u00e4hemm\u00e4s omien kellarisuunnitelmien aloittamista ja konkreettista edist\u00e4mist\u00e4.\u00a0 Tutustu Lammi Kellariin ja lataa esite digitaalisena t\u00e4st\u00e4.<\/p>\n","protected":false},"author":20,"featured_media":0,"parent":822,"menu_order":0,"comment_status":"closed","ping_status":"closed","template":"","meta":{"_acf_changed":false,"_improvement_type_select":"improve_an_existing","_thumb_yes_seoaic":false,"_frame_yes_seoaic":false,"seoaic_generate_description":"","seoaic_improve_instructions_prompt":"","seoaic_rollback_content_improvement":"","seoaic_idea_thumbnail_generator":"","thumbnail_generated":false,"thumbnail_generate_prompt":"","seoaic_article_description":"","footnotes":""},"class_list":["post-830","page","type-page","status-publish","hentry"],"acf":[],"yoast_head":"<!-- This site is optimized with the Yoast SEO plugin v27.4 - https:\/\/yoast.com\/product\/yoast-seo-wordpress\/ -->\n<title>Lataa kellariesite - Lammi - Kellari<\/title>\n<meta name=\"description\" content=\"Esitemateriaalimme viev\u00e4t aina askeleen l\u00e4hemm\u00e4s omien kellarisuunnitelmien aloittamista.\u00a0Tutustu Lammi Kellariin ja lataa esite.\" \/>\n<link rel=\"canonical\" href=\"https:\/\/www.lammi.fi\/kellari\/lammi-kellari\/lataa-kellariesite\/\" \/>\n<meta property=\"og:locale\" content=\"fi_FI\" \/>\n<meta property=\"og:type\" content=\"article\" \/>\n<meta property=\"og:title\" content=\"Lataa kellariesite - Lammi - Kellari\" \/>\n<meta property=\"og:description\" content=\"Esitemateriaalimme viev\u00e4t aina askeleen l\u00e4hemm\u00e4s omien kellarisuunnitelmien aloittamista.\u00a0Tutustu Lammi Kellariin ja lataa esite.\" \/>\n<meta property=\"og:url\" content=\"https:\/\/www.lammi.fi\/kellari\/lammi-kellari\/lataa-kellariesite\/\" \/>\n<meta property=\"og:site_name\" content=\"Lammi - Kellari\" \/>\n<meta property=\"article:modified_time\" content=\"2025-08-28T06:37:50+00:00\" \/>\n<meta property=\"og:image\" content=\"https:\/\/www.lammi.fi\/kellari\/wp-content\/uploads\/sites\/6\/2025\/03\/Lammi_Kellari-esite_2025.png\" \/>\n\t<meta property=\"og:image:width\" content=\"1200\" \/>\n\t<meta property=\"og:image:height\" content=\"605\" \/>\n\t<meta property=\"og:image:type\" content=\"image\/png\" \/>\n<meta name=\"twitter:card\" content=\"summary_large_image\" \/>\n<meta name=\"twitter:label1\" content=\"Arvioitu lukuaika\" \/>\n\t<meta name=\"twitter:data1\" content=\"1 minuutti\" \/>\n<script type=\"application\/ld+json\" class=\"yoast-schema-graph\">{\"@context\":\"https:\\\/\\\/schema.org\",\"@graph\":[{\"@type\":\"WebPage\",\"@id\":\"https:\\\/\\\/www.lammi.fi\\\/kellari\\\/lammi-kellari\\\/lataa-kellariesite\\\/\",\"url\":\"https:\\\/\\\/www.lammi.fi\\\/kellari\\\/lammi-kellari\\\/lataa-kellariesite\\\/\",\"name\":\"Lataa kellariesite - Lammi - Kellari\",\"isPartOf\":{\"@id\":\"https:\\\/\\\/www.lammi.fi\\\/kellari\\\/#website\"},\"primaryImageOfPage\":{\"@id\":\"https:\\\/\\\/www.lammi.fi\\\/kellari\\\/lammi-kellari\\\/lataa-kellariesite\\\/#primaryimage\"},\"image\":{\"@id\":\"https:\\\/\\\/www.lammi.fi\\\/kellari\\\/lammi-kellari\\\/lataa-kellariesite\\\/#primaryimage\"},\"thumbnailUrl\":\"https:\\\/\\\/www.lammi.fi\\\/kellari\\\/wp-content\\\/uploads\\\/sites\\\/6\\\/2025\\\/03\\\/Lammi_Kellari-esite_2025-300x151.png\",\"datePublished\":\"2024-12-15T13:50:01+00:00\",\"dateModified\":\"2025-08-28T06:37:50+00:00\",\"description\":\"Esitemateriaalimme viev\u00e4t aina askeleen l\u00e4hemm\u00e4s omien kellarisuunnitelmien aloittamista.\u00a0Tutustu Lammi Kellariin ja lataa esite.\",\"breadcrumb\":{\"@id\":\"https:\\\/\\\/www.lammi.fi\\\/kellari\\\/lammi-kellari\\\/lataa-kellariesite\\\/#breadcrumb\"},\"inLanguage\":\"fi\",\"potentialAction\":[{\"@type\":\"ReadAction\",\"target\":[\"https:\\\/\\\/www.lammi.fi\\\/kellari\\\/lammi-kellari\\\/lataa-kellariesite\\\/\"]}]},{\"@type\":\"ImageObject\",\"inLanguage\":\"fi\",\"@id\":\"https:\\\/\\\/www.lammi.fi\\\/kellari\\\/lammi-kellari\\\/lataa-kellariesite\\\/#primaryimage\",\"url\":\"https:\\\/\\\/www.lammi.fi\\\/kellari\\\/wp-content\\\/uploads\\\/sites\\\/6\\\/2025\\\/03\\\/Lammi_Kellari-esite_2025.png\",\"contentUrl\":\"https:\\\/\\\/www.lammi.fi\\\/kellari\\\/wp-content\\\/uploads\\\/sites\\\/6\\\/2025\\\/03\\\/Lammi_Kellari-esite_2025.png\",\"width\":1200,\"height\":605},{\"@type\":\"BreadcrumbList\",\"@id\":\"https:\\\/\\\/www.lammi.fi\\\/kellari\\\/lammi-kellari\\\/lataa-kellariesite\\\/#breadcrumb\",\"itemListElement\":[{\"@type\":\"ListItem\",\"position\":1,\"name\":\"Lammi.fi\",\"item\":\"https:\\\/\\\/www.lammi.fi\"},{\"@type\":\"ListItem\",\"position\":2,\"name\":\"Kellari\",\"item\":\"https:\\\/\\\/www.lammi.fi\\\/kellari\\\/\"},{\"@type\":\"ListItem\",\"position\":3,\"name\":\"Lammi Kellari\",\"item\":\"https:\\\/\\\/www.lammi.fi\\\/kellari\\\/lammi-kellari\\\/\"},{\"@type\":\"ListItem\",\"position\":4,\"name\":\"Lataa kellariesite\"}]},{\"@type\":\"WebSite\",\"@id\":\"https:\\\/\\\/www.lammi.fi\\\/kellari\\\/#website\",\"url\":\"https:\\\/\\\/www.lammi.fi\\\/kellari\\\/\",\"name\":\"Lammi - Kellari\",\"description\":\"\",\"potentialAction\":[{\"@type\":\"SearchAction\",\"target\":{\"@type\":\"EntryPoint\",\"urlTemplate\":\"https:\\\/\\\/www.lammi.fi\\\/kellari\\\/?s={search_term_string}\"},\"query-input\":{\"@type\":\"PropertyValueSpecification\",\"valueRequired\":true,\"valueName\":\"search_term_string\"}}],\"inLanguage\":\"fi\"}]}<\/script>\n<!-- \/ Yoast SEO plugin. -->","yoast_head_json":{"title":"Lataa kellariesite - Lammi - Kellari","description":"Esitemateriaalimme viev\u00e4t aina askeleen l\u00e4hemm\u00e4s omien kellarisuunnitelmien aloittamista.\u00a0Tutustu Lammi Kellariin ja lataa esite.","canonical":"https:\/\/www.lammi.fi\/kellari\/lammi-kellari\/lataa-kellariesite\/","og_locale":"fi_FI","og_type":"article","og_title":"Lataa kellariesite - Lammi - Kellari","og_description":"Esitemateriaalimme viev\u00e4t aina askeleen l\u00e4hemm\u00e4s omien kellarisuunnitelmien aloittamista.\u00a0Tutustu Lammi Kellariin ja lataa esite.","og_url":"https:\/\/www.lammi.fi\/kellari\/lammi-kellari\/lataa-kellariesite\/","og_site_name":"Lammi - Kellari","article_modified_time":"2025-08-28T06:37:50+00:00","og_image":[{"width":1200,"height":605,"url":"https:\/\/www.lammi.fi\/kellari\/wp-content\/uploads\/sites\/6\/2025\/03\/Lammi_Kellari-esite_2025.png","type":"image\/png"}],"twitter_card":"summary_large_image","twitter_misc":{"Arvioitu lukuaika":"1 minuutti"},"schema":{"@context":"https:\/\/schema.org","@graph":[{"@type":"WebPage","@id":"https:\/\/www.lammi.fi\/kellari\/lammi-kellari\/lataa-kellariesite\/","url":"https:\/\/www.lammi.fi\/kellari\/lammi-kellari\/lataa-kellariesite\/","name":"Lataa kellariesite - Lammi - Kellari","isPartOf":{"@id":"https:\/\/www.lammi.fi\/kellari\/#website"},"primaryImageOfPage":{"@id":"https:\/\/www.lammi.fi\/kellari\/lammi-kellari\/lataa-kellariesite\/#primaryimage"},"image":{"@id":"https:\/\/www.lammi.fi\/kellari\/lammi-kellari\/lataa-kellariesite\/#primaryimage"},"thumbnailUrl":"https:\/\/www.lammi.fi\/kellari\/wp-content\/uploads\/sites\/6\/2025\/03\/Lammi_Kellari-esite_2025-300x151.png","datePublished":"2024-12-15T13:50:01+00:00","dateModified":"2025-08-28T06:37:50+00:00","description":"Esitemateriaalimme viev\u00e4t aina askeleen l\u00e4hemm\u00e4s omien kellarisuunnitelmien aloittamista.\u00a0Tutustu Lammi Kellariin ja lataa esite.","breadcrumb":{"@id":"https:\/\/www.lammi.fi\/kellari\/lammi-kellari\/lataa-kellariesite\/#breadcrumb"},"inLanguage":"fi","potentialAction":[{"@type":"ReadAction","target":["https:\/\/www.lammi.fi\/kellari\/lammi-kellari\/lataa-kellariesite\/"]}]},{"@type":"ImageObject","inLanguage":"fi","@id":"https:\/\/www.lammi.fi\/kellari\/lammi-kellari\/lataa-kellariesite\/#primaryimage","url":"https:\/\/www.lammi.fi\/kellari\/wp-content\/uploads\/sites\/6\/2025\/03\/Lammi_Kellari-esite_2025.png","contentUrl":"https:\/\/www.lammi.fi\/kellari\/wp-content\/uploads\/sites\/6\/2025\/03\/Lammi_Kellari-esite_2025.png","width":1200,"height":605},{"@type":"BreadcrumbList","@id":"https:\/\/www.lammi.fi\/kellari\/lammi-kellari\/lataa-kellariesite\/#breadcrumb","itemListElement":[{"@type":"ListItem","position":1,"name":"Lammi.fi","item":"https:\/\/www.lammi.fi"},{"@type":"ListItem","position":2,"name":"Kellari","item":"https:\/\/www.lammi.fi\/kellari\/"},{"@type":"ListItem","position":3,"name":"Lammi Kellari","item":"https:\/\/www.lammi.fi\/kellari\/lammi-kellari\/"},{"@type":"ListItem","position":4,"name":"Lataa kellariesite"}]},{"@type":"WebSite","@id":"https:\/\/www.lammi.fi\/kellari\/#website","url":"https:\/\/www.lammi.fi\/kellari\/","name":"Lammi - Kellari","description":"","potentialAction":[{"@type":"SearchAction","target":{"@type":"EntryPoint","urlTemplate":"https:\/\/www.lammi.fi\/kellari\/?s={search_term_string}"},"query-input":{"@type":"PropertyValueSpecification","valueRequired":true,"valueName":"search_term_string"}}],"inLanguage":"fi"}]}},"_links":{"self":[{"href":"https:\/\/www.lammi.fi\/kellari\/wp-json\/wp\/v2\/pages\/830","targetHints":{"allow":["GET"]}}],"collection":[{"href":"https:\/\/www.lammi.fi\/kellari\/wp-json\/wp\/v2\/pages"}],"about":[{"href":"https:\/\/www.lammi.fi\/kellari\/wp-json\/wp\/v2\/types\/page"}],"author":[{"embeddable":true,"href":"https:\/\/www.lammi.fi\/kellari\/wp-json\/wp\/v2\/users\/20"}],"replies":[{"embeddable":true,"href":"https:\/\/www.lammi.fi\/kellari\/wp-json\/wp\/v2\/comments?post=830"}],"version-history":[{"count":15,"href":"https:\/\/www.lammi.fi\/kellari\/wp-json\/wp\/v2\/pages\/830\/revisions"}],"predecessor-version":[{"id":1481,"href":"https:\/\/www.lammi.fi\/kellari\/wp-json\/wp\/v2\/pages\/830\/revisions\/1481"}],"up":[{"embeddable":true,"href":"https:\/\/www.lammi.fi\/kellari\/wp-json\/wp\/v2\/pages\/822"}],"wp:attachment":[{"href":"https:\/\/www.lammi.fi\/kellari\/wp-json\/wp\/v2\/media?parent=830"}],"curies":[{"name":"wp","href":"https:\/\/api.w.org\/{rel}","templated":true}]}}