{"id":826,"date":"2024-12-15T15:49:34","date_gmt":"2024-12-15T13:49:34","guid":{"rendered":"https:\/\/www.lammi.fi\/kellari\/?page_id=826"},"modified":"2025-08-29T15:22:15","modified_gmt":"2025-08-29T12:22:15","slug":"rakennuskivet","status":"publish","type":"page","link":"https:\/\/www.lammi.fi\/kellari\/lammi-kellari\/rakennuskivet\/","title":{"rendered":"Rakennuskivet"},"content":{"rendered":"<h1>Rakennuskivet kest\u00e4v\u00e4\u00e4n ja turvalliseen kellariin<\/h1>\n<p><img decoding=\"async\" class=\"size-full wp-image-1165 alignnone\" src=\"https:\/\/www.lammi.fi\/kellari\/wp-content\/uploads\/sites\/6\/2025\/02\/kuva_harkko-1-768x384-2.jpg\" alt=\"\" width=\"768\" height=\"384\" srcset=\"https:\/\/www.lammi.fi\/kellari\/wp-content\/uploads\/sites\/6\/2025\/02\/kuva_harkko-1-768x384-2.jpg 768w, https:\/\/www.lammi.fi\/kellari\/wp-content\/uploads\/sites\/6\/2025\/02\/kuva_harkko-1-768x384-2-300x150.jpg 300w, https:\/\/www.lammi.fi\/kellari\/wp-content\/uploads\/sites\/6\/2025\/02\/kuva_harkko-1-768x384-2-260x130.jpg 260w\" sizes=\"(max-width: 768px) 85vw, 768px\" \/><\/p>\n<p><strong><a href=\"https:\/\/www.lammi.fi\/harkko\/tuotteet\/\">Lammi Harkkojen<\/a> ominaisuudet ovat pitk\u00e4n tuotekehityksen ansiosta turvalliset niin asumiselle, luonnolle, lompakolle, kuin rakentamisen aikataulullekin. <\/strong><\/p>\n<p>Luonnon kiviaineksesta, sementist\u00e4 ja vedest\u00e4 valmistetut betoniharkot ovat paloturvallisia, lahoamattomia sek\u00e4 s\u00e4\u00e4n- ja pakkasenkest\u00e4vi\u00e4. Ne ovat my\u00f6s ekologisia ja t\u00e4ysin kierr\u00e4tyskelpoisia.<\/p>\n<p>Massiivinen, l\u00e4mp\u00f6eristetty kivisein\u00e4 on kes\u00e4ll\u00e4 viile\u00e4 ja talvella l\u00e4mmin, sill\u00e4 se on paitsi tiivis, my\u00f6s l\u00e4mp\u00f6\u00e4 erist\u00e4v\u00e4 ja varaava. Kivien erinomainen mittatarkkuus tekee rakentamisesta sujuvaa: kivi\u00e4 ei muurata, vaan ladotaan ja valetaan.<\/p>\n<h2>K\u00e4tev\u00e4 suunnitella ja rakentaa<\/h2>\n<p>Rakentaminen ja pinnoittaminen sujuvat nopeasti ja materiaalia s\u00e4\u00e4st\u00e4en. Erilaiset putkitukset, kaapeloinnit ja rasiat on kivien valuonteloiden ansiosta vaivatonta upottaa seiniin.<\/p>\n<p>Rakenteen lujuus antaa vapautta suunnittelulle. Patentoitu <a href=\"https:\/\/www.lammi.fi\/harkko\/tuotteet\/asennustarvikkeet\/\">aukonylitysratkaisu<\/a> luo helppoutta ty\u00f6maalle ja vapautta suunnitteluun hyv\u00e4n kuormituskapasiteettinsa ansiosta. Kiinnitysten ja ripustusten asentaminen onnistuu suoraan kivisein\u00e4\u00e4n ilman erillisi\u00e4 tukia, mik\u00e4 helpottaa etenkin kalustus- ja sisustusvaiheita.<\/p>\n<p><a href=\"https:\/\/www.lammi.fi\/harkko\/tuotteet\/\">Ladottavat tuotteet<\/a> ovat yhteensopiva tuoteperhe, joissa jokaisessa leveydess\u00e4 l\u00f6ytyy kulmakappaleet ja p\u00e4\u00e4tykappaleet. Kaikkien Lammi Harkko -tuotteiden laadunvalvonnan varmentaa <a href=\"https:\/\/www.inspecta.fi\/\" target=\"_blank\" rel=\"noopener\">Inspecta Sertifiointi Oy<\/a>.<\/p>\n<h2>Energiatehokas l\u00e4mp\u00f6kivi<\/h2>\n<p><img decoding=\"async\" class=\"size-full wp-image-1168 alignnone\" src=\"https:\/\/www.lammi.fi\/kellari\/wp-content\/uploads\/sites\/6\/2025\/02\/harkko_tuoteperhe_lampokivet_ll400.jpg\" alt=\"\" width=\"840\" height=\"473\" srcset=\"https:\/\/www.lammi.fi\/kellari\/wp-content\/uploads\/sites\/6\/2025\/02\/harkko_tuoteperhe_lampokivet_ll400.jpg 840w, https:\/\/www.lammi.fi\/kellari\/wp-content\/uploads\/sites\/6\/2025\/02\/harkko_tuoteperhe_lampokivet_ll400-300x169.jpg 300w, https:\/\/www.lammi.fi\/kellari\/wp-content\/uploads\/sites\/6\/2025\/02\/harkko_tuoteperhe_lampokivet_ll400-768x432.jpg 768w, https:\/\/www.lammi.fi\/kellari\/wp-content\/uploads\/sites\/6\/2025\/02\/harkko_tuoteperhe_lampokivet_ll400-260x146.jpg 260w, https:\/\/www.lammi.fi\/kellari\/wp-content\/uploads\/sites\/6\/2025\/02\/harkko_tuoteperhe_lampokivet_ll400-280x157.jpg 280w, https:\/\/www.lammi.fi\/kellari\/wp-content\/uploads\/sites\/6\/2025\/02\/harkko_tuoteperhe_lampokivet_ll400-560x314.jpg 560w\" sizes=\"(max-width: 709px) 85vw, (max-width: 909px) 67vw, (max-width: 1362px) 62vw, 840px\" \/><\/p>\n<p><a href=\"https:\/\/www.lammi.fi\/harkko\/tuotteet\/lampokivet\/\">L\u00e4mp\u00f6kivi<\/a> koostuu ontelollisista betonikuorista ja niiden v\u00e4liin vaarnaliitoksella kiinnitetyst\u00e4 grafiitti-EPS -l\u00e4mm\u00f6neristeest\u00e4, joka on t\u00e4ysin p\u00e4\u00e4st\u00f6vapaa ja kierr\u00e4tett\u00e4v\u00e4 materiaali.<\/p>\n<p>Perinteiseen EPS:n verrattuna eristepaksuutta voidaan pienent\u00e4\u00e4 n. 20 % l\u00e4mp\u00f6arvojen k\u00e4rsim\u00e4tt\u00e4. L\u00e4mp\u00f6kivi soveltuu n\u00e4in ollen erinomaisesti matalaenergiarakentamiseen. Sein\u00e4rakenne takaa my\u00f6s tutkitusti hyv\u00e4n \u00e4\u00e4nenerist\u00e4vyyden, jonka ansiosta rakenne toimii erinomaisesti my\u00f6s liikenne- ja lentomelualueilla.<\/p>\n<p>K\u00e4ytt\u00f6kohteita ovat ulkosein\u00e4rakenteiden ohella perustukset ja kellarikerrosten maanpainesein\u00e4t.\u00a0L\u00e4mp\u00f6kivi on timanttihiottu \u00e4\u00e4rimm\u00e4isen tarkkoihin mittoihin.<\/p>\n<h2>Muottikivi j\u00e4reisiin rakenteisiin<\/h2>\n<p><img decoding=\"async\" class=\"alignleft wp-image-1182 size-medium\" src=\"https:\/\/www.lammi.fi\/kellari\/wp-content\/uploads\/sites\/6\/2025\/02\/harkko_tuotekuva_muottiharkot_mh200-300x219.jpg\" alt=\"\" width=\"300\" height=\"219\" srcset=\"https:\/\/www.lammi.fi\/kellari\/wp-content\/uploads\/sites\/6\/2025\/02\/harkko_tuotekuva_muottiharkot_mh200-300x219.jpg 300w, https:\/\/www.lammi.fi\/kellari\/wp-content\/uploads\/sites\/6\/2025\/02\/harkko_tuotekuva_muottiharkot_mh200-768x560.jpg 768w, https:\/\/www.lammi.fi\/kellari\/wp-content\/uploads\/sites\/6\/2025\/02\/harkko_tuotekuva_muottiharkot_mh200-260x190.jpg 260w, https:\/\/www.lammi.fi\/kellari\/wp-content\/uploads\/sites\/6\/2025\/02\/harkko_tuotekuva_muottiharkot_mh200-822x600.jpg 822w, https:\/\/www.lammi.fi\/kellari\/wp-content\/uploads\/sites\/6\/2025\/02\/harkko_tuotekuva_muottiharkot_mh200.jpg 840w\" sizes=\"(max-width: 300px) 85vw, 300px\" \/><\/p>\n<p><a href=\"https:\/\/www.lammi.fi\/harkko\/tuotteet\/muottiharkot\/\">Muottikivest\u00e4<\/a> rakennat varmat ja vahvat rakenteet eri k\u00e4ytt\u00f6tarkoituksiin: perustuksiin, maanpaineseiniin, kantaviin ja osastoiviin seiniin, tukimuureihin ja maakellareihin. Muottikivien avulla rakenteet valmistuvat helposti my\u00f6s ahtaissa olosuhteissa kuten hissikuiluissa.<\/p>\n<p>Muottikivest\u00e4 on helppo latoa korkeitakin rakenteita ja muureja. P\u00e4\u00e4typonttien ansiosta kivet kiinnittyv\u00e4t toisiinsa eik\u00e4 latomiseen tarvita laastia. Ennen valua sis\u00e4rakenteeseen voidaan asentaa pystysuuntaisia putkituksia. Raudoitettuna muottikivill\u00e4 saadaan aikaan massiivinen, tiivis ja luja rakenne.<\/p>\n<h2>Kevyt, kantava v\u00e4lisein\u00e4kivi<\/h2>\n<p><img decoding=\"async\" class=\"alignleft wp-image-1185 size-medium\" src=\"https:\/\/www.lammi.fi\/kellari\/wp-content\/uploads\/sites\/6\/2025\/02\/vsk100-300x246.jpg\" alt=\"\" width=\"300\" height=\"246\" srcset=\"https:\/\/www.lammi.fi\/kellari\/wp-content\/uploads\/sites\/6\/2025\/02\/vsk100-300x246.jpg 300w, https:\/\/www.lammi.fi\/kellari\/wp-content\/uploads\/sites\/6\/2025\/02\/vsk100-768x631.jpg 768w, https:\/\/www.lammi.fi\/kellari\/wp-content\/uploads\/sites\/6\/2025\/02\/vsk100-260x214.jpg 260w, https:\/\/www.lammi.fi\/kellari\/wp-content\/uploads\/sites\/6\/2025\/02\/vsk100-730x600.jpg 730w, https:\/\/www.lammi.fi\/kellari\/wp-content\/uploads\/sites\/6\/2025\/02\/vsk100.jpg 840w\" sizes=\"(max-width: 300px) 85vw, 300px\" \/><\/p>\n<p>Eritt\u00e4in mittatarkka <a href=\"https:\/\/www.lammi.fi\/harkko\/tuotteet\/pilari-ja-valiseinaharkot\/vsk100\/\">v\u00e4lisein\u00e4harkko<\/a> soveltuu sek\u00e4 puu- ett\u00e4 kivirakenteisten rakennusten v\u00e4liseiniin. Osakivet helpottavat ty\u00f6st\u00e4mist\u00e4 ja v\u00e4hent\u00e4v\u00e4t leikkaustarvetta. Lis\u00e4ksi esim. oviaukkojen ylityksi\u00e4 varten toimitetaan sinkityt aukonylitysprofiilit, mik\u00e4 nopeuttaa ty\u00f6t\u00e4.<\/p>\n<p>Kivet kiinnitet\u00e4\u00e4n ohutsaumamuurauslaastilla ja sauman vahvuus on noin 1-2 mm. Raudoitettuna kevyt v\u00e4lisein\u00e4kivi vahvistuu kantavaksi mutta ohueksi (100 mm) sein\u00e4rakenteeksi. Betoninen materiaali on my\u00f6s suositeltava kosteiden tilojen materiaaliksi.<\/p>\n<p>V\u00e4lisein\u00e4kivill\u00e4 saat sujuvuutta sis\u00e4ty\u00f6vaiheisiin. Kiviss\u00e4 oleviin onteloihin voidaan sijoittaa vesijohdot suojaputkineen, sek\u00e4 hanakulmarasiat. S\u00e4hk\u00f6- ja muut kaapeloinnit sek\u00e4 erilaiset laiterasiat saadaan upotettua sein\u00e4n sis\u00e4\u00e4n.<\/p>\n<p>Kivisein\u00e4 voidaan tasoituksen j\u00e4lkeen viimeistell\u00e4 maalaamalla, tapetoimalla tai laatoittamalla. My\u00f6s erilaiset kiinnitykset ja ripustukset on helppo ja turvallinen tehd\u00e4 lujaan kivisein\u00e4\u00e4n.<\/p>\n<p><img decoding=\"async\" class=\"size-full wp-image-1171 alignnone\" src=\"https:\/\/www.lammi.fi\/kellari\/wp-content\/uploads\/sites\/6\/2025\/02\/Lammi-Harkko-lampokivi-edited.jpg\" alt=\"\" width=\"840\" height=\"371\" srcset=\"https:\/\/www.lammi.fi\/kellari\/wp-content\/uploads\/sites\/6\/2025\/02\/Lammi-Harkko-lampokivi-edited.jpg 840w, https:\/\/www.lammi.fi\/kellari\/wp-content\/uploads\/sites\/6\/2025\/02\/Lammi-Harkko-lampokivi-edited-300x133.jpg 300w, https:\/\/www.lammi.fi\/kellari\/wp-content\/uploads\/sites\/6\/2025\/02\/Lammi-Harkko-lampokivi-edited-768x339.jpg 768w, https:\/\/www.lammi.fi\/kellari\/wp-content\/uploads\/sites\/6\/2025\/02\/Lammi-Harkko-lampokivi-edited-260x115.jpg 260w\" sizes=\"(max-width: 709px) 85vw, (max-width: 909px) 67vw, (max-width: 1362px) 62vw, 840px\" \/><\/p>\n<p><span data-contrast=\"none\">Kerromme mielell\u00e4mme lis\u00e4\u00e4, ota yhteytt\u00e4 l\u00e4himp\u00e4\u00e4n\u202f<\/span><a href=\"https:\/\/www.lammi.fi\/yhteystiedot\/?service=myynti-ja-asiakaspalvelu&amp;service_child=587\"><span data-contrast=\"none\">Lammi Kivitalo -asiantuntijaamme<\/span><\/a><span data-contrast=\"none\">\u202ftai j<\/span><a href=\"https:\/\/www.lammi.fi\/kellari\/yhteydenottopyynto\/\"><span data-contrast=\"none\">\u00e4t\u00e4 meille yhteydenottopyynt\u00f6<\/span><\/a><span data-contrast=\"none\">.<\/span><span data-ccp-props=\"{}\">\u00a0<\/span><\/p>\n","protected":false},"excerpt":{"rendered":"<p>Rakennuskivet kest\u00e4v\u00e4\u00e4n ja turvalliseen kellariin Lammi Harkkojen ominaisuudet ovat pitk\u00e4n tuotekehityksen ansiosta turvalliset niin asumiselle, luonnolle, lompakolle, kuin rakentamisen aikataulullekin. Luonnon kiviaineksesta, sementist\u00e4 ja vedest\u00e4 valmistetut betoniharkot ovat paloturvallisia, lahoamattomia sek\u00e4 s\u00e4\u00e4n- ja pakkasenkest\u00e4vi\u00e4. Ne ovat my\u00f6s ekologisia ja t\u00e4ysin kierr\u00e4tyskelpoisia. Massiivinen, l\u00e4mp\u00f6eristetty kivisein\u00e4 on kes\u00e4ll\u00e4 viile\u00e4 ja talvella l\u00e4mmin, sill\u00e4 se on paitsi tiivis, &hellip; <a href=\"https:\/\/www.lammi.fi\/kellari\/lammi-kellari\/rakennuskivet\/\" class=\"more-link\">Lue lis\u00e4\u00e4<span class=\"screen-reader-text\"> &#8221;Rakennuskivet&#8221;<\/span><\/a><\/p>\n","protected":false},"author":20,"featured_media":0,"parent":822,"menu_order":0,"comment_status":"closed","ping_status":"closed","template":"","meta":{"_acf_changed":false,"_improvement_type_select":"improve_an_existing","_thumb_yes_seoaic":false,"_frame_yes_seoaic":false,"seoaic_generate_description":"","seoaic_improve_instructions_prompt":"","seoaic_rollback_content_improvement":"","seoaic_idea_thumbnail_generator":"","thumbnail_generated":false,"thumbnail_generate_prompt":"","seoaic_article_description":"","footnotes":""},"class_list":["post-826","page","type-page","status-publish","hentry"],"acf":[],"yoast_head":"<!-- This site is optimized with the Yoast SEO plugin v27.4 - https:\/\/yoast.com\/product\/yoast-seo-wordpress\/ -->\n<title>Rakennuskivet - Lammi - Kellari<\/title>\n<meta name=\"description\" content=\"Lammi Harkkojen ominaisuudet ovat pitk\u00e4n tuotekehityksen ansiosta ja niill\u00e4 rakennat turvallisen ja kest\u00e4v\u00e4n kellarin.\" \/>\n<link rel=\"canonical\" href=\"https:\/\/www.lammi.fi\/kellari\/lammi-kellari\/rakennuskivet\/\" \/>\n<meta property=\"og:locale\" content=\"fi_FI\" \/>\n<meta property=\"og:type\" content=\"article\" \/>\n<meta property=\"og:title\" content=\"Rakennuskivet - Lammi - Kellari\" \/>\n<meta property=\"og:description\" content=\"Lammi Harkkojen ominaisuudet ovat pitk\u00e4n tuotekehityksen ansiosta ja niill\u00e4 rakennat turvallisen ja kest\u00e4v\u00e4n kellarin.\" \/>\n<meta property=\"og:url\" content=\"https:\/\/www.lammi.fi\/kellari\/lammi-kellari\/rakennuskivet\/\" \/>\n<meta property=\"og:site_name\" content=\"Lammi - Kellari\" \/>\n<meta property=\"article:modified_time\" content=\"2025-08-29T12:22:15+00:00\" \/>\n<meta property=\"og:image\" content=\"https:\/\/www.lammi.fi\/kellari\/wp-content\/uploads\/sites\/6\/2025\/02\/kuva_harkko-1-768x384-2.jpg\" \/>\n\t<meta property=\"og:image:width\" content=\"768\" \/>\n\t<meta property=\"og:image:height\" content=\"384\" \/>\n\t<meta property=\"og:image:type\" content=\"image\/jpeg\" \/>\n<meta name=\"twitter:card\" content=\"summary_large_image\" \/>\n<meta name=\"twitter:label1\" content=\"Arvioitu lukuaika\" \/>\n\t<meta name=\"twitter:data1\" content=\"4 minuuttia\" \/>\n<script type=\"application\/ld+json\" class=\"yoast-schema-graph\">{\"@context\":\"https:\\\/\\\/schema.org\",\"@graph\":[{\"@type\":\"WebPage\",\"@id\":\"https:\\\/\\\/www.lammi.fi\\\/kellari\\\/lammi-kellari\\\/rakennuskivet\\\/\",\"url\":\"https:\\\/\\\/www.lammi.fi\\\/kellari\\\/lammi-kellari\\\/rakennuskivet\\\/\",\"name\":\"Rakennuskivet - Lammi - Kellari\",\"isPartOf\":{\"@id\":\"https:\\\/\\\/www.lammi.fi\\\/kellari\\\/#website\"},\"primaryImageOfPage\":{\"@id\":\"https:\\\/\\\/www.lammi.fi\\\/kellari\\\/lammi-kellari\\\/rakennuskivet\\\/#primaryimage\"},\"image\":{\"@id\":\"https:\\\/\\\/www.lammi.fi\\\/kellari\\\/lammi-kellari\\\/rakennuskivet\\\/#primaryimage\"},\"thumbnailUrl\":\"https:\\\/\\\/www.lammi.fi\\\/kellari\\\/wp-content\\\/uploads\\\/sites\\\/6\\\/2025\\\/02\\\/kuva_harkko-1-768x384-2.jpg\",\"datePublished\":\"2024-12-15T13:49:34+00:00\",\"dateModified\":\"2025-08-29T12:22:15+00:00\",\"description\":\"Lammi Harkkojen ominaisuudet ovat pitk\u00e4n tuotekehityksen ansiosta ja niill\u00e4 rakennat turvallisen ja kest\u00e4v\u00e4n kellarin.\",\"breadcrumb\":{\"@id\":\"https:\\\/\\\/www.lammi.fi\\\/kellari\\\/lammi-kellari\\\/rakennuskivet\\\/#breadcrumb\"},\"inLanguage\":\"fi\",\"potentialAction\":[{\"@type\":\"ReadAction\",\"target\":[\"https:\\\/\\\/www.lammi.fi\\\/kellari\\\/lammi-kellari\\\/rakennuskivet\\\/\"]}]},{\"@type\":\"ImageObject\",\"inLanguage\":\"fi\",\"@id\":\"https:\\\/\\\/www.lammi.fi\\\/kellari\\\/lammi-kellari\\\/rakennuskivet\\\/#primaryimage\",\"url\":\"https:\\\/\\\/www.lammi.fi\\\/kellari\\\/wp-content\\\/uploads\\\/sites\\\/6\\\/2025\\\/02\\\/kuva_harkko-1-768x384-2.jpg\",\"contentUrl\":\"https:\\\/\\\/www.lammi.fi\\\/kellari\\\/wp-content\\\/uploads\\\/sites\\\/6\\\/2025\\\/02\\\/kuva_harkko-1-768x384-2.jpg\",\"width\":768,\"height\":384},{\"@type\":\"BreadcrumbList\",\"@id\":\"https:\\\/\\\/www.lammi.fi\\\/kellari\\\/lammi-kellari\\\/rakennuskivet\\\/#breadcrumb\",\"itemListElement\":[{\"@type\":\"ListItem\",\"position\":1,\"name\":\"Lammi.fi\",\"item\":\"https:\\\/\\\/www.lammi.fi\"},{\"@type\":\"ListItem\",\"position\":2,\"name\":\"Kellari\",\"item\":\"https:\\\/\\\/www.lammi.fi\\\/kellari\\\/\"},{\"@type\":\"ListItem\",\"position\":3,\"name\":\"Lammi Kellari\",\"item\":\"https:\\\/\\\/www.lammi.fi\\\/kellari\\\/lammi-kellari\\\/\"},{\"@type\":\"ListItem\",\"position\":4,\"name\":\"Rakennuskivet\"}]},{\"@type\":\"WebSite\",\"@id\":\"https:\\\/\\\/www.lammi.fi\\\/kellari\\\/#website\",\"url\":\"https:\\\/\\\/www.lammi.fi\\\/kellari\\\/\",\"name\":\"Lammi - Kellari\",\"description\":\"\",\"potentialAction\":[{\"@type\":\"SearchAction\",\"target\":{\"@type\":\"EntryPoint\",\"urlTemplate\":\"https:\\\/\\\/www.lammi.fi\\\/kellari\\\/?s={search_term_string}\"},\"query-input\":{\"@type\":\"PropertyValueSpecification\",\"valueRequired\":true,\"valueName\":\"search_term_string\"}}],\"inLanguage\":\"fi\"}]}<\/script>\n<!-- \/ Yoast SEO plugin. -->","yoast_head_json":{"title":"Rakennuskivet - Lammi - Kellari","description":"Lammi Harkkojen ominaisuudet ovat pitk\u00e4n tuotekehityksen ansiosta ja niill\u00e4 rakennat turvallisen ja kest\u00e4v\u00e4n kellarin.","canonical":"https:\/\/www.lammi.fi\/kellari\/lammi-kellari\/rakennuskivet\/","og_locale":"fi_FI","og_type":"article","og_title":"Rakennuskivet - Lammi - Kellari","og_description":"Lammi Harkkojen ominaisuudet ovat pitk\u00e4n tuotekehityksen ansiosta ja niill\u00e4 rakennat turvallisen ja kest\u00e4v\u00e4n kellarin.","og_url":"https:\/\/www.lammi.fi\/kellari\/lammi-kellari\/rakennuskivet\/","og_site_name":"Lammi - Kellari","article_modified_time":"2025-08-29T12:22:15+00:00","og_image":[{"width":768,"height":384,"url":"https:\/\/www.lammi.fi\/kellari\/wp-content\/uploads\/sites\/6\/2025\/02\/kuva_harkko-1-768x384-2.jpg","type":"image\/jpeg"}],"twitter_card":"summary_large_image","twitter_misc":{"Arvioitu lukuaika":"4 minuuttia"},"schema":{"@context":"https:\/\/schema.org","@graph":[{"@type":"WebPage","@id":"https:\/\/www.lammi.fi\/kellari\/lammi-kellari\/rakennuskivet\/","url":"https:\/\/www.lammi.fi\/kellari\/lammi-kellari\/rakennuskivet\/","name":"Rakennuskivet - Lammi - Kellari","isPartOf":{"@id":"https:\/\/www.lammi.fi\/kellari\/#website"},"primaryImageOfPage":{"@id":"https:\/\/www.lammi.fi\/kellari\/lammi-kellari\/rakennuskivet\/#primaryimage"},"image":{"@id":"https:\/\/www.lammi.fi\/kellari\/lammi-kellari\/rakennuskivet\/#primaryimage"},"thumbnailUrl":"https:\/\/www.lammi.fi\/kellari\/wp-content\/uploads\/sites\/6\/2025\/02\/kuva_harkko-1-768x384-2.jpg","datePublished":"2024-12-15T13:49:34+00:00","dateModified":"2025-08-29T12:22:15+00:00","description":"Lammi Harkkojen ominaisuudet ovat pitk\u00e4n tuotekehityksen ansiosta ja niill\u00e4 rakennat turvallisen ja kest\u00e4v\u00e4n kellarin.","breadcrumb":{"@id":"https:\/\/www.lammi.fi\/kellari\/lammi-kellari\/rakennuskivet\/#breadcrumb"},"inLanguage":"fi","potentialAction":[{"@type":"ReadAction","target":["https:\/\/www.lammi.fi\/kellari\/lammi-kellari\/rakennuskivet\/"]}]},{"@type":"ImageObject","inLanguage":"fi","@id":"https:\/\/www.lammi.fi\/kellari\/lammi-kellari\/rakennuskivet\/#primaryimage","url":"https:\/\/www.lammi.fi\/kellari\/wp-content\/uploads\/sites\/6\/2025\/02\/kuva_harkko-1-768x384-2.jpg","contentUrl":"https:\/\/www.lammi.fi\/kellari\/wp-content\/uploads\/sites\/6\/2025\/02\/kuva_harkko-1-768x384-2.jpg","width":768,"height":384},{"@type":"BreadcrumbList","@id":"https:\/\/www.lammi.fi\/kellari\/lammi-kellari\/rakennuskivet\/#breadcrumb","itemListElement":[{"@type":"ListItem","position":1,"name":"Lammi.fi","item":"https:\/\/www.lammi.fi"},{"@type":"ListItem","position":2,"name":"Kellari","item":"https:\/\/www.lammi.fi\/kellari\/"},{"@type":"ListItem","position":3,"name":"Lammi Kellari","item":"https:\/\/www.lammi.fi\/kellari\/lammi-kellari\/"},{"@type":"ListItem","position":4,"name":"Rakennuskivet"}]},{"@type":"WebSite","@id":"https:\/\/www.lammi.fi\/kellari\/#website","url":"https:\/\/www.lammi.fi\/kellari\/","name":"Lammi - Kellari","description":"","potentialAction":[{"@type":"SearchAction","target":{"@type":"EntryPoint","urlTemplate":"https:\/\/www.lammi.fi\/kellari\/?s={search_term_string}"},"query-input":{"@type":"PropertyValueSpecification","valueRequired":true,"valueName":"search_term_string"}}],"inLanguage":"fi"}]}},"_links":{"self":[{"href":"https:\/\/www.lammi.fi\/kellari\/wp-json\/wp\/v2\/pages\/826","targetHints":{"allow":["GET"]}}],"collection":[{"href":"https:\/\/www.lammi.fi\/kellari\/wp-json\/wp\/v2\/pages"}],"about":[{"href":"https:\/\/www.lammi.fi\/kellari\/wp-json\/wp\/v2\/types\/page"}],"author":[{"embeddable":true,"href":"https:\/\/www.lammi.fi\/kellari\/wp-json\/wp\/v2\/users\/20"}],"replies":[{"embeddable":true,"href":"https:\/\/www.lammi.fi\/kellari\/wp-json\/wp\/v2\/comments?post=826"}],"version-history":[{"count":15,"href":"https:\/\/www.lammi.fi\/kellari\/wp-json\/wp\/v2\/pages\/826\/revisions"}],"predecessor-version":[{"id":1590,"href":"https:\/\/www.lammi.fi\/kellari\/wp-json\/wp\/v2\/pages\/826\/revisions\/1590"}],"up":[{"embeddable":true,"href":"https:\/\/www.lammi.fi\/kellari\/wp-json\/wp\/v2\/pages\/822"}],"wp:attachment":[{"href":"https:\/\/www.lammi.fi\/kellari\/wp-json\/wp\/v2\/media?parent=826"}],"curies":[{"name":"wp","href":"https:\/\/api.w.org\/{rel}","templated":true}]}}