{"id":386,"date":"2018-09-11T07:59:48","date_gmt":"2018-09-11T07:59:48","guid":{"rendered":"https:\/\/www.lammi.fi\/harkko\/?post_type=product&#038;p=386"},"modified":"2025-06-26T09:11:08","modified_gmt":"2025-06-26T06:11:08","slug":"ll400k","status":"publish","type":"product","link":"https:\/\/www.lammi.fi\/harkko\/tuote\/ll400k\/","title":{"rendered":"LL400K"},"content":{"rendered":"<h1>Kulmakivi<\/h1>\n<p>400 mm kulmaharkolla on helppo toteuttaa l\u00e4mp\u00f6kivisein\u00e4n sis\u00e4- ja ulkokulmat. Harkon rakenne on suunniteltu siten, ett\u00e4 l\u00e4mm\u00f6neriste on yhten\u00e4inen koko kulman osalta. Harkon k\u00e4tisyys\u00a0vaihtuu k\u00e4\u00e4nt\u00e4m\u00e4ll\u00e4 kivi yl\u00f6salaisin. N\u00e4in saadaan my\u00f6s 2M- (200 mm) limitys aikaiseksi, jolloin harkkoladonnasta tulee tukevampi.<\/p>\n<p>Reilun kokoiset valuontelot ja rakenneter\u00e4ksi\u00e4 varten suunnitellut urat takaavat rakenteen yhten\u00e4isyyden ja helpon toteutuksen my\u00f6s rakennuskohteen kulman osalta.<\/p>\n","protected":false},"excerpt":{"rendered":"<p>Kulmakivi 400 mm kulmaharkolla on helppo toteuttaa l\u00e4mp\u00f6kivisein\u00e4n sis\u00e4- ja ulkokulmat. Harkon rakenne on suunniteltu siten, ett\u00e4 l\u00e4mm\u00f6neriste on yhten\u00e4inen koko kulman osalta. Harkon k\u00e4tisyys\u00a0vaihtuu k\u00e4\u00e4nt\u00e4m\u00e4ll\u00e4 kivi yl\u00f6salaisin. N\u00e4in saadaan my\u00f6s 2M- (200 mm) limitys aikaiseksi, jolloin harkkoladonnasta tulee tukevampi. Reilun kokoiset valuontelot ja rakenneter\u00e4ksi\u00e4 varten suunnitellut urat takaavat rakenteen yhten\u00e4isyyden ja helpon toteutuksen my\u00f6s &hellip; <a href=\"https:\/\/www.lammi.fi\/harkko\/tuote\/ll400k\/\" class=\"more-link\">Lue lis\u00e4\u00e4<span class=\"screen-reader-text\"> &#8221;LL400K&#8221;<\/span><\/a><\/p>\n","protected":false},"featured_media":4447,"comment_status":"closed","ping_status":"closed","template":"","meta":{"_acf_changed":false,"_improvement_type_select":"improve_an_existing","_thumb_yes_seoaic":false,"_frame_yes_seoaic":false,"seoaic_generate_description":"","seoaic_improve_instructions_prompt":"","seoaic_rollback_content_improvement":"","seoaic_idea_thumbnail_generator":"","thumbnail_generated":false,"thumbnail_generate_prompt":"","seoaic_article_description":"","_glsr_average":0,"_glsr_ranking":0,"_glsr_reviews":0},"product_brand":[],"product_cat":[21],"product_tag":[],"class_list":{"0":"post-386","1":"product","2":"type-product","3":"status-publish","4":"has-post-thumbnail","6":"product_cat-uncategorized-fi-2","8":"first","9":"instock","10":"shipping-taxable","11":"product-type-simple"},"acf":[],"yoast_head":"<!-- This site is optimized with the Yoast SEO plugin v27.1.1 - https:\/\/yoast.com\/product\/yoast-seo-wordpress\/ -->\n<title>LL400K - Lammi Harkko<\/title>\n<meta name=\"description\" content=\"400 mm kulmaharkolla on helppo toteuttaa l\u00e4mp\u00f6kivisein\u00e4n sis\u00e4- ja ulkokulmat. Tutustu Lammi LL400K Kulmakivi sivuillamme.\" \/>\n<link rel=\"canonical\" href=\"https:\/\/www.lammi.fi\/harkko\/tuote\/ll400k\/\" \/>\n<meta property=\"og:locale\" content=\"fi_FI\" \/>\n<meta property=\"og:type\" content=\"article\" \/>\n<meta property=\"og:title\" content=\"LL400K - Lammi Harkko\" \/>\n<meta property=\"og:description\" content=\"400 mm kulmaharkolla on helppo toteuttaa l\u00e4mp\u00f6kivisein\u00e4n sis\u00e4- ja ulkokulmat. Tutustu Lammi LL400K Kulmakivi sivuillamme.\" \/>\n<meta property=\"og:url\" content=\"https:\/\/www.lammi.fi\/harkko\/tuote\/ll400k\/\" \/>\n<meta property=\"og:site_name\" content=\"Lammi Harkko\" \/>\n<meta property=\"article:modified_time\" content=\"2025-06-26T06:11:08+00:00\" \/>\n<meta property=\"og:image\" content=\"https:\/\/www.lammi.fi\/harkko\/wp-content\/uploads\/sites\/3\/2018\/09\/Lammi_Harkko_LL400K-1200x675_ainavahahiilinen.png\" \/>\n\t<meta property=\"og:image:width\" content=\"1200\" \/>\n\t<meta property=\"og:image:height\" content=\"675\" \/>\n\t<meta property=\"og:image:type\" content=\"image\/png\" \/>\n<meta name=\"twitter:card\" content=\"summary_large_image\" \/>\n<meta name=\"twitter:label1\" content=\"Arvioitu lukuaika\" \/>\n\t<meta name=\"twitter:data1\" content=\"1 minuutti\" \/>\n<script type=\"application\/ld+json\" class=\"yoast-schema-graph\">{\"@context\":\"https:\/\/schema.org\",\"@graph\":[{\"@type\":\"WebPage\",\"@id\":\"https:\/\/www.lammi.fi\/harkko\/tuote\/ll400k\/\",\"url\":\"https:\/\/www.lammi.fi\/harkko\/tuote\/ll400k\/\",\"name\":\"LL400K - Lammi Harkko\",\"isPartOf\":{\"@id\":\"https:\/\/www.lammi.fi\/harkko\/#website\"},\"primaryImageOfPage\":{\"@id\":\"https:\/\/www.lammi.fi\/harkko\/tuote\/ll400k\/#primaryimage\"},\"image\":{\"@id\":\"https:\/\/www.lammi.fi\/harkko\/tuote\/ll400k\/#primaryimage\"},\"thumbnailUrl\":\"https:\/\/www.lammi.fi\/harkko\/wp-content\/uploads\/sites\/3\/2018\/09\/Lammi_Harkko_LL400K-1200x675_ainavahahiilinen.png\",\"datePublished\":\"2018-09-11T07:59:48+00:00\",\"dateModified\":\"2025-06-26T06:11:08+00:00\",\"description\":\"400 mm kulmaharkolla on helppo toteuttaa l\u00e4mp\u00f6kivisein\u00e4n sis\u00e4- ja ulkokulmat. Tutustu Lammi LL400K Kulmakivi sivuillamme.\",\"breadcrumb\":{\"@id\":\"https:\/\/www.lammi.fi\/harkko\/tuote\/ll400k\/#breadcrumb\"},\"inLanguage\":\"fi\",\"potentialAction\":[{\"@type\":\"ReadAction\",\"target\":[\"https:\/\/www.lammi.fi\/harkko\/tuote\/ll400k\/\"]}]},{\"@type\":\"ImageObject\",\"inLanguage\":\"fi\",\"@id\":\"https:\/\/www.lammi.fi\/harkko\/tuote\/ll400k\/#primaryimage\",\"url\":\"https:\/\/www.lammi.fi\/harkko\/wp-content\/uploads\/sites\/3\/2018\/09\/Lammi_Harkko_LL400K-1200x675_ainavahahiilinen.png\",\"contentUrl\":\"https:\/\/www.lammi.fi\/harkko\/wp-content\/uploads\/sites\/3\/2018\/09\/Lammi_Harkko_LL400K-1200x675_ainavahahiilinen.png\",\"width\":1200,\"height\":675},{\"@type\":\"BreadcrumbList\",\"@id\":\"https:\/\/www.lammi.fi\/harkko\/tuote\/ll400k\/#breadcrumb\",\"itemListElement\":[{\"@type\":\"ListItem\",\"position\":1,\"name\":\"Lammi.fi\",\"item\":\"https:\/\/www.lammi.fi\"},{\"@type\":\"ListItem\",\"position\":2,\"name\":\"Lammi Harkko\",\"item\":\"https:\/\/www.lammi.fi\/harkko\/\"},{\"@type\":\"ListItem\",\"position\":3,\"name\":\"LL400K\"}]},{\"@type\":\"WebSite\",\"@id\":\"https:\/\/www.lammi.fi\/harkko\/#website\",\"url\":\"https:\/\/www.lammi.fi\/harkko\/\",\"name\":\"Lammi Harkko\",\"description\":\"\",\"publisher\":{\"@id\":\"https:\/\/www.lammi.fi\/harkko\/#organization\"},\"potentialAction\":[{\"@type\":\"SearchAction\",\"target\":{\"@type\":\"EntryPoint\",\"urlTemplate\":\"https:\/\/www.lammi.fi\/harkko\/?s={search_term_string}\"},\"query-input\":{\"@type\":\"PropertyValueSpecification\",\"valueRequired\":true,\"valueName\":\"search_term_string\"}}],\"inLanguage\":\"fi\"},{\"@type\":\"Organization\",\"@id\":\"https:\/\/www.lammi.fi\/harkko\/#organization\",\"name\":\"Lammi Harkko\",\"url\":\"https:\/\/www.lammi.fi\/harkko\/\",\"logo\":{\"@type\":\"ImageObject\",\"inLanguage\":\"fi\",\"@id\":\"https:\/\/www.lammi.fi\/harkko\/#\/schema\/logo\/image\/\",\"url\":\"https:\/\/www.lammi.fi\/harkko\/wp-content\/uploads\/sites\/3\/2018\/06\/cropped-lammi_logo.png\",\"contentUrl\":\"https:\/\/www.lammi.fi\/harkko\/wp-content\/uploads\/sites\/3\/2018\/06\/cropped-lammi_logo.png\",\"width\":240,\"height\":122,\"caption\":\"Lammi Harkko\"},\"image\":{\"@id\":\"https:\/\/www.lammi.fi\/harkko\/#\/schema\/logo\/image\/\"}}]}<\/script>\n<!-- \/ Yoast SEO plugin. -->","yoast_head_json":{"title":"LL400K - Lammi Harkko","description":"400 mm kulmaharkolla on helppo toteuttaa l\u00e4mp\u00f6kivisein\u00e4n sis\u00e4- ja ulkokulmat. Tutustu Lammi LL400K Kulmakivi sivuillamme.","canonical":"https:\/\/www.lammi.fi\/harkko\/tuote\/ll400k\/","og_locale":"fi_FI","og_type":"article","og_title":"LL400K - Lammi Harkko","og_description":"400 mm kulmaharkolla on helppo toteuttaa l\u00e4mp\u00f6kivisein\u00e4n sis\u00e4- ja ulkokulmat. Tutustu Lammi LL400K Kulmakivi sivuillamme.","og_url":"https:\/\/www.lammi.fi\/harkko\/tuote\/ll400k\/","og_site_name":"Lammi Harkko","article_modified_time":"2025-06-26T06:11:08+00:00","og_image":[{"width":1200,"height":675,"url":"https:\/\/www.lammi.fi\/harkko\/wp-content\/uploads\/sites\/3\/2018\/09\/Lammi_Harkko_LL400K-1200x675_ainavahahiilinen.png","type":"image\/png"}],"twitter_card":"summary_large_image","twitter_misc":{"Arvioitu lukuaika":"1 minuutti"},"schema":{"@context":"https:\/\/schema.org","@graph":[{"@type":"WebPage","@id":"https:\/\/www.lammi.fi\/harkko\/tuote\/ll400k\/","url":"https:\/\/www.lammi.fi\/harkko\/tuote\/ll400k\/","name":"LL400K - Lammi Harkko","isPartOf":{"@id":"https:\/\/www.lammi.fi\/harkko\/#website"},"primaryImageOfPage":{"@id":"https:\/\/www.lammi.fi\/harkko\/tuote\/ll400k\/#primaryimage"},"image":{"@id":"https:\/\/www.lammi.fi\/harkko\/tuote\/ll400k\/#primaryimage"},"thumbnailUrl":"https:\/\/www.lammi.fi\/harkko\/wp-content\/uploads\/sites\/3\/2018\/09\/Lammi_Harkko_LL400K-1200x675_ainavahahiilinen.png","datePublished":"2018-09-11T07:59:48+00:00","dateModified":"2025-06-26T06:11:08+00:00","description":"400 mm kulmaharkolla on helppo toteuttaa l\u00e4mp\u00f6kivisein\u00e4n sis\u00e4- ja ulkokulmat. Tutustu Lammi LL400K Kulmakivi sivuillamme.","breadcrumb":{"@id":"https:\/\/www.lammi.fi\/harkko\/tuote\/ll400k\/#breadcrumb"},"inLanguage":"fi","potentialAction":[{"@type":"ReadAction","target":["https:\/\/www.lammi.fi\/harkko\/tuote\/ll400k\/"]}]},{"@type":"ImageObject","inLanguage":"fi","@id":"https:\/\/www.lammi.fi\/harkko\/tuote\/ll400k\/#primaryimage","url":"https:\/\/www.lammi.fi\/harkko\/wp-content\/uploads\/sites\/3\/2018\/09\/Lammi_Harkko_LL400K-1200x675_ainavahahiilinen.png","contentUrl":"https:\/\/www.lammi.fi\/harkko\/wp-content\/uploads\/sites\/3\/2018\/09\/Lammi_Harkko_LL400K-1200x675_ainavahahiilinen.png","width":1200,"height":675},{"@type":"BreadcrumbList","@id":"https:\/\/www.lammi.fi\/harkko\/tuote\/ll400k\/#breadcrumb","itemListElement":[{"@type":"ListItem","position":1,"name":"Lammi.fi","item":"https:\/\/www.lammi.fi"},{"@type":"ListItem","position":2,"name":"Lammi Harkko","item":"https:\/\/www.lammi.fi\/harkko\/"},{"@type":"ListItem","position":3,"name":"LL400K"}]},{"@type":"WebSite","@id":"https:\/\/www.lammi.fi\/harkko\/#website","url":"https:\/\/www.lammi.fi\/harkko\/","name":"Lammi Harkko","description":"","publisher":{"@id":"https:\/\/www.lammi.fi\/harkko\/#organization"},"potentialAction":[{"@type":"SearchAction","target":{"@type":"EntryPoint","urlTemplate":"https:\/\/www.lammi.fi\/harkko\/?s={search_term_string}"},"query-input":{"@type":"PropertyValueSpecification","valueRequired":true,"valueName":"search_term_string"}}],"inLanguage":"fi"},{"@type":"Organization","@id":"https:\/\/www.lammi.fi\/harkko\/#organization","name":"Lammi Harkko","url":"https:\/\/www.lammi.fi\/harkko\/","logo":{"@type":"ImageObject","inLanguage":"fi","@id":"https:\/\/www.lammi.fi\/harkko\/#\/schema\/logo\/image\/","url":"https:\/\/www.lammi.fi\/harkko\/wp-content\/uploads\/sites\/3\/2018\/06\/cropped-lammi_logo.png","contentUrl":"https:\/\/www.lammi.fi\/harkko\/wp-content\/uploads\/sites\/3\/2018\/06\/cropped-lammi_logo.png","width":240,"height":122,"caption":"Lammi Harkko"},"image":{"@id":"https:\/\/www.lammi.fi\/harkko\/#\/schema\/logo\/image\/"}}]}},"_links":{"self":[{"href":"https:\/\/www.lammi.fi\/harkko\/wp-json\/wp\/v2\/product\/386","targetHints":{"allow":["GET"]}}],"collection":[{"href":"https:\/\/www.lammi.fi\/harkko\/wp-json\/wp\/v2\/product"}],"about":[{"href":"https:\/\/www.lammi.fi\/harkko\/wp-json\/wp\/v2\/types\/product"}],"replies":[{"embeddable":true,"href":"https:\/\/www.lammi.fi\/harkko\/wp-json\/wp\/v2\/comments?post=386"}],"wp:featuredmedia":[{"embeddable":true,"href":"https:\/\/www.lammi.fi\/harkko\/wp-json\/wp\/v2\/media\/4447"}],"wp:attachment":[{"href":"https:\/\/www.lammi.fi\/harkko\/wp-json\/wp\/v2\/media?parent=386"}],"wp:term":[{"taxonomy":"product_brand","embeddable":true,"href":"https:\/\/www.lammi.fi\/harkko\/wp-json\/wp\/v2\/product_brand?post=386"},{"taxonomy":"product_cat","embeddable":true,"href":"https:\/\/www.lammi.fi\/harkko\/wp-json\/wp\/v2\/product_cat?post=386"},{"taxonomy":"product_tag","embeddable":true,"href":"https:\/\/www.lammi.fi\/harkko\/wp-json\/wp\/v2\/product_tag?post=386"}],"curies":[{"name":"wp","href":"https:\/\/api.w.org\/{rel}","templated":true}]}}