{"id":342,"date":"2018-09-06T10:53:09","date_gmt":"2018-09-06T10:53:09","guid":{"rendered":"https:\/\/www.lammi.fi\/harkko\/?post_type=product&#038;p=342"},"modified":"2024-10-08T10:10:17","modified_gmt":"2024-10-08T07:10:17","slug":"emh350","status":"publish","type":"product","link":"https:\/\/www.lammi.fi\/harkko\/tuote\/emh350\/","title":{"rendered":"EMH350"},"content":{"rendered":"<h1>Eristemuottiharkko<\/h1>\n<p>350600 mm pitk\u00e4 ja 350 mm leve\u00e4 valueristeharkko on EMH350 -tuoteperheen p\u00e4\u00e4tuote. Valuontelollisten harkkokuorten v\u00e4liin on lohenpyrst\u00f6liitoksella kiinnitetty grafiitti-EPS eristeydin, mik\u00e4 takaa hyv\u00e4n l\u00e4mm\u00f6nerist\u00e4vyyden.<\/p>\n<p>L\u00e4mp\u00f6kivill\u00e4 rakentaminen on nopeaa, sill\u00e4 kivi\u00e4 ei muurata, vaan ne ladotaan p\u00e4\u00e4llekk\u00e4in. Samalla rakenne raudoitetaan ja eristeiden saumat tiivistet\u00e4\u00e4n polyuretaanivaahdolla. Reilun kokoisiin valuonteloihin on helppo asentaa tarvittava kodintekniikka, kuten s\u00e4hk\u00f6putket, s\u00e4hk\u00f6rasiat ja vesijohtoputket hanakulmineen. Lopuksi rakenteen ontelot valetaan t\u00e4yteen betonimassalla.<\/p>\n","protected":false},"excerpt":{"rendered":"<p>Eristemuottiharkko 350600 mm pitk\u00e4 ja 350 mm leve\u00e4 valueristeharkko on EMH350 -tuoteperheen p\u00e4\u00e4tuote. Valuontelollisten harkkokuorten v\u00e4liin on lohenpyrst\u00f6liitoksella kiinnitetty grafiitti-EPS eristeydin, mik\u00e4 takaa hyv\u00e4n l\u00e4mm\u00f6nerist\u00e4vyyden. L\u00e4mp\u00f6kivill\u00e4 rakentaminen on nopeaa, sill\u00e4 kivi\u00e4 ei muurata, vaan ne ladotaan p\u00e4\u00e4llekk\u00e4in. Samalla rakenne raudoitetaan ja eristeiden saumat tiivistet\u00e4\u00e4n polyuretaanivaahdolla. Reilun kokoisiin valuonteloihin on helppo asentaa tarvittava kodintekniikka, kuten s\u00e4hk\u00f6putket, &hellip; <a href=\"https:\/\/www.lammi.fi\/harkko\/tuote\/emh350\/\" class=\"more-link\">Lue lis\u00e4\u00e4<span class=\"screen-reader-text\"> &#8221;EMH350&#8221;<\/span><\/a><\/p>\n","protected":false},"featured_media":4439,"comment_status":"closed","ping_status":"closed","template":"","meta":{"_acf_changed":false,"_improvement_type_select":"improve_an_existing","_thumb_yes_seoaic":false,"_frame_yes_seoaic":false,"seoaic_generate_description":"","seoaic_improve_instructions_prompt":"","seoaic_rollback_content_improvement":"","seoaic_idea_thumbnail_generator":"","thumbnail_generated":false,"thumbnail_generate_prompt":"","seoaic_article_description":"","_glsr_average":0,"_glsr_ranking":0,"_glsr_reviews":0},"product_brand":[],"product_cat":[21],"product_tag":[],"class_list":{"0":"post-342","1":"product","2":"type-product","3":"status-publish","4":"has-post-thumbnail","6":"product_cat-uncategorized-fi-2","8":"first","9":"instock","10":"shipping-taxable","11":"product-type-simple"},"acf":[],"yoast_head":"<!-- This site is optimized with the Yoast SEO plugin v27.1.1 - https:\/\/yoast.com\/product\/yoast-seo-wordpress\/ -->\n<title>EMH350 - Lammi Harkko<\/title>\n<link rel=\"canonical\" href=\"https:\/\/www.lammi.fi\/harkko\/tuote\/emh350\/\" \/>\n<meta property=\"og:locale\" content=\"fi_FI\" \/>\n<meta property=\"og:type\" content=\"article\" \/>\n<meta property=\"og:title\" content=\"EMH350 - Lammi Harkko\" \/>\n<meta property=\"og:description\" content=\"Eristemuottiharkko 350600 mm pitk\u00e4 ja 350 mm leve\u00e4 valueristeharkko on EMH350 -tuoteperheen p\u00e4\u00e4tuote. Valuontelollisten harkkokuorten v\u00e4liin on lohenpyrst\u00f6liitoksella kiinnitetty grafiitti-EPS eristeydin, mik\u00e4 takaa hyv\u00e4n l\u00e4mm\u00f6nerist\u00e4vyyden. L\u00e4mp\u00f6kivill\u00e4 rakentaminen on nopeaa, sill\u00e4 kivi\u00e4 ei muurata, vaan ne ladotaan p\u00e4\u00e4llekk\u00e4in. Samalla rakenne raudoitetaan ja eristeiden saumat tiivistet\u00e4\u00e4n polyuretaanivaahdolla. Reilun kokoisiin valuonteloihin on helppo asentaa tarvittava kodintekniikka, kuten s\u00e4hk\u00f6putket, &hellip; Lue lis\u00e4\u00e4 &quot;EMH350&quot;\" \/>\n<meta property=\"og:url\" content=\"https:\/\/www.lammi.fi\/harkko\/tuote\/emh350\/\" \/>\n<meta property=\"og:site_name\" content=\"Lammi Harkko\" \/>\n<meta property=\"article:modified_time\" content=\"2024-10-08T07:10:17+00:00\" \/>\n<meta property=\"og:image\" content=\"https:\/\/www.lammi.fi\/harkko\/wp-content\/uploads\/sites\/3\/2018\/09\/Lammi_Harkko_EMH350-1200x675_ainavahahiilinen.png\" \/>\n\t<meta property=\"og:image:width\" content=\"1200\" \/>\n\t<meta property=\"og:image:height\" content=\"675\" \/>\n\t<meta property=\"og:image:type\" content=\"image\/png\" \/>\n<meta name=\"twitter:card\" content=\"summary_large_image\" \/>\n<meta name=\"twitter:label1\" content=\"Arvioitu lukuaika\" \/>\n\t<meta name=\"twitter:data1\" content=\"1 minuutti\" \/>\n<script type=\"application\/ld+json\" class=\"yoast-schema-graph\">{\"@context\":\"https:\/\/schema.org\",\"@graph\":[{\"@type\":\"WebPage\",\"@id\":\"https:\/\/www.lammi.fi\/harkko\/tuote\/emh350\/\",\"url\":\"https:\/\/www.lammi.fi\/harkko\/tuote\/emh350\/\",\"name\":\"EMH350 - Lammi Harkko\",\"isPartOf\":{\"@id\":\"https:\/\/www.lammi.fi\/harkko\/#website\"},\"primaryImageOfPage\":{\"@id\":\"https:\/\/www.lammi.fi\/harkko\/tuote\/emh350\/#primaryimage\"},\"image\":{\"@id\":\"https:\/\/www.lammi.fi\/harkko\/tuote\/emh350\/#primaryimage\"},\"thumbnailUrl\":\"https:\/\/www.lammi.fi\/harkko\/wp-content\/uploads\/sites\/3\/2018\/09\/Lammi_Harkko_EMH350-1200x675_ainavahahiilinen.png\",\"datePublished\":\"2018-09-06T10:53:09+00:00\",\"dateModified\":\"2024-10-08T07:10:17+00:00\",\"breadcrumb\":{\"@id\":\"https:\/\/www.lammi.fi\/harkko\/tuote\/emh350\/#breadcrumb\"},\"inLanguage\":\"fi\",\"potentialAction\":[{\"@type\":\"ReadAction\",\"target\":[\"https:\/\/www.lammi.fi\/harkko\/tuote\/emh350\/\"]}]},{\"@type\":\"ImageObject\",\"inLanguage\":\"fi\",\"@id\":\"https:\/\/www.lammi.fi\/harkko\/tuote\/emh350\/#primaryimage\",\"url\":\"https:\/\/www.lammi.fi\/harkko\/wp-content\/uploads\/sites\/3\/2018\/09\/Lammi_Harkko_EMH350-1200x675_ainavahahiilinen.png\",\"contentUrl\":\"https:\/\/www.lammi.fi\/harkko\/wp-content\/uploads\/sites\/3\/2018\/09\/Lammi_Harkko_EMH350-1200x675_ainavahahiilinen.png\",\"width\":1200,\"height\":675},{\"@type\":\"BreadcrumbList\",\"@id\":\"https:\/\/www.lammi.fi\/harkko\/tuote\/emh350\/#breadcrumb\",\"itemListElement\":[{\"@type\":\"ListItem\",\"position\":1,\"name\":\"Lammi.fi\",\"item\":\"https:\/\/www.lammi.fi\"},{\"@type\":\"ListItem\",\"position\":2,\"name\":\"Lammi Harkko\",\"item\":\"https:\/\/www.lammi.fi\/harkko\/\"},{\"@type\":\"ListItem\",\"position\":3,\"name\":\"EMH350\"}]},{\"@type\":\"WebSite\",\"@id\":\"https:\/\/www.lammi.fi\/harkko\/#website\",\"url\":\"https:\/\/www.lammi.fi\/harkko\/\",\"name\":\"Lammi Harkko\",\"description\":\"\",\"publisher\":{\"@id\":\"https:\/\/www.lammi.fi\/harkko\/#organization\"},\"potentialAction\":[{\"@type\":\"SearchAction\",\"target\":{\"@type\":\"EntryPoint\",\"urlTemplate\":\"https:\/\/www.lammi.fi\/harkko\/?s={search_term_string}\"},\"query-input\":{\"@type\":\"PropertyValueSpecification\",\"valueRequired\":true,\"valueName\":\"search_term_string\"}}],\"inLanguage\":\"fi\"},{\"@type\":\"Organization\",\"@id\":\"https:\/\/www.lammi.fi\/harkko\/#organization\",\"name\":\"Lammi Harkko\",\"url\":\"https:\/\/www.lammi.fi\/harkko\/\",\"logo\":{\"@type\":\"ImageObject\",\"inLanguage\":\"fi\",\"@id\":\"https:\/\/www.lammi.fi\/harkko\/#\/schema\/logo\/image\/\",\"url\":\"https:\/\/www.lammi.fi\/harkko\/wp-content\/uploads\/sites\/3\/2018\/06\/cropped-lammi_logo.png\",\"contentUrl\":\"https:\/\/www.lammi.fi\/harkko\/wp-content\/uploads\/sites\/3\/2018\/06\/cropped-lammi_logo.png\",\"width\":240,\"height\":122,\"caption\":\"Lammi Harkko\"},\"image\":{\"@id\":\"https:\/\/www.lammi.fi\/harkko\/#\/schema\/logo\/image\/\"}}]}<\/script>\n<!-- \/ Yoast SEO plugin. -->","yoast_head_json":{"title":"EMH350 - Lammi Harkko","canonical":"https:\/\/www.lammi.fi\/harkko\/tuote\/emh350\/","og_locale":"fi_FI","og_type":"article","og_title":"EMH350 - Lammi Harkko","og_description":"Eristemuottiharkko 350600 mm pitk\u00e4 ja 350 mm leve\u00e4 valueristeharkko on EMH350 -tuoteperheen p\u00e4\u00e4tuote. Valuontelollisten harkkokuorten v\u00e4liin on lohenpyrst\u00f6liitoksella kiinnitetty grafiitti-EPS eristeydin, mik\u00e4 takaa hyv\u00e4n l\u00e4mm\u00f6nerist\u00e4vyyden. L\u00e4mp\u00f6kivill\u00e4 rakentaminen on nopeaa, sill\u00e4 kivi\u00e4 ei muurata, vaan ne ladotaan p\u00e4\u00e4llekk\u00e4in. Samalla rakenne raudoitetaan ja eristeiden saumat tiivistet\u00e4\u00e4n polyuretaanivaahdolla. Reilun kokoisiin valuonteloihin on helppo asentaa tarvittava kodintekniikka, kuten s\u00e4hk\u00f6putket, &hellip; Lue lis\u00e4\u00e4 \"EMH350\"","og_url":"https:\/\/www.lammi.fi\/harkko\/tuote\/emh350\/","og_site_name":"Lammi Harkko","article_modified_time":"2024-10-08T07:10:17+00:00","og_image":[{"width":1200,"height":675,"url":"https:\/\/www.lammi.fi\/harkko\/wp-content\/uploads\/sites\/3\/2018\/09\/Lammi_Harkko_EMH350-1200x675_ainavahahiilinen.png","type":"image\/png"}],"twitter_card":"summary_large_image","twitter_misc":{"Arvioitu lukuaika":"1 minuutti"},"schema":{"@context":"https:\/\/schema.org","@graph":[{"@type":"WebPage","@id":"https:\/\/www.lammi.fi\/harkko\/tuote\/emh350\/","url":"https:\/\/www.lammi.fi\/harkko\/tuote\/emh350\/","name":"EMH350 - Lammi Harkko","isPartOf":{"@id":"https:\/\/www.lammi.fi\/harkko\/#website"},"primaryImageOfPage":{"@id":"https:\/\/www.lammi.fi\/harkko\/tuote\/emh350\/#primaryimage"},"image":{"@id":"https:\/\/www.lammi.fi\/harkko\/tuote\/emh350\/#primaryimage"},"thumbnailUrl":"https:\/\/www.lammi.fi\/harkko\/wp-content\/uploads\/sites\/3\/2018\/09\/Lammi_Harkko_EMH350-1200x675_ainavahahiilinen.png","datePublished":"2018-09-06T10:53:09+00:00","dateModified":"2024-10-08T07:10:17+00:00","breadcrumb":{"@id":"https:\/\/www.lammi.fi\/harkko\/tuote\/emh350\/#breadcrumb"},"inLanguage":"fi","potentialAction":[{"@type":"ReadAction","target":["https:\/\/www.lammi.fi\/harkko\/tuote\/emh350\/"]}]},{"@type":"ImageObject","inLanguage":"fi","@id":"https:\/\/www.lammi.fi\/harkko\/tuote\/emh350\/#primaryimage","url":"https:\/\/www.lammi.fi\/harkko\/wp-content\/uploads\/sites\/3\/2018\/09\/Lammi_Harkko_EMH350-1200x675_ainavahahiilinen.png","contentUrl":"https:\/\/www.lammi.fi\/harkko\/wp-content\/uploads\/sites\/3\/2018\/09\/Lammi_Harkko_EMH350-1200x675_ainavahahiilinen.png","width":1200,"height":675},{"@type":"BreadcrumbList","@id":"https:\/\/www.lammi.fi\/harkko\/tuote\/emh350\/#breadcrumb","itemListElement":[{"@type":"ListItem","position":1,"name":"Lammi.fi","item":"https:\/\/www.lammi.fi"},{"@type":"ListItem","position":2,"name":"Lammi Harkko","item":"https:\/\/www.lammi.fi\/harkko\/"},{"@type":"ListItem","position":3,"name":"EMH350"}]},{"@type":"WebSite","@id":"https:\/\/www.lammi.fi\/harkko\/#website","url":"https:\/\/www.lammi.fi\/harkko\/","name":"Lammi Harkko","description":"","publisher":{"@id":"https:\/\/www.lammi.fi\/harkko\/#organization"},"potentialAction":[{"@type":"SearchAction","target":{"@type":"EntryPoint","urlTemplate":"https:\/\/www.lammi.fi\/harkko\/?s={search_term_string}"},"query-input":{"@type":"PropertyValueSpecification","valueRequired":true,"valueName":"search_term_string"}}],"inLanguage":"fi"},{"@type":"Organization","@id":"https:\/\/www.lammi.fi\/harkko\/#organization","name":"Lammi Harkko","url":"https:\/\/www.lammi.fi\/harkko\/","logo":{"@type":"ImageObject","inLanguage":"fi","@id":"https:\/\/www.lammi.fi\/harkko\/#\/schema\/logo\/image\/","url":"https:\/\/www.lammi.fi\/harkko\/wp-content\/uploads\/sites\/3\/2018\/06\/cropped-lammi_logo.png","contentUrl":"https:\/\/www.lammi.fi\/harkko\/wp-content\/uploads\/sites\/3\/2018\/06\/cropped-lammi_logo.png","width":240,"height":122,"caption":"Lammi Harkko"},"image":{"@id":"https:\/\/www.lammi.fi\/harkko\/#\/schema\/logo\/image\/"}}]}},"_links":{"self":[{"href":"https:\/\/www.lammi.fi\/harkko\/wp-json\/wp\/v2\/product\/342","targetHints":{"allow":["GET"]}}],"collection":[{"href":"https:\/\/www.lammi.fi\/harkko\/wp-json\/wp\/v2\/product"}],"about":[{"href":"https:\/\/www.lammi.fi\/harkko\/wp-json\/wp\/v2\/types\/product"}],"replies":[{"embeddable":true,"href":"https:\/\/www.lammi.fi\/harkko\/wp-json\/wp\/v2\/comments?post=342"}],"wp:featuredmedia":[{"embeddable":true,"href":"https:\/\/www.lammi.fi\/harkko\/wp-json\/wp\/v2\/media\/4439"}],"wp:attachment":[{"href":"https:\/\/www.lammi.fi\/harkko\/wp-json\/wp\/v2\/media?parent=342"}],"wp:term":[{"taxonomy":"product_brand","embeddable":true,"href":"https:\/\/www.lammi.fi\/harkko\/wp-json\/wp\/v2\/product_brand?post=342"},{"taxonomy":"product_cat","embeddable":true,"href":"https:\/\/www.lammi.fi\/harkko\/wp-json\/wp\/v2\/product_cat?post=342"},{"taxonomy":"product_tag","embeddable":true,"href":"https:\/\/www.lammi.fi\/harkko\/wp-json\/wp\/v2\/product_tag?post=342"}],"curies":[{"name":"wp","href":"https:\/\/api.w.org\/{rel}","templated":true}]}}