{"id":625,"date":"2018-09-17T11:42:08","date_gmt":"2018-09-17T11:42:08","guid":{"rendered":"https:\/\/www.lammi.fi\/harkko\/?page_id=625"},"modified":"2025-12-29T19:07:28","modified_gmt":"2025-12-29T16:07:28","slug":"vsk100","status":"publish","type":"page","link":"https:\/\/www.lammi.fi\/harkko\/tuotteet\/pilari-ja-valiseinaharkot\/vsk100\/","title":{"rendered":"VSK100"},"content":{"rendered":"<h2>Kolmen kiven j\u00e4rjestelm\u00e4<\/h2>\n<p>VSK100-tuoteperhe koostuu peruskiven lis\u00e4ksi aukonylityskivest\u00e4 ja puolikkaasta kivest\u00e4. Kivien korkeusmitta on suunniteltu siten, ett\u00e4 oikeaan karmikorkeuteen p\u00e4\u00e4st\u00e4\u00e4n kokonaisilla kivill\u00e4. Aukonylityskivien pohjassa on ura aukonylityster\u00e4st\u00e4 varten. Tarvittaessa aukonylityskive\u00e4 voidaan k\u00e4ytt\u00e4\u00e4 my\u00f6s peruskiven tilalla.<\/p>\n<p>Puolikkaita kivi\u00e4 k\u00e4ytet\u00e4\u00e4n muurauksen aloittamiseen joka toisessa kivikerroksessa, jolloin aikaan saadaan aikaan tarvittava limitys (3M = 300 mm). Puolikkaat kivet v\u00e4hent\u00e4v\u00e4t leikkaustarvetta ja helpottavat asentamista. Oviaukkojen ylityksi\u00e4 varten toimitetaan sinkityt aukonylitysprofiilit, jotka nopeuttavat merkitt\u00e4v\u00e4sti ylitysten tekemist\u00e4.<\/p>\n<p>V\u00e4lisein\u00e4kiviss\u00e4 oleviin onteloihin voidaan sijoittaa s\u00e4hk\u00f6putket ja -rasiat, hanakulmat, sek\u00e4 vesijohdot suojaputkineen. Kivisein\u00e4 voidaan tasoituksen j\u00e4lkeen viimeistell\u00e4 maalaamalla, tapetoimalla tai laatoittamalla. My\u00f6s erilaiset kiinnitykset ja ripustukset on helppo ja turvallinen tehd\u00e4 lujaan kivisein\u00e4\u00e4n.<\/p>\n<p><img decoding=\"async\" class=\"alignnone size-large wp-image-603\" src=\"https:\/\/www.lammi.fi\/harkko\/wp-content\/uploads\/sites\/3\/2018\/09\/harkko_tuoteperhe_valiseinakivet-1024x576.jpg\" alt=\"\" width=\"840\" height=\"473\" srcset=\"https:\/\/www.lammi.fi\/harkko\/wp-content\/uploads\/sites\/3\/2018\/09\/harkko_tuoteperhe_valiseinakivet-1024x576.jpg 1024w, https:\/\/www.lammi.fi\/harkko\/wp-content\/uploads\/sites\/3\/2018\/09\/harkko_tuoteperhe_valiseinakivet-300x169.jpg 300w, https:\/\/www.lammi.fi\/harkko\/wp-content\/uploads\/sites\/3\/2018\/09\/harkko_tuoteperhe_valiseinakivet-768x432.jpg 768w, https:\/\/www.lammi.fi\/harkko\/wp-content\/uploads\/sites\/3\/2018\/09\/harkko_tuoteperhe_valiseinakivet-1200x675.jpg 1200w, https:\/\/www.lammi.fi\/harkko\/wp-content\/uploads\/sites\/3\/2018\/09\/harkko_tuoteperhe_valiseinakivet-280x157.jpg 280w, https:\/\/www.lammi.fi\/harkko\/wp-content\/uploads\/sites\/3\/2018\/09\/harkko_tuoteperhe_valiseinakivet-560x314.jpg 560w, https:\/\/www.lammi.fi\/harkko\/wp-content\/uploads\/sites\/3\/2018\/09\/harkko_tuoteperhe_valiseinakivet-600x338.jpg 600w, https:\/\/www.lammi.fi\/harkko\/wp-content\/uploads\/sites\/3\/2018\/09\/harkko_tuoteperhe_valiseinakivet.jpg 1560w\" sizes=\"(max-width: 709px) 85vw, (max-width: 909px) 67vw, (max-width: 1362px) 62vw, 840px\" \/><\/p>\n<h2>J\u00e4t\u00e4 tarjouspyynt\u00f6<\/h2>\n<p>Miten voimme olla avuksi? <a href=\"https:\/\/www.lammi.fi\/harkko\/yhteystiedot\/jata-tarjouspyynto\/\">J\u00e4t\u00e4 tarjouspyynt\u00f6<\/a> ja palaamme pian asiaan!<\/p>\n","protected":false},"excerpt":{"rendered":"<p>Kolmen kiven j\u00e4rjestelm\u00e4 VSK100-tuoteperhe koostuu peruskiven lis\u00e4ksi aukonylityskivest\u00e4 ja puolikkaasta kivest\u00e4. Kivien korkeusmitta on suunniteltu siten, ett\u00e4 oikeaan karmikorkeuteen p\u00e4\u00e4st\u00e4\u00e4n kokonaisilla kivill\u00e4. Aukonylityskivien pohjassa on ura aukonylityster\u00e4st\u00e4 varten. Tarvittaessa aukonylityskive\u00e4 voidaan k\u00e4ytt\u00e4\u00e4 my\u00f6s peruskiven tilalla. Puolikkaita kivi\u00e4 k\u00e4ytet\u00e4\u00e4n muurauksen aloittamiseen joka toisessa kivikerroksessa, jolloin aikaan saadaan aikaan tarvittava limitys (3M = 300 mm). Puolikkaat kivet &hellip; <a href=\"https:\/\/www.lammi.fi\/harkko\/tuotteet\/pilari-ja-valiseinaharkot\/vsk100\/\" class=\"more-link\">Lue lis\u00e4\u00e4<span class=\"screen-reader-text\"> &#8221;VSK100&#8221;<\/span><\/a><\/p>\n","protected":false},"author":5,"featured_media":0,"parent":2022,"menu_order":0,"comment_status":"closed","ping_status":"closed","template":"","meta":{"_acf_changed":false,"_improvement_type_select":"improve_an_existing","_thumb_yes_seoaic":false,"_frame_yes_seoaic":false,"seoaic_generate_description":"","seoaic_improve_instructions_prompt":"","seoaic_rollback_content_improvement":"","seoaic_idea_thumbnail_generator":"","thumbnail_generated":false,"thumbnail_generate_prompt":"","seoaic_article_description":"","_glsr_average":5,"_glsr_ranking":3.8461538461538,"_glsr_reviews":3,"footnotes":""},"class_list":["post-625","page","type-page","status-publish","hentry"],"acf":[],"yoast_head":"<!-- This site is optimized with the Yoast SEO plugin v27.4 - https:\/\/yoast.com\/product\/yoast-seo-wordpress\/ -->\n<title>Lammi Harkko - VSK100<\/title>\n<meta name=\"description\" content=\"VSK100-tuoteperhe on kolmen kiven j\u00e4rjestelm\u00e4, joka koostuu peruskiven lis\u00e4ksi aukonylityskivest\u00e4 ja puolikkaasta kivest\u00e4. Tutustu tuoteperheeseen.\" \/>\n<link rel=\"canonical\" href=\"https:\/\/www.lammi.fi\/harkko\/tuotteet\/pilari-ja-valiseinaharkot\/vsk100\/\" \/>\n<meta property=\"og:locale\" content=\"fi_FI\" \/>\n<meta property=\"og:type\" content=\"article\" \/>\n<meta property=\"og:title\" content=\"Lammi Harkko - VSK100\" \/>\n<meta property=\"og:description\" content=\"VSK100-tuoteperhe on kolmen kiven j\u00e4rjestelm\u00e4, joka koostuu peruskiven lis\u00e4ksi aukonylityskivest\u00e4 ja puolikkaasta kivest\u00e4. Tutustu tuoteperheeseen.\" \/>\n<meta property=\"og:url\" content=\"https:\/\/www.lammi.fi\/harkko\/tuotteet\/pilari-ja-valiseinaharkot\/vsk100\/\" \/>\n<meta property=\"og:site_name\" content=\"Lammi Harkko\" \/>\n<meta property=\"article:modified_time\" content=\"2025-12-29T16:07:28+00:00\" \/>\n<meta property=\"og:image\" content=\"https:\/\/www.lammi.fi\/harkko\/wp-content\/uploads\/sites\/3\/2018\/09\/harkko_tuoteperhe_valiseinakivet.jpg\" \/>\n\t<meta property=\"og:image:width\" content=\"1560\" \/>\n\t<meta property=\"og:image:height\" content=\"878\" \/>\n\t<meta property=\"og:image:type\" content=\"image\/jpeg\" \/>\n<meta name=\"twitter:card\" content=\"summary_large_image\" \/>\n<meta name=\"twitter:label1\" content=\"Arvioitu lukuaika\" \/>\n\t<meta name=\"twitter:data1\" content=\"1 minuutti\" \/>\n<script type=\"application\/ld+json\" class=\"yoast-schema-graph\">{\"@context\":\"https:\\\/\\\/schema.org\",\"@graph\":[{\"@type\":\"WebPage\",\"@id\":\"https:\\\/\\\/www.lammi.fi\\\/harkko\\\/tuotteet\\\/pilari-ja-valiseinaharkot\\\/vsk100\\\/\",\"url\":\"https:\\\/\\\/www.lammi.fi\\\/harkko\\\/tuotteet\\\/pilari-ja-valiseinaharkot\\\/vsk100\\\/\",\"name\":\"Lammi Harkko - VSK100\",\"isPartOf\":{\"@id\":\"https:\\\/\\\/www.lammi.fi\\\/harkko\\\/#website\"},\"primaryImageOfPage\":{\"@id\":\"https:\\\/\\\/www.lammi.fi\\\/harkko\\\/tuotteet\\\/pilari-ja-valiseinaharkot\\\/vsk100\\\/#primaryimage\"},\"image\":{\"@id\":\"https:\\\/\\\/www.lammi.fi\\\/harkko\\\/tuotteet\\\/pilari-ja-valiseinaharkot\\\/vsk100\\\/#primaryimage\"},\"thumbnailUrl\":\"https:\\\/\\\/www.lammi.fi\\\/harkko\\\/wp-content\\\/uploads\\\/sites\\\/3\\\/2018\\\/09\\\/harkko_tuoteperhe_valiseinakivet-1024x576.jpg\",\"datePublished\":\"2018-09-17T11:42:08+00:00\",\"dateModified\":\"2025-12-29T16:07:28+00:00\",\"description\":\"VSK100-tuoteperhe on kolmen kiven j\u00e4rjestelm\u00e4, joka koostuu peruskiven lis\u00e4ksi aukonylityskivest\u00e4 ja puolikkaasta kivest\u00e4. Tutustu tuoteperheeseen.\",\"breadcrumb\":{\"@id\":\"https:\\\/\\\/www.lammi.fi\\\/harkko\\\/tuotteet\\\/pilari-ja-valiseinaharkot\\\/vsk100\\\/#breadcrumb\"},\"inLanguage\":\"fi\",\"potentialAction\":[{\"@type\":\"ReadAction\",\"target\":[\"https:\\\/\\\/www.lammi.fi\\\/harkko\\\/tuotteet\\\/pilari-ja-valiseinaharkot\\\/vsk100\\\/\"]}]},{\"@type\":\"ImageObject\",\"inLanguage\":\"fi\",\"@id\":\"https:\\\/\\\/www.lammi.fi\\\/harkko\\\/tuotteet\\\/pilari-ja-valiseinaharkot\\\/vsk100\\\/#primaryimage\",\"url\":\"https:\\\/\\\/www.lammi.fi\\\/harkko\\\/wp-content\\\/uploads\\\/sites\\\/3\\\/2018\\\/09\\\/harkko_tuoteperhe_valiseinakivet.jpg\",\"contentUrl\":\"https:\\\/\\\/www.lammi.fi\\\/harkko\\\/wp-content\\\/uploads\\\/sites\\\/3\\\/2018\\\/09\\\/harkko_tuoteperhe_valiseinakivet.jpg\",\"width\":1560,\"height\":878},{\"@type\":\"BreadcrumbList\",\"@id\":\"https:\\\/\\\/www.lammi.fi\\\/harkko\\\/tuotteet\\\/pilari-ja-valiseinaharkot\\\/vsk100\\\/#breadcrumb\",\"itemListElement\":[{\"@type\":\"ListItem\",\"position\":1,\"name\":\"Lammi.fi\",\"item\":\"https:\\\/\\\/www.lammi.fi\"},{\"@type\":\"ListItem\",\"position\":2,\"name\":\"Lammi Harkko\",\"item\":\"https:\\\/\\\/www.lammi.fi\\\/harkko\\\/\"},{\"@type\":\"ListItem\",\"position\":3,\"name\":\"Tuotteet\",\"item\":\"https:\\\/\\\/www.lammi.fi\\\/harkko\\\/tuotteet\\\/\"},{\"@type\":\"ListItem\",\"position\":4,\"name\":\"Pilari- ja v\u00e4lisein\u00e4harkot\",\"item\":\"https:\\\/\\\/www.lammi.fi\\\/harkko\\\/tuotteet\\\/pilari-ja-valiseinaharkot\\\/\"},{\"@type\":\"ListItem\",\"position\":5,\"name\":\"VSK100\"}]},{\"@type\":\"WebSite\",\"@id\":\"https:\\\/\\\/www.lammi.fi\\\/harkko\\\/#website\",\"url\":\"https:\\\/\\\/www.lammi.fi\\\/harkko\\\/\",\"name\":\"Lammi Harkko\",\"description\":\"\",\"publisher\":{\"@id\":\"https:\\\/\\\/www.lammi.fi\\\/harkko\\\/#organization\"},\"potentialAction\":[{\"@type\":\"SearchAction\",\"target\":{\"@type\":\"EntryPoint\",\"urlTemplate\":\"https:\\\/\\\/www.lammi.fi\\\/harkko\\\/?s={search_term_string}\"},\"query-input\":{\"@type\":\"PropertyValueSpecification\",\"valueRequired\":true,\"valueName\":\"search_term_string\"}}],\"inLanguage\":\"fi\"},{\"@type\":\"Organization\",\"@id\":\"https:\\\/\\\/www.lammi.fi\\\/harkko\\\/#organization\",\"name\":\"Lammi Harkko\",\"url\":\"https:\\\/\\\/www.lammi.fi\\\/harkko\\\/\",\"logo\":{\"@type\":\"ImageObject\",\"inLanguage\":\"fi\",\"@id\":\"https:\\\/\\\/www.lammi.fi\\\/harkko\\\/#\\\/schema\\\/logo\\\/image\\\/\",\"url\":\"https:\\\/\\\/www.lammi.fi\\\/harkko\\\/wp-content\\\/uploads\\\/sites\\\/3\\\/2018\\\/06\\\/cropped-lammi_logo.png\",\"contentUrl\":\"https:\\\/\\\/www.lammi.fi\\\/harkko\\\/wp-content\\\/uploads\\\/sites\\\/3\\\/2018\\\/06\\\/cropped-lammi_logo.png\",\"width\":240,\"height\":122,\"caption\":\"Lammi Harkko\"},\"image\":{\"@id\":\"https:\\\/\\\/www.lammi.fi\\\/harkko\\\/#\\\/schema\\\/logo\\\/image\\\/\"}}]}<\/script>\n<!-- \/ Yoast SEO plugin. -->","yoast_head_json":{"title":"Lammi Harkko - VSK100","description":"VSK100-tuoteperhe on kolmen kiven j\u00e4rjestelm\u00e4, joka koostuu peruskiven lis\u00e4ksi aukonylityskivest\u00e4 ja puolikkaasta kivest\u00e4. Tutustu tuoteperheeseen.","canonical":"https:\/\/www.lammi.fi\/harkko\/tuotteet\/pilari-ja-valiseinaharkot\/vsk100\/","og_locale":"fi_FI","og_type":"article","og_title":"Lammi Harkko - VSK100","og_description":"VSK100-tuoteperhe on kolmen kiven j\u00e4rjestelm\u00e4, joka koostuu peruskiven lis\u00e4ksi aukonylityskivest\u00e4 ja puolikkaasta kivest\u00e4. Tutustu tuoteperheeseen.","og_url":"https:\/\/www.lammi.fi\/harkko\/tuotteet\/pilari-ja-valiseinaharkot\/vsk100\/","og_site_name":"Lammi Harkko","article_modified_time":"2025-12-29T16:07:28+00:00","og_image":[{"width":1560,"height":878,"url":"https:\/\/www.lammi.fi\/harkko\/wp-content\/uploads\/sites\/3\/2018\/09\/harkko_tuoteperhe_valiseinakivet.jpg","type":"image\/jpeg"}],"twitter_card":"summary_large_image","twitter_misc":{"Arvioitu lukuaika":"1 minuutti"},"schema":{"@context":"https:\/\/schema.org","@graph":[{"@type":"WebPage","@id":"https:\/\/www.lammi.fi\/harkko\/tuotteet\/pilari-ja-valiseinaharkot\/vsk100\/","url":"https:\/\/www.lammi.fi\/harkko\/tuotteet\/pilari-ja-valiseinaharkot\/vsk100\/","name":"Lammi Harkko - VSK100","isPartOf":{"@id":"https:\/\/www.lammi.fi\/harkko\/#website"},"primaryImageOfPage":{"@id":"https:\/\/www.lammi.fi\/harkko\/tuotteet\/pilari-ja-valiseinaharkot\/vsk100\/#primaryimage"},"image":{"@id":"https:\/\/www.lammi.fi\/harkko\/tuotteet\/pilari-ja-valiseinaharkot\/vsk100\/#primaryimage"},"thumbnailUrl":"https:\/\/www.lammi.fi\/harkko\/wp-content\/uploads\/sites\/3\/2018\/09\/harkko_tuoteperhe_valiseinakivet-1024x576.jpg","datePublished":"2018-09-17T11:42:08+00:00","dateModified":"2025-12-29T16:07:28+00:00","description":"VSK100-tuoteperhe on kolmen kiven j\u00e4rjestelm\u00e4, joka koostuu peruskiven lis\u00e4ksi aukonylityskivest\u00e4 ja puolikkaasta kivest\u00e4. Tutustu tuoteperheeseen.","breadcrumb":{"@id":"https:\/\/www.lammi.fi\/harkko\/tuotteet\/pilari-ja-valiseinaharkot\/vsk100\/#breadcrumb"},"inLanguage":"fi","potentialAction":[{"@type":"ReadAction","target":["https:\/\/www.lammi.fi\/harkko\/tuotteet\/pilari-ja-valiseinaharkot\/vsk100\/"]}]},{"@type":"ImageObject","inLanguage":"fi","@id":"https:\/\/www.lammi.fi\/harkko\/tuotteet\/pilari-ja-valiseinaharkot\/vsk100\/#primaryimage","url":"https:\/\/www.lammi.fi\/harkko\/wp-content\/uploads\/sites\/3\/2018\/09\/harkko_tuoteperhe_valiseinakivet.jpg","contentUrl":"https:\/\/www.lammi.fi\/harkko\/wp-content\/uploads\/sites\/3\/2018\/09\/harkko_tuoteperhe_valiseinakivet.jpg","width":1560,"height":878},{"@type":"BreadcrumbList","@id":"https:\/\/www.lammi.fi\/harkko\/tuotteet\/pilari-ja-valiseinaharkot\/vsk100\/#breadcrumb","itemListElement":[{"@type":"ListItem","position":1,"name":"Lammi.fi","item":"https:\/\/www.lammi.fi"},{"@type":"ListItem","position":2,"name":"Lammi Harkko","item":"https:\/\/www.lammi.fi\/harkko\/"},{"@type":"ListItem","position":3,"name":"Tuotteet","item":"https:\/\/www.lammi.fi\/harkko\/tuotteet\/"},{"@type":"ListItem","position":4,"name":"Pilari- ja v\u00e4lisein\u00e4harkot","item":"https:\/\/www.lammi.fi\/harkko\/tuotteet\/pilari-ja-valiseinaharkot\/"},{"@type":"ListItem","position":5,"name":"VSK100"}]},{"@type":"WebSite","@id":"https:\/\/www.lammi.fi\/harkko\/#website","url":"https:\/\/www.lammi.fi\/harkko\/","name":"Lammi Harkko","description":"","publisher":{"@id":"https:\/\/www.lammi.fi\/harkko\/#organization"},"potentialAction":[{"@type":"SearchAction","target":{"@type":"EntryPoint","urlTemplate":"https:\/\/www.lammi.fi\/harkko\/?s={search_term_string}"},"query-input":{"@type":"PropertyValueSpecification","valueRequired":true,"valueName":"search_term_string"}}],"inLanguage":"fi"},{"@type":"Organization","@id":"https:\/\/www.lammi.fi\/harkko\/#organization","name":"Lammi Harkko","url":"https:\/\/www.lammi.fi\/harkko\/","logo":{"@type":"ImageObject","inLanguage":"fi","@id":"https:\/\/www.lammi.fi\/harkko\/#\/schema\/logo\/image\/","url":"https:\/\/www.lammi.fi\/harkko\/wp-content\/uploads\/sites\/3\/2018\/06\/cropped-lammi_logo.png","contentUrl":"https:\/\/www.lammi.fi\/harkko\/wp-content\/uploads\/sites\/3\/2018\/06\/cropped-lammi_logo.png","width":240,"height":122,"caption":"Lammi Harkko"},"image":{"@id":"https:\/\/www.lammi.fi\/harkko\/#\/schema\/logo\/image\/"}}]}},"_links":{"self":[{"href":"https:\/\/www.lammi.fi\/harkko\/wp-json\/wp\/v2\/pages\/625","targetHints":{"allow":["GET"]}}],"collection":[{"href":"https:\/\/www.lammi.fi\/harkko\/wp-json\/wp\/v2\/pages"}],"about":[{"href":"https:\/\/www.lammi.fi\/harkko\/wp-json\/wp\/v2\/types\/page"}],"author":[{"embeddable":true,"href":"https:\/\/www.lammi.fi\/harkko\/wp-json\/wp\/v2\/users\/5"}],"replies":[{"embeddable":true,"href":"https:\/\/www.lammi.fi\/harkko\/wp-json\/wp\/v2\/comments?post=625"}],"version-history":[{"count":16,"href":"https:\/\/www.lammi.fi\/harkko\/wp-json\/wp\/v2\/pages\/625\/revisions"}],"predecessor-version":[{"id":5135,"href":"https:\/\/www.lammi.fi\/harkko\/wp-json\/wp\/v2\/pages\/625\/revisions\/5135"}],"up":[{"embeddable":true,"href":"https:\/\/www.lammi.fi\/harkko\/wp-json\/wp\/v2\/pages\/2022"}],"wp:attachment":[{"href":"https:\/\/www.lammi.fi\/harkko\/wp-json\/wp\/v2\/media?parent=625"}],"curies":[{"name":"wp","href":"https:\/\/api.w.org\/{rel}","templated":true}]}}