{"id":4600,"date":"2024-12-18T16:46:49","date_gmt":"2024-12-18T13:46:49","guid":{"rendered":"https:\/\/www.lammi.fi\/harkko\/?page_id=4600"},"modified":"2026-03-20T10:59:20","modified_gmt":"2026-03-20T07:59:20","slug":"jalleenmyyjat","status":"publish","type":"page","link":"https:\/\/www.lammi.fi\/harkko\/jalleenmyyjat\/","title":{"rendered":"J\u00e4lleenmyyj\u00e4t"},"content":{"rendered":"<h1>J\u00e4lleenmyyj\u00e4t<\/h1>\n<p>Lammi Harkkoja voi tiedustella l\u00e4himm\u00e4st\u00e4 rautakaupasta.<br \/>\nNopeaan toimitukseen rajattu valikoima tuotteita on saatavilla varastoivista j\u00e4lleenmyyntipaikoista.<\/p>\n<p><a href=\"https:\/\/www.stark-suomi.fi\/\"><img decoding=\"async\" class=\"alignleft size-full wp-image-2309\" src=\"https:\/\/www.lammi.fi\/tassu\/wp-content\/uploads\/sites\/4\/2026\/03\/LAMMITASSU_jamy_logot_STARK_100x160px.png\" alt=\"Lammi Tassu J\u00e4lleenmyyj\u00e4 Stark\" width=\"159\" height=\"100\" \/><\/a><a href=\"https:\/\/www.rautanet.fi\/\"><img decoding=\"async\" class=\"alignleft size-full wp-image-2306\" src=\"https:\/\/www.lammi.fi\/tassu\/wp-content\/uploads\/sites\/4\/2026\/03\/LAMMITASSU_jamy_logot_RAUTANET_100x160px.png\" alt=\"Lammi Tassu J\u00e4lleenmyyj\u00e4 Rautanet\" width=\"208\" height=\"100\" \/><\/a><a href=\"https:\/\/www.hartman.fi\/fi\/\"><img decoding=\"async\" class=\"alignleft size-full wp-image-2297\" src=\"https:\/\/www.lammi.fi\/tassu\/wp-content\/uploads\/sites\/4\/2026\/03\/LAMMITASSU_jamy_logot_HARTMAN_100x165px.png\" alt=\"Lammi Tassu J\u00e4lleenmyyj\u00e4 Hartman\" width=\"165\" height=\"100\" \/><\/a><a href=\"https:\/\/www.k-rauta.fi\/\"><img decoding=\"async\" class=\"alignleft size-full wp-image-2300\" src=\"https:\/\/www.lammi.fi\/tassu\/wp-content\/uploads\/sites\/4\/2026\/03\/LAMMITASSU_jamy_logot_KRAUTA_100x160px.png\" alt=\"Lammi Tassu J\u00e4lleenmyyj\u00e4 KRauta\" width=\"161\" height=\"100\" \/><\/a><a href=\"https:\/\/www.hankkija.fi\/\"><img decoding=\"async\" class=\"alignleft size-full wp-image-2294\" src=\"https:\/\/www.lammi.fi\/tassu\/wp-content\/uploads\/sites\/4\/2026\/03\/LAMMITASSU_jamy_logot_HANKKIJA_100x160px.png\" alt=\"Lammi Tassu J\u00e4lleenmyyj\u00e4 Hankkija\" width=\"161\" height=\"100\" \/><\/a><a href=\"https:\/\/www.netrauta.fi\/\"><img decoding=\"async\" class=\"alignleft size-full wp-image-2303\" src=\"https:\/\/www.lammi.fi\/tassu\/wp-content\/uploads\/sites\/4\/2026\/03\/LAMMITASSU_jamy_logot_NETRAUTA_100x160px.png\" alt=\"Lammi Tassu J\u00e4lleenmyyj\u00e4 Netrauta\" width=\"201\" height=\"100\" data-wp-editing=\"1\" \/><\/a><\/p>\n<p>&nbsp;<\/p>\n<p>&nbsp;<\/p>\n<p>&nbsp;<\/p>\n<p>&nbsp;<\/p>\n<p><a href=\"https:\/\/www.levyjalista.fi\/\"><img decoding=\"async\" class=\"alignleft wp-image-2323\" src=\"https:\/\/www.lammi.fi\/tassu\/wp-content\/uploads\/sites\/4\/2026\/03\/LAMMITASSU_jamy_logot_HEINOLANLEVYJALISTA_100x160px.png\" alt=\"Lammi Tassu J\u00e4lleenmyyj\u00e4 Heinolanlevyjalista\" width=\"178\" height=\"61\" \/><\/a><\/p>\n<p><a href=\"https:\/\/kivikopla.fi\/\"><img decoding=\"async\" class=\"alignleft wp-image-2326\" src=\"https:\/\/www.lammi.fi\/tassu\/wp-content\/uploads\/sites\/4\/2026\/03\/LAMMITASSU_jamy_logot_KIVIKOPLA_100x160px.png\" alt=\"Lammi Tassu J\u00e4lleenmyyj\u00e4 Kivikopla\" width=\"183\" height=\"50\" \/><\/a><\/p>\n<p><a href=\"https:\/\/www.taloon.com\/\"><img decoding=\"async\" class=\"alignleft wp-image-2329\" src=\"https:\/\/www.lammi.fi\/tassu\/wp-content\/uploads\/sites\/4\/2026\/03\/LAMMITASSU_jamy_logot_TALOONCOM_100x160px.png\" alt=\"Lammi Tassu J\u00e4lleenmyyj\u00e4 Taloon.com\" width=\"172\" height=\"59\" \/><\/a><\/p>\n<p>&nbsp;<\/p>\n<p>&nbsp;<\/p>\n<p>Oletko kiinnostunut ottamaan Lammi Harkkoja myym\u00e4l\u00e4si valikoimaan?<\/p>\n<p><a href=\"https:\/\/www.lammi.fi\/harkko\/yhteystiedot\/yhteydenottopyynto\/\">Ota yhteytt\u00e4<\/a> ja keskustellaan lis\u00e4\u00e4.<\/p>\n<p>&nbsp;<\/p>\n<p><img decoding=\"async\" class=\"alignleft wp-image-3728\" src=\"https:\/\/www.lammi.fi\/wp-content\/uploads\/2024\/01\/jonisalmela_06-1.jpg\" alt=\"Joni Salmela\" width=\"134\" height=\"134\" \/>Joni Salmela<br \/>\nMyyntip\u00e4\u00e4llikk\u00f6, j\u00e4lleenmyyj\u00e4t<br \/>\n<a href=\"tel:+358207530421\">0207 530 421<\/a><br \/>\n<a href=\"mailto:joni.salmela@lammi.fi\">joni.salmela@lammi.fi<\/a><\/p>\n","protected":false},"excerpt":{"rendered":"<p>J\u00e4lleenmyyj\u00e4t Lammi Harkkoja voi tiedustella l\u00e4himm\u00e4st\u00e4 rautakaupasta. Nopeaan toimitukseen rajattu valikoima tuotteita on saatavilla varastoivista j\u00e4lleenmyyntipaikoista. &nbsp; &nbsp; &nbsp; &nbsp; &nbsp; &nbsp; Oletko kiinnostunut ottamaan Lammi Harkkoja myym\u00e4l\u00e4si valikoimaan? Ota yhteytt\u00e4 ja keskustellaan lis\u00e4\u00e4. &nbsp; Joni Salmela Myyntip\u00e4\u00e4llikk\u00f6, j\u00e4lleenmyyj\u00e4t 0207 530 421 joni.salmela@lammi.fi<\/p>\n","protected":false},"author":15,"featured_media":0,"parent":0,"menu_order":0,"comment_status":"closed","ping_status":"closed","template":"","meta":{"_acf_changed":false,"_improvement_type_select":"improve_an_existing","_thumb_yes_seoaic":false,"_frame_yes_seoaic":false,"seoaic_generate_description":"","seoaic_improve_instructions_prompt":"","seoaic_rollback_content_improvement":"","seoaic_idea_thumbnail_generator":"","thumbnail_generated":false,"thumbnail_generate_prompt":"","seoaic_article_description":"","_glsr_average":0,"_glsr_ranking":0,"_glsr_reviews":0,"footnotes":""},"class_list":["post-4600","page","type-page","status-publish","hentry"],"acf":[],"yoast_head":"<!-- This site is optimized with the Yoast SEO plugin v27.1.1 - https:\/\/yoast.com\/product\/yoast-seo-wordpress\/ -->\n<title>J\u00e4lleenmyyj\u00e4t - Lammi Harkko<\/title>\n<meta name=\"description\" content=\"Lammi Harkkoja voi tiedustella l\u00e4himm\u00e4st\u00e4 rautakaupasta. Rajattu valikoima tuotteita saatavilla varastoivilta j\u00e4lleenmyyjilt\u00e4.\" \/>\n<link rel=\"canonical\" href=\"https:\/\/www.lammi.fi\/harkko\/jalleenmyyjat\/\" \/>\n<meta property=\"og:locale\" content=\"fi_FI\" \/>\n<meta property=\"og:type\" content=\"article\" \/>\n<meta property=\"og:title\" content=\"J\u00e4lleenmyyj\u00e4t - Lammi Harkko\" \/>\n<meta property=\"og:description\" content=\"Lammi Harkkoja voi tiedustella l\u00e4himm\u00e4st\u00e4 rautakaupasta. Rajattu valikoima tuotteita saatavilla varastoivilta j\u00e4lleenmyyjilt\u00e4.\" \/>\n<meta property=\"og:url\" content=\"https:\/\/www.lammi.fi\/harkko\/jalleenmyyjat\/\" \/>\n<meta property=\"og:site_name\" content=\"Lammi Harkko\" \/>\n<meta property=\"article:modified_time\" content=\"2026-03-20T07:59:20+00:00\" \/>\n<meta name=\"twitter:card\" content=\"summary_large_image\" \/>\n<meta name=\"twitter:label1\" content=\"Arvioitu lukuaika\" \/>\n\t<meta name=\"twitter:data1\" content=\"3 minuuttia\" \/>\n<script type=\"application\/ld+json\" class=\"yoast-schema-graph\">{\"@context\":\"https:\/\/schema.org\",\"@graph\":[{\"@type\":\"WebPage\",\"@id\":\"https:\/\/www.lammi.fi\/harkko\/jalleenmyyjat\/\",\"url\":\"https:\/\/www.lammi.fi\/harkko\/jalleenmyyjat\/\",\"name\":\"J\u00e4lleenmyyj\u00e4t - Lammi Harkko\",\"isPartOf\":{\"@id\":\"https:\/\/www.lammi.fi\/harkko\/#website\"},\"primaryImageOfPage\":{\"@id\":\"https:\/\/www.lammi.fi\/harkko\/jalleenmyyjat\/#primaryimage\"},\"image\":{\"@id\":\"https:\/\/www.lammi.fi\/harkko\/jalleenmyyjat\/#primaryimage\"},\"thumbnailUrl\":\"https:\/\/www.lammi.fi\/tassu\/wp-content\/uploads\/sites\/4\/2026\/03\/LAMMITASSU_jamy_logot_STARK_100x160px.png\",\"datePublished\":\"2024-12-18T13:46:49+00:00\",\"dateModified\":\"2026-03-20T07:59:20+00:00\",\"description\":\"Lammi Harkkoja voi tiedustella l\u00e4himm\u00e4st\u00e4 rautakaupasta. Rajattu valikoima tuotteita saatavilla varastoivilta j\u00e4lleenmyyjilt\u00e4.\",\"breadcrumb\":{\"@id\":\"https:\/\/www.lammi.fi\/harkko\/jalleenmyyjat\/#breadcrumb\"},\"inLanguage\":\"fi\",\"potentialAction\":[{\"@type\":\"ReadAction\",\"target\":[\"https:\/\/www.lammi.fi\/harkko\/jalleenmyyjat\/\"]}]},{\"@type\":\"ImageObject\",\"inLanguage\":\"fi\",\"@id\":\"https:\/\/www.lammi.fi\/harkko\/jalleenmyyjat\/#primaryimage\",\"url\":\"https:\/\/www.lammi.fi\/tassu\/wp-content\/uploads\/sites\/4\/2026\/03\/LAMMITASSU_jamy_logot_STARK_100x160px.png\",\"contentUrl\":\"https:\/\/www.lammi.fi\/tassu\/wp-content\/uploads\/sites\/4\/2026\/03\/LAMMITASSU_jamy_logot_STARK_100x160px.png\"},{\"@type\":\"BreadcrumbList\",\"@id\":\"https:\/\/www.lammi.fi\/harkko\/jalleenmyyjat\/#breadcrumb\",\"itemListElement\":[{\"@type\":\"ListItem\",\"position\":1,\"name\":\"Lammi.fi\",\"item\":\"https:\/\/www.lammi.fi\"},{\"@type\":\"ListItem\",\"position\":2,\"name\":\"Lammi Harkko\",\"item\":\"https:\/\/www.lammi.fi\/harkko\/\"},{\"@type\":\"ListItem\",\"position\":3,\"name\":\"J\u00e4lleenmyyj\u00e4t\"}]},{\"@type\":\"WebSite\",\"@id\":\"https:\/\/www.lammi.fi\/harkko\/#website\",\"url\":\"https:\/\/www.lammi.fi\/harkko\/\",\"name\":\"Lammi Harkko\",\"description\":\"\",\"publisher\":{\"@id\":\"https:\/\/www.lammi.fi\/harkko\/#organization\"},\"potentialAction\":[{\"@type\":\"SearchAction\",\"target\":{\"@type\":\"EntryPoint\",\"urlTemplate\":\"https:\/\/www.lammi.fi\/harkko\/?s={search_term_string}\"},\"query-input\":{\"@type\":\"PropertyValueSpecification\",\"valueRequired\":true,\"valueName\":\"search_term_string\"}}],\"inLanguage\":\"fi\"},{\"@type\":\"Organization\",\"@id\":\"https:\/\/www.lammi.fi\/harkko\/#organization\",\"name\":\"Lammi Harkko\",\"url\":\"https:\/\/www.lammi.fi\/harkko\/\",\"logo\":{\"@type\":\"ImageObject\",\"inLanguage\":\"fi\",\"@id\":\"https:\/\/www.lammi.fi\/harkko\/#\/schema\/logo\/image\/\",\"url\":\"https:\/\/www.lammi.fi\/harkko\/wp-content\/uploads\/sites\/3\/2018\/06\/cropped-lammi_logo.png\",\"contentUrl\":\"https:\/\/www.lammi.fi\/harkko\/wp-content\/uploads\/sites\/3\/2018\/06\/cropped-lammi_logo.png\",\"width\":240,\"height\":122,\"caption\":\"Lammi Harkko\"},\"image\":{\"@id\":\"https:\/\/www.lammi.fi\/harkko\/#\/schema\/logo\/image\/\"}}]}<\/script>\n<!-- \/ Yoast SEO plugin. -->","yoast_head_json":{"title":"J\u00e4lleenmyyj\u00e4t - Lammi Harkko","description":"Lammi Harkkoja voi tiedustella l\u00e4himm\u00e4st\u00e4 rautakaupasta. Rajattu valikoima tuotteita saatavilla varastoivilta j\u00e4lleenmyyjilt\u00e4.","canonical":"https:\/\/www.lammi.fi\/harkko\/jalleenmyyjat\/","og_locale":"fi_FI","og_type":"article","og_title":"J\u00e4lleenmyyj\u00e4t - Lammi Harkko","og_description":"Lammi Harkkoja voi tiedustella l\u00e4himm\u00e4st\u00e4 rautakaupasta. Rajattu valikoima tuotteita saatavilla varastoivilta j\u00e4lleenmyyjilt\u00e4.","og_url":"https:\/\/www.lammi.fi\/harkko\/jalleenmyyjat\/","og_site_name":"Lammi Harkko","article_modified_time":"2026-03-20T07:59:20+00:00","twitter_card":"summary_large_image","twitter_misc":{"Arvioitu lukuaika":"3 minuuttia"},"schema":{"@context":"https:\/\/schema.org","@graph":[{"@type":"WebPage","@id":"https:\/\/www.lammi.fi\/harkko\/jalleenmyyjat\/","url":"https:\/\/www.lammi.fi\/harkko\/jalleenmyyjat\/","name":"J\u00e4lleenmyyj\u00e4t - Lammi Harkko","isPartOf":{"@id":"https:\/\/www.lammi.fi\/harkko\/#website"},"primaryImageOfPage":{"@id":"https:\/\/www.lammi.fi\/harkko\/jalleenmyyjat\/#primaryimage"},"image":{"@id":"https:\/\/www.lammi.fi\/harkko\/jalleenmyyjat\/#primaryimage"},"thumbnailUrl":"https:\/\/www.lammi.fi\/tassu\/wp-content\/uploads\/sites\/4\/2026\/03\/LAMMITASSU_jamy_logot_STARK_100x160px.png","datePublished":"2024-12-18T13:46:49+00:00","dateModified":"2026-03-20T07:59:20+00:00","description":"Lammi Harkkoja voi tiedustella l\u00e4himm\u00e4st\u00e4 rautakaupasta. Rajattu valikoima tuotteita saatavilla varastoivilta j\u00e4lleenmyyjilt\u00e4.","breadcrumb":{"@id":"https:\/\/www.lammi.fi\/harkko\/jalleenmyyjat\/#breadcrumb"},"inLanguage":"fi","potentialAction":[{"@type":"ReadAction","target":["https:\/\/www.lammi.fi\/harkko\/jalleenmyyjat\/"]}]},{"@type":"ImageObject","inLanguage":"fi","@id":"https:\/\/www.lammi.fi\/harkko\/jalleenmyyjat\/#primaryimage","url":"https:\/\/www.lammi.fi\/tassu\/wp-content\/uploads\/sites\/4\/2026\/03\/LAMMITASSU_jamy_logot_STARK_100x160px.png","contentUrl":"https:\/\/www.lammi.fi\/tassu\/wp-content\/uploads\/sites\/4\/2026\/03\/LAMMITASSU_jamy_logot_STARK_100x160px.png"},{"@type":"BreadcrumbList","@id":"https:\/\/www.lammi.fi\/harkko\/jalleenmyyjat\/#breadcrumb","itemListElement":[{"@type":"ListItem","position":1,"name":"Lammi.fi","item":"https:\/\/www.lammi.fi"},{"@type":"ListItem","position":2,"name":"Lammi Harkko","item":"https:\/\/www.lammi.fi\/harkko\/"},{"@type":"ListItem","position":3,"name":"J\u00e4lleenmyyj\u00e4t"}]},{"@type":"WebSite","@id":"https:\/\/www.lammi.fi\/harkko\/#website","url":"https:\/\/www.lammi.fi\/harkko\/","name":"Lammi Harkko","description":"","publisher":{"@id":"https:\/\/www.lammi.fi\/harkko\/#organization"},"potentialAction":[{"@type":"SearchAction","target":{"@type":"EntryPoint","urlTemplate":"https:\/\/www.lammi.fi\/harkko\/?s={search_term_string}"},"query-input":{"@type":"PropertyValueSpecification","valueRequired":true,"valueName":"search_term_string"}}],"inLanguage":"fi"},{"@type":"Organization","@id":"https:\/\/www.lammi.fi\/harkko\/#organization","name":"Lammi Harkko","url":"https:\/\/www.lammi.fi\/harkko\/","logo":{"@type":"ImageObject","inLanguage":"fi","@id":"https:\/\/www.lammi.fi\/harkko\/#\/schema\/logo\/image\/","url":"https:\/\/www.lammi.fi\/harkko\/wp-content\/uploads\/sites\/3\/2018\/06\/cropped-lammi_logo.png","contentUrl":"https:\/\/www.lammi.fi\/harkko\/wp-content\/uploads\/sites\/3\/2018\/06\/cropped-lammi_logo.png","width":240,"height":122,"caption":"Lammi Harkko"},"image":{"@id":"https:\/\/www.lammi.fi\/harkko\/#\/schema\/logo\/image\/"}}]}},"_links":{"self":[{"href":"https:\/\/www.lammi.fi\/harkko\/wp-json\/wp\/v2\/pages\/4600","targetHints":{"allow":["GET"]}}],"collection":[{"href":"https:\/\/www.lammi.fi\/harkko\/wp-json\/wp\/v2\/pages"}],"about":[{"href":"https:\/\/www.lammi.fi\/harkko\/wp-json\/wp\/v2\/types\/page"}],"author":[{"embeddable":true,"href":"https:\/\/www.lammi.fi\/harkko\/wp-json\/wp\/v2\/users\/15"}],"replies":[{"embeddable":true,"href":"https:\/\/www.lammi.fi\/harkko\/wp-json\/wp\/v2\/comments?post=4600"}],"version-history":[{"count":5,"href":"https:\/\/www.lammi.fi\/harkko\/wp-json\/wp\/v2\/pages\/4600\/revisions"}],"predecessor-version":[{"id":5177,"href":"https:\/\/www.lammi.fi\/harkko\/wp-json\/wp\/v2\/pages\/4600\/revisions\/5177"}],"wp:attachment":[{"href":"https:\/\/www.lammi.fi\/harkko\/wp-json\/wp\/v2\/media?parent=4600"}],"curies":[{"name":"wp","href":"https:\/\/api.w.org\/{rel}","templated":true}]}}