{"id":439,"date":"2018-09-11T10:29:27","date_gmt":"2018-09-11T10:29:27","guid":{"rendered":"https:\/\/www.lammi.fi\/harkko\/?page_id=439"},"modified":"2025-12-29T18:56:44","modified_gmt":"2025-12-29T15:56:44","slug":"mh200","status":"publish","type":"page","link":"https:\/\/www.lammi.fi\/harkko\/tuotteet\/muottiharkot\/mh200\/","title":{"rendered":"MH200"},"content":{"rendered":"<h1>Monipuolisuutta ja kest\u00e4vyytt\u00e4<\/h1>\n<h1><img decoding=\"async\" class=\"alignnone size-large wp-image-595\" style=\"font-size: 18px\" src=\"https:\/\/www.lammi.fi\/harkko\/wp-content\/uploads\/sites\/3\/2018\/09\/harkko_tuoteperhe_muottikivet_mh200-1024x576.jpg\" alt=\"\" width=\"840\" height=\"473\" srcset=\"https:\/\/www.lammi.fi\/harkko\/wp-content\/uploads\/sites\/3\/2018\/09\/harkko_tuoteperhe_muottikivet_mh200-1024x576.jpg 1024w, https:\/\/www.lammi.fi\/harkko\/wp-content\/uploads\/sites\/3\/2018\/09\/harkko_tuoteperhe_muottikivet_mh200-300x169.jpg 300w, https:\/\/www.lammi.fi\/harkko\/wp-content\/uploads\/sites\/3\/2018\/09\/harkko_tuoteperhe_muottikivet_mh200-768x432.jpg 768w, https:\/\/www.lammi.fi\/harkko\/wp-content\/uploads\/sites\/3\/2018\/09\/harkko_tuoteperhe_muottikivet_mh200-1200x675.jpg 1200w, https:\/\/www.lammi.fi\/harkko\/wp-content\/uploads\/sites\/3\/2018\/09\/harkko_tuoteperhe_muottikivet_mh200-280x157.jpg 280w, https:\/\/www.lammi.fi\/harkko\/wp-content\/uploads\/sites\/3\/2018\/09\/harkko_tuoteperhe_muottikivet_mh200-560x314.jpg 560w, https:\/\/www.lammi.fi\/harkko\/wp-content\/uploads\/sites\/3\/2018\/09\/harkko_tuoteperhe_muottikivet_mh200-600x338.jpg 600w, https:\/\/www.lammi.fi\/harkko\/wp-content\/uploads\/sites\/3\/2018\/09\/harkko_tuoteperhe_muottikivet_mh200.jpg 1560w\" sizes=\"(max-width: 709px) 85vw, (max-width: 909px) 67vw, (max-width: 1362px) 62vw, 840px\" \/><\/h1>\n<p>MH200 -tuoteperheen ladottavat harkot ovat nopeita asentaa ja valun j\u00e4lkeen rakenne on todella luja ja tiivis. Harkkoja k\u00e4ytet\u00e4\u00e4n helpon k\u00e4sitelt\u00e4vyyden takia usein huoneiston v\u00e4lisiss\u00e4 seiniss\u00e4 ja kantavissa v\u00e4liseiniss\u00e4. Ty\u00f6n helppous korostuu my\u00f6s saneerauskohteissa. Tuoteperheeseen kuuluu peruskivi, kulmakivi sek\u00e4 lyhyt ja pitk\u00e4 p\u00e4\u00e4tyharkko.<\/p>\n<h3>Esimerkkej\u00e4 k\u00e4ytt\u00f6kohteista<\/h3>\n<ul>\n<li>Hissikuilut<\/li>\n<li>Saneerauskohteet<\/li>\n<li>Huoneistojen v\u00e4liset osastoivat sein\u00e4t<\/li>\n<li>Kantavat v\u00e4lisein\u00e4t<\/li>\n<li>Tukimuurit<\/li>\n<li>Perustukset<\/li>\n<li>Erilaiset siilorakenteet, maatalous- ja teollisuuskohteet<\/li>\n<\/ul>\n<h2>J\u00e4t\u00e4 tarjouspyynt\u00f6<\/h2>\n<p>Miten voimme olla avuksi? <a href=\"https:\/\/www.lammi.fi\/harkko\/yhteystiedot\/jata-tarjouspyynto\/\">J\u00e4t\u00e4 tarjouspyynt\u00f6<\/a> ja palaamme pian asiaan!<\/p>\n","protected":false},"excerpt":{"rendered":"<p>Monipuolisuutta ja kest\u00e4vyytt\u00e4 MH200 -tuoteperheen ladottavat harkot ovat nopeita asentaa ja valun j\u00e4lkeen rakenne on todella luja ja tiivis. Harkkoja k\u00e4ytet\u00e4\u00e4n helpon k\u00e4sitelt\u00e4vyyden takia usein huoneiston v\u00e4lisiss\u00e4 seiniss\u00e4 ja kantavissa v\u00e4liseiniss\u00e4. Ty\u00f6n helppous korostuu my\u00f6s saneerauskohteissa. Tuoteperheeseen kuuluu peruskivi, kulmakivi sek\u00e4 lyhyt ja pitk\u00e4 p\u00e4\u00e4tyharkko. Esimerkkej\u00e4 k\u00e4ytt\u00f6kohteista Hissikuilut Saneerauskohteet Huoneistojen v\u00e4liset osastoivat sein\u00e4t Kantavat v\u00e4lisein\u00e4t &hellip; <a href=\"https:\/\/www.lammi.fi\/harkko\/tuotteet\/muottiharkot\/mh200\/\" class=\"more-link\">Lue lis\u00e4\u00e4<span class=\"screen-reader-text\"> &#8221;MH200&#8221;<\/span><\/a><\/p>\n","protected":false},"author":5,"featured_media":0,"parent":367,"menu_order":0,"comment_status":"closed","ping_status":"closed","template":"","meta":{"_acf_changed":false,"_improvement_type_select":"improve_an_existing","_thumb_yes_seoaic":false,"_frame_yes_seoaic":false,"seoaic_generate_description":"","seoaic_improve_instructions_prompt":"","seoaic_rollback_content_improvement":"","seoaic_idea_thumbnail_generator":"","thumbnail_generated":false,"thumbnail_generate_prompt":"","seoaic_article_description":"","_glsr_average":4.6,"_glsr_ranking":3.8666666666667,"_glsr_reviews":5,"footnotes":""},"class_list":["post-439","page","type-page","status-publish","hentry"],"acf":[],"yoast_head":"<!-- This site is optimized with the Yoast SEO plugin v27.4 - https:\/\/yoast.com\/product\/yoast-seo-wordpress\/ -->\n<title>Lammi Harkko - MH200<\/title>\n<meta name=\"description\" content=\"MH200-tuoteperheen ladottavat harkot ovat nopeita asentaa ja valun j\u00e4lkeen rakenne on todella luja ja tiivis. Tutustu tuoteperheeseen.\" \/>\n<link rel=\"canonical\" href=\"https:\/\/www.lammi.fi\/harkko\/tuotteet\/muottiharkot\/mh200\/\" \/>\n<meta property=\"og:locale\" content=\"fi_FI\" \/>\n<meta property=\"og:type\" content=\"article\" \/>\n<meta property=\"og:title\" content=\"Lammi Harkko - MH200\" \/>\n<meta property=\"og:description\" content=\"MH200-tuoteperheen ladottavat harkot ovat nopeita asentaa ja valun j\u00e4lkeen rakenne on todella luja ja tiivis. Tutustu tuoteperheeseen.\" \/>\n<meta property=\"og:url\" content=\"https:\/\/www.lammi.fi\/harkko\/tuotteet\/muottiharkot\/mh200\/\" \/>\n<meta property=\"og:site_name\" content=\"Lammi Harkko\" \/>\n<meta property=\"article:modified_time\" content=\"2025-12-29T15:56:44+00:00\" \/>\n<meta property=\"og:image\" content=\"https:\/\/www.lammi.fi\/harkko\/wp-content\/uploads\/sites\/3\/2018\/09\/harkko_tuoteperhe_muottikivet_mh200.jpg\" \/>\n\t<meta property=\"og:image:width\" content=\"1560\" \/>\n\t<meta property=\"og:image:height\" content=\"878\" \/>\n\t<meta property=\"og:image:type\" content=\"image\/jpeg\" \/>\n<meta name=\"twitter:card\" content=\"summary_large_image\" \/>\n<meta name=\"twitter:label1\" content=\"Arvioitu lukuaika\" \/>\n\t<meta name=\"twitter:data1\" content=\"1 minuutti\" \/>\n<script type=\"application\/ld+json\" class=\"yoast-schema-graph\">{\"@context\":\"https:\\\/\\\/schema.org\",\"@graph\":[{\"@type\":\"WebPage\",\"@id\":\"https:\\\/\\\/www.lammi.fi\\\/harkko\\\/tuotteet\\\/muottiharkot\\\/mh200\\\/\",\"url\":\"https:\\\/\\\/www.lammi.fi\\\/harkko\\\/tuotteet\\\/muottiharkot\\\/mh200\\\/\",\"name\":\"Lammi Harkko - MH200\",\"isPartOf\":{\"@id\":\"https:\\\/\\\/www.lammi.fi\\\/harkko\\\/#website\"},\"primaryImageOfPage\":{\"@id\":\"https:\\\/\\\/www.lammi.fi\\\/harkko\\\/tuotteet\\\/muottiharkot\\\/mh200\\\/#primaryimage\"},\"image\":{\"@id\":\"https:\\\/\\\/www.lammi.fi\\\/harkko\\\/tuotteet\\\/muottiharkot\\\/mh200\\\/#primaryimage\"},\"thumbnailUrl\":\"https:\\\/\\\/www.lammi.fi\\\/harkko\\\/wp-content\\\/uploads\\\/sites\\\/3\\\/2018\\\/09\\\/harkko_tuoteperhe_muottikivet_mh200-1024x576.jpg\",\"datePublished\":\"2018-09-11T10:29:27+00:00\",\"dateModified\":\"2025-12-29T15:56:44+00:00\",\"description\":\"MH200-tuoteperheen ladottavat harkot ovat nopeita asentaa ja valun j\u00e4lkeen rakenne on todella luja ja tiivis. Tutustu tuoteperheeseen.\",\"breadcrumb\":{\"@id\":\"https:\\\/\\\/www.lammi.fi\\\/harkko\\\/tuotteet\\\/muottiharkot\\\/mh200\\\/#breadcrumb\"},\"inLanguage\":\"fi\",\"potentialAction\":[{\"@type\":\"ReadAction\",\"target\":[\"https:\\\/\\\/www.lammi.fi\\\/harkko\\\/tuotteet\\\/muottiharkot\\\/mh200\\\/\"]}]},{\"@type\":\"ImageObject\",\"inLanguage\":\"fi\",\"@id\":\"https:\\\/\\\/www.lammi.fi\\\/harkko\\\/tuotteet\\\/muottiharkot\\\/mh200\\\/#primaryimage\",\"url\":\"https:\\\/\\\/www.lammi.fi\\\/harkko\\\/wp-content\\\/uploads\\\/sites\\\/3\\\/2018\\\/09\\\/harkko_tuoteperhe_muottikivet_mh200.jpg\",\"contentUrl\":\"https:\\\/\\\/www.lammi.fi\\\/harkko\\\/wp-content\\\/uploads\\\/sites\\\/3\\\/2018\\\/09\\\/harkko_tuoteperhe_muottikivet_mh200.jpg\",\"width\":1560,\"height\":878},{\"@type\":\"BreadcrumbList\",\"@id\":\"https:\\\/\\\/www.lammi.fi\\\/harkko\\\/tuotteet\\\/muottiharkot\\\/mh200\\\/#breadcrumb\",\"itemListElement\":[{\"@type\":\"ListItem\",\"position\":1,\"name\":\"Lammi.fi\",\"item\":\"https:\\\/\\\/www.lammi.fi\"},{\"@type\":\"ListItem\",\"position\":2,\"name\":\"Lammi Harkko\",\"item\":\"https:\\\/\\\/www.lammi.fi\\\/harkko\\\/\"},{\"@type\":\"ListItem\",\"position\":3,\"name\":\"Tuotteet\",\"item\":\"https:\\\/\\\/www.lammi.fi\\\/harkko\\\/tuotteet\\\/\"},{\"@type\":\"ListItem\",\"position\":4,\"name\":\"Muottiharkot\",\"item\":\"https:\\\/\\\/www.lammi.fi\\\/harkko\\\/tuotteet\\\/muottiharkot\\\/\"},{\"@type\":\"ListItem\",\"position\":5,\"name\":\"MH200\"}]},{\"@type\":\"WebSite\",\"@id\":\"https:\\\/\\\/www.lammi.fi\\\/harkko\\\/#website\",\"url\":\"https:\\\/\\\/www.lammi.fi\\\/harkko\\\/\",\"name\":\"Lammi Harkko\",\"description\":\"\",\"publisher\":{\"@id\":\"https:\\\/\\\/www.lammi.fi\\\/harkko\\\/#organization\"},\"potentialAction\":[{\"@type\":\"SearchAction\",\"target\":{\"@type\":\"EntryPoint\",\"urlTemplate\":\"https:\\\/\\\/www.lammi.fi\\\/harkko\\\/?s={search_term_string}\"},\"query-input\":{\"@type\":\"PropertyValueSpecification\",\"valueRequired\":true,\"valueName\":\"search_term_string\"}}],\"inLanguage\":\"fi\"},{\"@type\":\"Organization\",\"@id\":\"https:\\\/\\\/www.lammi.fi\\\/harkko\\\/#organization\",\"name\":\"Lammi Harkko\",\"url\":\"https:\\\/\\\/www.lammi.fi\\\/harkko\\\/\",\"logo\":{\"@type\":\"ImageObject\",\"inLanguage\":\"fi\",\"@id\":\"https:\\\/\\\/www.lammi.fi\\\/harkko\\\/#\\\/schema\\\/logo\\\/image\\\/\",\"url\":\"https:\\\/\\\/www.lammi.fi\\\/harkko\\\/wp-content\\\/uploads\\\/sites\\\/3\\\/2018\\\/06\\\/cropped-lammi_logo.png\",\"contentUrl\":\"https:\\\/\\\/www.lammi.fi\\\/harkko\\\/wp-content\\\/uploads\\\/sites\\\/3\\\/2018\\\/06\\\/cropped-lammi_logo.png\",\"width\":240,\"height\":122,\"caption\":\"Lammi Harkko\"},\"image\":{\"@id\":\"https:\\\/\\\/www.lammi.fi\\\/harkko\\\/#\\\/schema\\\/logo\\\/image\\\/\"}}]}<\/script>\n<!-- \/ Yoast SEO plugin. -->","yoast_head_json":{"title":"Lammi Harkko - MH200","description":"MH200-tuoteperheen ladottavat harkot ovat nopeita asentaa ja valun j\u00e4lkeen rakenne on todella luja ja tiivis. Tutustu tuoteperheeseen.","canonical":"https:\/\/www.lammi.fi\/harkko\/tuotteet\/muottiharkot\/mh200\/","og_locale":"fi_FI","og_type":"article","og_title":"Lammi Harkko - MH200","og_description":"MH200-tuoteperheen ladottavat harkot ovat nopeita asentaa ja valun j\u00e4lkeen rakenne on todella luja ja tiivis. Tutustu tuoteperheeseen.","og_url":"https:\/\/www.lammi.fi\/harkko\/tuotteet\/muottiharkot\/mh200\/","og_site_name":"Lammi Harkko","article_modified_time":"2025-12-29T15:56:44+00:00","og_image":[{"width":1560,"height":878,"url":"https:\/\/www.lammi.fi\/harkko\/wp-content\/uploads\/sites\/3\/2018\/09\/harkko_tuoteperhe_muottikivet_mh200.jpg","type":"image\/jpeg"}],"twitter_card":"summary_large_image","twitter_misc":{"Arvioitu lukuaika":"1 minuutti"},"schema":{"@context":"https:\/\/schema.org","@graph":[{"@type":"WebPage","@id":"https:\/\/www.lammi.fi\/harkko\/tuotteet\/muottiharkot\/mh200\/","url":"https:\/\/www.lammi.fi\/harkko\/tuotteet\/muottiharkot\/mh200\/","name":"Lammi Harkko - MH200","isPartOf":{"@id":"https:\/\/www.lammi.fi\/harkko\/#website"},"primaryImageOfPage":{"@id":"https:\/\/www.lammi.fi\/harkko\/tuotteet\/muottiharkot\/mh200\/#primaryimage"},"image":{"@id":"https:\/\/www.lammi.fi\/harkko\/tuotteet\/muottiharkot\/mh200\/#primaryimage"},"thumbnailUrl":"https:\/\/www.lammi.fi\/harkko\/wp-content\/uploads\/sites\/3\/2018\/09\/harkko_tuoteperhe_muottikivet_mh200-1024x576.jpg","datePublished":"2018-09-11T10:29:27+00:00","dateModified":"2025-12-29T15:56:44+00:00","description":"MH200-tuoteperheen ladottavat harkot ovat nopeita asentaa ja valun j\u00e4lkeen rakenne on todella luja ja tiivis. Tutustu tuoteperheeseen.","breadcrumb":{"@id":"https:\/\/www.lammi.fi\/harkko\/tuotteet\/muottiharkot\/mh200\/#breadcrumb"},"inLanguage":"fi","potentialAction":[{"@type":"ReadAction","target":["https:\/\/www.lammi.fi\/harkko\/tuotteet\/muottiharkot\/mh200\/"]}]},{"@type":"ImageObject","inLanguage":"fi","@id":"https:\/\/www.lammi.fi\/harkko\/tuotteet\/muottiharkot\/mh200\/#primaryimage","url":"https:\/\/www.lammi.fi\/harkko\/wp-content\/uploads\/sites\/3\/2018\/09\/harkko_tuoteperhe_muottikivet_mh200.jpg","contentUrl":"https:\/\/www.lammi.fi\/harkko\/wp-content\/uploads\/sites\/3\/2018\/09\/harkko_tuoteperhe_muottikivet_mh200.jpg","width":1560,"height":878},{"@type":"BreadcrumbList","@id":"https:\/\/www.lammi.fi\/harkko\/tuotteet\/muottiharkot\/mh200\/#breadcrumb","itemListElement":[{"@type":"ListItem","position":1,"name":"Lammi.fi","item":"https:\/\/www.lammi.fi"},{"@type":"ListItem","position":2,"name":"Lammi Harkko","item":"https:\/\/www.lammi.fi\/harkko\/"},{"@type":"ListItem","position":3,"name":"Tuotteet","item":"https:\/\/www.lammi.fi\/harkko\/tuotteet\/"},{"@type":"ListItem","position":4,"name":"Muottiharkot","item":"https:\/\/www.lammi.fi\/harkko\/tuotteet\/muottiharkot\/"},{"@type":"ListItem","position":5,"name":"MH200"}]},{"@type":"WebSite","@id":"https:\/\/www.lammi.fi\/harkko\/#website","url":"https:\/\/www.lammi.fi\/harkko\/","name":"Lammi Harkko","description":"","publisher":{"@id":"https:\/\/www.lammi.fi\/harkko\/#organization"},"potentialAction":[{"@type":"SearchAction","target":{"@type":"EntryPoint","urlTemplate":"https:\/\/www.lammi.fi\/harkko\/?s={search_term_string}"},"query-input":{"@type":"PropertyValueSpecification","valueRequired":true,"valueName":"search_term_string"}}],"inLanguage":"fi"},{"@type":"Organization","@id":"https:\/\/www.lammi.fi\/harkko\/#organization","name":"Lammi Harkko","url":"https:\/\/www.lammi.fi\/harkko\/","logo":{"@type":"ImageObject","inLanguage":"fi","@id":"https:\/\/www.lammi.fi\/harkko\/#\/schema\/logo\/image\/","url":"https:\/\/www.lammi.fi\/harkko\/wp-content\/uploads\/sites\/3\/2018\/06\/cropped-lammi_logo.png","contentUrl":"https:\/\/www.lammi.fi\/harkko\/wp-content\/uploads\/sites\/3\/2018\/06\/cropped-lammi_logo.png","width":240,"height":122,"caption":"Lammi Harkko"},"image":{"@id":"https:\/\/www.lammi.fi\/harkko\/#\/schema\/logo\/image\/"}}]}},"_links":{"self":[{"href":"https:\/\/www.lammi.fi\/harkko\/wp-json\/wp\/v2\/pages\/439","targetHints":{"allow":["GET"]}}],"collection":[{"href":"https:\/\/www.lammi.fi\/harkko\/wp-json\/wp\/v2\/pages"}],"about":[{"href":"https:\/\/www.lammi.fi\/harkko\/wp-json\/wp\/v2\/types\/page"}],"author":[{"embeddable":true,"href":"https:\/\/www.lammi.fi\/harkko\/wp-json\/wp\/v2\/users\/5"}],"replies":[{"embeddable":true,"href":"https:\/\/www.lammi.fi\/harkko\/wp-json\/wp\/v2\/comments?post=439"}],"version-history":[{"count":16,"href":"https:\/\/www.lammi.fi\/harkko\/wp-json\/wp\/v2\/pages\/439\/revisions"}],"predecessor-version":[{"id":5130,"href":"https:\/\/www.lammi.fi\/harkko\/wp-json\/wp\/v2\/pages\/439\/revisions\/5130"}],"up":[{"embeddable":true,"href":"https:\/\/www.lammi.fi\/harkko\/wp-json\/wp\/v2\/pages\/367"}],"wp:attachment":[{"href":"https:\/\/www.lammi.fi\/harkko\/wp-json\/wp\/v2\/media?parent=439"}],"curies":[{"name":"wp","href":"https:\/\/api.w.org\/{rel}","templated":true}]}}