{"id":2248,"date":"2021-04-15T12:21:58","date_gmt":"2021-04-15T12:21:58","guid":{"rendered":"https:\/\/www.lammi.fi\/harkko\/?page_id=2248"},"modified":"2025-04-02T13:07:41","modified_gmt":"2025-04-02T10:07:41","slug":"tyo-ja-suunnitteluohjeet","status":"publish","type":"page","link":"https:\/\/www.lammi.fi\/harkko\/ohjeet-ja-dokumentit\/tyo-ja-suunnitteluohjeet\/","title":{"rendered":"Ty\u00f6- ja suunnitteluohjeet"},"content":{"rendered":"","protected":false},"excerpt":{"rendered":"","protected":false},"author":12,"featured_media":0,"parent":21,"menu_order":0,"comment_status":"closed","ping_status":"closed","template":"","meta":{"_acf_changed":false,"_improvement_type_select":"improve_an_existing","_thumb_yes_seoaic":false,"_frame_yes_seoaic":false,"seoaic_generate_description":"","seoaic_improve_instructions_prompt":"","seoaic_rollback_content_improvement":"","seoaic_idea_thumbnail_generator":"","thumbnail_generated":false,"thumbnail_generate_prompt":"","seoaic_article_description":"","_glsr_average":0,"_glsr_ranking":0,"_glsr_reviews":0,"footnotes":""},"class_list":["post-2248","page","type-page","status-publish","hentry"],"acf":[],"yoast_head":"<!-- This site is optimized with the Yoast SEO plugin v27.4 - https:\/\/yoast.com\/product\/yoast-seo-wordpress\/ -->\n<title>Lammi Harkko - Ty\u00f6- ja suunnitteluohjeet<\/title>\n<meta name=\"description\" content=\"Parhaan lopputuloksen aikaansaamiseksi hyv\u00e4 suunnittelu ja oikeat ty\u00f6tavat ovat v\u00e4hint\u00e4\u00e4n yht\u00e4 t\u00e4rkeit\u00e4 kuin ensiluokkaiset tuotteet.\" \/>\n<link rel=\"canonical\" href=\"https:\/\/www.lammi.fi\/harkko\/ohjeet-ja-dokumentit\/tyo-ja-suunnitteluohjeet\/\" \/>\n<meta property=\"og:locale\" content=\"fi_FI\" \/>\n<meta property=\"og:type\" content=\"article\" \/>\n<meta property=\"og:title\" content=\"Lammi Harkko - Ty\u00f6- ja suunnitteluohjeet\" \/>\n<meta property=\"og:description\" content=\"Parhaan lopputuloksen aikaansaamiseksi hyv\u00e4 suunnittelu ja oikeat ty\u00f6tavat ovat v\u00e4hint\u00e4\u00e4n yht\u00e4 t\u00e4rkeit\u00e4 kuin ensiluokkaiset tuotteet.\" \/>\n<meta property=\"og:url\" content=\"https:\/\/www.lammi.fi\/harkko\/ohjeet-ja-dokumentit\/tyo-ja-suunnitteluohjeet\/\" \/>\n<meta property=\"og:site_name\" content=\"Lammi Harkko\" \/>\n<meta property=\"article:modified_time\" content=\"2025-04-02T10:07:41+00:00\" \/>\n<meta name=\"twitter:card\" content=\"summary_large_image\" \/>\n<script type=\"application\/ld+json\" class=\"yoast-schema-graph\">{\"@context\":\"https:\\\/\\\/schema.org\",\"@graph\":[{\"@type\":\"WebPage\",\"@id\":\"https:\\\/\\\/www.lammi.fi\\\/harkko\\\/ohjeet-ja-dokumentit\\\/tyo-ja-suunnitteluohjeet\\\/\",\"url\":\"https:\\\/\\\/www.lammi.fi\\\/harkko\\\/ohjeet-ja-dokumentit\\\/tyo-ja-suunnitteluohjeet\\\/\",\"name\":\"Lammi Harkko - Ty\u00f6- ja suunnitteluohjeet\",\"isPartOf\":{\"@id\":\"https:\\\/\\\/www.lammi.fi\\\/harkko\\\/#website\"},\"datePublished\":\"2021-04-15T12:21:58+00:00\",\"dateModified\":\"2025-04-02T10:07:41+00:00\",\"description\":\"Parhaan lopputuloksen aikaansaamiseksi hyv\u00e4 suunnittelu ja oikeat ty\u00f6tavat ovat v\u00e4hint\u00e4\u00e4n yht\u00e4 t\u00e4rkeit\u00e4 kuin ensiluokkaiset tuotteet.\",\"breadcrumb\":{\"@id\":\"https:\\\/\\\/www.lammi.fi\\\/harkko\\\/ohjeet-ja-dokumentit\\\/tyo-ja-suunnitteluohjeet\\\/#breadcrumb\"},\"inLanguage\":\"fi\",\"potentialAction\":[{\"@type\":\"ReadAction\",\"target\":[\"https:\\\/\\\/www.lammi.fi\\\/harkko\\\/ohjeet-ja-dokumentit\\\/tyo-ja-suunnitteluohjeet\\\/\"]}]},{\"@type\":\"BreadcrumbList\",\"@id\":\"https:\\\/\\\/www.lammi.fi\\\/harkko\\\/ohjeet-ja-dokumentit\\\/tyo-ja-suunnitteluohjeet\\\/#breadcrumb\",\"itemListElement\":[{\"@type\":\"ListItem\",\"position\":1,\"name\":\"Lammi.fi\",\"item\":\"https:\\\/\\\/www.lammi.fi\"},{\"@type\":\"ListItem\",\"position\":2,\"name\":\"Lammi Harkko\",\"item\":\"https:\\\/\\\/www.lammi.fi\\\/harkko\\\/\"},{\"@type\":\"ListItem\",\"position\":3,\"name\":\"Ohjeet ja dokumentit\",\"item\":\"https:\\\/\\\/www.lammi.fi\\\/harkko\\\/ohjeet-ja-dokumentit\\\/\"},{\"@type\":\"ListItem\",\"position\":4,\"name\":\"Ty\u00f6- ja suunnitteluohjeet\"}]},{\"@type\":\"WebSite\",\"@id\":\"https:\\\/\\\/www.lammi.fi\\\/harkko\\\/#website\",\"url\":\"https:\\\/\\\/www.lammi.fi\\\/harkko\\\/\",\"name\":\"Lammi Harkko\",\"description\":\"\",\"publisher\":{\"@id\":\"https:\\\/\\\/www.lammi.fi\\\/harkko\\\/#organization\"},\"potentialAction\":[{\"@type\":\"SearchAction\",\"target\":{\"@type\":\"EntryPoint\",\"urlTemplate\":\"https:\\\/\\\/www.lammi.fi\\\/harkko\\\/?s={search_term_string}\"},\"query-input\":{\"@type\":\"PropertyValueSpecification\",\"valueRequired\":true,\"valueName\":\"search_term_string\"}}],\"inLanguage\":\"fi\"},{\"@type\":\"Organization\",\"@id\":\"https:\\\/\\\/www.lammi.fi\\\/harkko\\\/#organization\",\"name\":\"Lammi Harkko\",\"url\":\"https:\\\/\\\/www.lammi.fi\\\/harkko\\\/\",\"logo\":{\"@type\":\"ImageObject\",\"inLanguage\":\"fi\",\"@id\":\"https:\\\/\\\/www.lammi.fi\\\/harkko\\\/#\\\/schema\\\/logo\\\/image\\\/\",\"url\":\"https:\\\/\\\/www.lammi.fi\\\/harkko\\\/wp-content\\\/uploads\\\/sites\\\/3\\\/2018\\\/06\\\/cropped-lammi_logo.png\",\"contentUrl\":\"https:\\\/\\\/www.lammi.fi\\\/harkko\\\/wp-content\\\/uploads\\\/sites\\\/3\\\/2018\\\/06\\\/cropped-lammi_logo.png\",\"width\":240,\"height\":122,\"caption\":\"Lammi Harkko\"},\"image\":{\"@id\":\"https:\\\/\\\/www.lammi.fi\\\/harkko\\\/#\\\/schema\\\/logo\\\/image\\\/\"}}]}<\/script>\n<!-- \/ Yoast SEO plugin. -->","yoast_head_json":{"title":"Lammi Harkko - Ty\u00f6- ja suunnitteluohjeet","description":"Parhaan lopputuloksen aikaansaamiseksi hyv\u00e4 suunnittelu ja oikeat ty\u00f6tavat ovat v\u00e4hint\u00e4\u00e4n yht\u00e4 t\u00e4rkeit\u00e4 kuin ensiluokkaiset tuotteet.","canonical":"https:\/\/www.lammi.fi\/harkko\/ohjeet-ja-dokumentit\/tyo-ja-suunnitteluohjeet\/","og_locale":"fi_FI","og_type":"article","og_title":"Lammi Harkko - Ty\u00f6- ja suunnitteluohjeet","og_description":"Parhaan lopputuloksen aikaansaamiseksi hyv\u00e4 suunnittelu ja oikeat ty\u00f6tavat ovat v\u00e4hint\u00e4\u00e4n yht\u00e4 t\u00e4rkeit\u00e4 kuin ensiluokkaiset tuotteet.","og_url":"https:\/\/www.lammi.fi\/harkko\/ohjeet-ja-dokumentit\/tyo-ja-suunnitteluohjeet\/","og_site_name":"Lammi Harkko","article_modified_time":"2025-04-02T10:07:41+00:00","twitter_card":"summary_large_image","schema":{"@context":"https:\/\/schema.org","@graph":[{"@type":"WebPage","@id":"https:\/\/www.lammi.fi\/harkko\/ohjeet-ja-dokumentit\/tyo-ja-suunnitteluohjeet\/","url":"https:\/\/www.lammi.fi\/harkko\/ohjeet-ja-dokumentit\/tyo-ja-suunnitteluohjeet\/","name":"Lammi Harkko - Ty\u00f6- ja suunnitteluohjeet","isPartOf":{"@id":"https:\/\/www.lammi.fi\/harkko\/#website"},"datePublished":"2021-04-15T12:21:58+00:00","dateModified":"2025-04-02T10:07:41+00:00","description":"Parhaan lopputuloksen aikaansaamiseksi hyv\u00e4 suunnittelu ja oikeat ty\u00f6tavat ovat v\u00e4hint\u00e4\u00e4n yht\u00e4 t\u00e4rkeit\u00e4 kuin ensiluokkaiset tuotteet.","breadcrumb":{"@id":"https:\/\/www.lammi.fi\/harkko\/ohjeet-ja-dokumentit\/tyo-ja-suunnitteluohjeet\/#breadcrumb"},"inLanguage":"fi","potentialAction":[{"@type":"ReadAction","target":["https:\/\/www.lammi.fi\/harkko\/ohjeet-ja-dokumentit\/tyo-ja-suunnitteluohjeet\/"]}]},{"@type":"BreadcrumbList","@id":"https:\/\/www.lammi.fi\/harkko\/ohjeet-ja-dokumentit\/tyo-ja-suunnitteluohjeet\/#breadcrumb","itemListElement":[{"@type":"ListItem","position":1,"name":"Lammi.fi","item":"https:\/\/www.lammi.fi"},{"@type":"ListItem","position":2,"name":"Lammi Harkko","item":"https:\/\/www.lammi.fi\/harkko\/"},{"@type":"ListItem","position":3,"name":"Ohjeet ja dokumentit","item":"https:\/\/www.lammi.fi\/harkko\/ohjeet-ja-dokumentit\/"},{"@type":"ListItem","position":4,"name":"Ty\u00f6- ja suunnitteluohjeet"}]},{"@type":"WebSite","@id":"https:\/\/www.lammi.fi\/harkko\/#website","url":"https:\/\/www.lammi.fi\/harkko\/","name":"Lammi Harkko","description":"","publisher":{"@id":"https:\/\/www.lammi.fi\/harkko\/#organization"},"potentialAction":[{"@type":"SearchAction","target":{"@type":"EntryPoint","urlTemplate":"https:\/\/www.lammi.fi\/harkko\/?s={search_term_string}"},"query-input":{"@type":"PropertyValueSpecification","valueRequired":true,"valueName":"search_term_string"}}],"inLanguage":"fi"},{"@type":"Organization","@id":"https:\/\/www.lammi.fi\/harkko\/#organization","name":"Lammi Harkko","url":"https:\/\/www.lammi.fi\/harkko\/","logo":{"@type":"ImageObject","inLanguage":"fi","@id":"https:\/\/www.lammi.fi\/harkko\/#\/schema\/logo\/image\/","url":"https:\/\/www.lammi.fi\/harkko\/wp-content\/uploads\/sites\/3\/2018\/06\/cropped-lammi_logo.png","contentUrl":"https:\/\/www.lammi.fi\/harkko\/wp-content\/uploads\/sites\/3\/2018\/06\/cropped-lammi_logo.png","width":240,"height":122,"caption":"Lammi Harkko"},"image":{"@id":"https:\/\/www.lammi.fi\/harkko\/#\/schema\/logo\/image\/"}}]}},"_links":{"self":[{"href":"https:\/\/www.lammi.fi\/harkko\/wp-json\/wp\/v2\/pages\/2248","targetHints":{"allow":["GET"]}}],"collection":[{"href":"https:\/\/www.lammi.fi\/harkko\/wp-json\/wp\/v2\/pages"}],"about":[{"href":"https:\/\/www.lammi.fi\/harkko\/wp-json\/wp\/v2\/types\/page"}],"author":[{"embeddable":true,"href":"https:\/\/www.lammi.fi\/harkko\/wp-json\/wp\/v2\/users\/12"}],"replies":[{"embeddable":true,"href":"https:\/\/www.lammi.fi\/harkko\/wp-json\/wp\/v2\/comments?post=2248"}],"version-history":[{"count":16,"href":"https:\/\/www.lammi.fi\/harkko\/wp-json\/wp\/v2\/pages\/2248\/revisions"}],"predecessor-version":[{"id":4668,"href":"https:\/\/www.lammi.fi\/harkko\/wp-json\/wp\/v2\/pages\/2248\/revisions\/4668"}],"up":[{"embeddable":true,"href":"https:\/\/www.lammi.fi\/harkko\/wp-json\/wp\/v2\/pages\/21"}],"wp:attachment":[{"href":"https:\/\/www.lammi.fi\/harkko\/wp-json\/wp\/v2\/media?parent=2248"}],"curies":[{"name":"wp","href":"https:\/\/api.w.org\/{rel}","templated":true}]}}