{"id":19,"date":"2018-06-28T09:34:09","date_gmt":"2018-06-28T09:34:09","guid":{"rendered":"https:\/\/www.lammi.fi\/harkko\/?page_id=19"},"modified":"2025-09-08T11:09:06","modified_gmt":"2025-09-08T08:09:06","slug":"kayttokohteet","status":"publish","type":"page","link":"https:\/\/www.lammi.fi\/harkko\/kayttokohteet\/","title":{"rendered":"K\u00e4ytt\u00f6kohteet"},"content":{"rendered":"<h1>Valuharkon k\u00e4ytt\u00f6kohteet<\/h1>\n<div class=\"oembed oembed-youtube\">\n<div class='consent-placeholder'              data-category='cookie_cat_marketing'              onClick='CookieConsent.renew()'>             <img src='https:\/\/i.ytimg.com\/vi\/yT41M6LQoT8\/hqdefault.jpg'>            <\/p>\n<div class='text-and-button'>\n<p class='consent-text'>Et ole hyv\u00e4ksynyt markkinoinnin ev\u00e4steit\u00e4 n\u00e4hd\u00e4ksesi videon.<\/p>\n<div class='wp-block-button'>                 <button class='wp-block-button__link harkko'>Muuta ev\u00e4steasetuksia<\/button>            <\/div>\n<\/p><\/div>\n<\/p><\/div>\n<p><iframe title=\"Lammi Kuorikivi -kohteita\" width=\"840\" height=\"473\" src=\"\" data-consent-src=\"https:\/\/www.youtube.com\/embed\/yT41M6LQoT8?feature=oembed\" data-category-consent=\"cookie_cat_marketing\" frameborder=\"0\" allow=\"accelerometer; autoplay; clipboard-write; encrypted-media; gyroscope; picture-in-picture; web-share\" referrerpolicy=\"strict-origin-when-cross-origin\" allowfullscreen><\/iframe><\/div>\n<p>Vuosikymmenten tuotekehityksell\u00e4 olemme tuoneet markkinoille laadukkaita harkkoratkaisuja erilaisiin k\u00e4ytt\u00f6kohteisiin. Olemme koonneet n\u00e4ille sivuille tuotteidemme yleisimpi\u00e4 k\u00e4ytt\u00f6kohteita, toimivaksi havaittuja ratkaisuja sek\u00e4 vinkkej\u00e4 ty\u00f6vaiheisiin.<\/p>\n<p><a class=\"button\" style=\"background: #9c9d9a;text-decoration: none;color: #fff;max-width: 600px;margin: 2em auto 1em\" role=\"button\" href=\"https:\/\/www.lammi.fi\/harkko\/kayttokohteet\/kerrostalot\/\">Lue lis\u00e4\u00e4<\/a><\/p>\n<p><img decoding=\"async\" class=\"alignnone wp-image-814 size-large\" src=\"https:\/\/www.lammi.fi\/harkko\/wp-content\/uploads\/sites\/3\/2018\/09\/harkko_alasivu_kayttokohteet-1024x562.jpg\" alt=\"Tutustu valuharkon k\u00e4ytt\u00f6kohteet, Lammin Betoni\" width=\"840\" height=\"461\" srcset=\"https:\/\/www.lammi.fi\/harkko\/wp-content\/uploads\/sites\/3\/2018\/09\/harkko_alasivu_kayttokohteet-1024x562.jpg 1024w, https:\/\/www.lammi.fi\/harkko\/wp-content\/uploads\/sites\/3\/2018\/09\/harkko_alasivu_kayttokohteet-300x165.jpg 300w, https:\/\/www.lammi.fi\/harkko\/wp-content\/uploads\/sites\/3\/2018\/09\/harkko_alasivu_kayttokohteet-768x421.jpg 768w, https:\/\/www.lammi.fi\/harkko\/wp-content\/uploads\/sites\/3\/2018\/09\/harkko_alasivu_kayttokohteet-1200x659.jpg 1200w, https:\/\/www.lammi.fi\/harkko\/wp-content\/uploads\/sites\/3\/2018\/09\/harkko_alasivu_kayttokohteet-600x329.jpg 600w, https:\/\/www.lammi.fi\/harkko\/wp-content\/uploads\/sites\/3\/2018\/09\/harkko_alasivu_kayttokohteet.jpg 1600w\" sizes=\"(max-width: 709px) 85vw, (max-width: 909px) 67vw, (max-width: 1362px) 62vw, 840px\" \/><\/p>\n<p><span style=\"font-size: 28px\">Laadukkaat tuotteet vaativiinkin kohteisiin<\/span><\/p>\n<p>Lammin rakennuskivet ovat betonista valmistettuja harkkoja. Vuosikymmeni\u00e4 kehitetyiss\u00e4 tuotteissa yhdistyy tinkim\u00e4t\u00f6n laatu sek\u00e4 rakentamista helpottavat ratkaisut, jotka vain alan edell\u00e4k\u00e4vij\u00e4 voi tarjota. Tutustu <a href=\"https:\/\/www.lammi.fi\/harkko\/tuotteet\/\">harkkovalikoimaamme.<\/a><\/p>\n<p><span style=\"font-size: 28px\">Referenssej\u00e4 k\u00e4ytt\u00f6kohteista<\/span><\/p>\n<p><span style=\"font-size: 18px\"> Tutustu <\/span><a href=\"https:\/\/www.lammi.fi\/harkko\/kayttokohteet\/kerrostalot\/referenssit\/\">kerrostalo-,<\/a> <a href=\"https:\/\/www.lammi.fi\/harkko\/kayttokohteet\/rivitalot\/rivitalo-referenssit\/\">rivitalo-,<\/a> ja <a href=\"https:\/\/www.lammi.fi\/harkko\/kayttokohteet\/toimitilat\/referenssit\/\">toimitilarakentamisen<\/a> <span style=\"font-size: 18px\">referensseihin sek\u00e4 tutustu ammattilaisten kokemuksiin harkkorakentamisesta Lammin tuotteilla.<\/span><\/p>\n<p><a class=\"button\" style=\"background: #9c9d9a;text-decoration: none;color: #fff;max-width: 600px;margin: 2em auto 1em\" role=\"button\" href=\"https:\/\/www.lammi.fi\/harkko\/kokemuksia-harkkorakentamisesta\/\" target=\"_blank\" rel=\"noopener\">Tutustu ammattilaisten kokemuksiin harkkorakentamisesta Lammin tuotteilla.<\/a><\/p>\n<p>&nbsp;<\/p>\n<p>&nbsp;<\/p>\n<p>&nbsp;<\/p>\n","protected":false},"excerpt":{"rendered":"<p>Valuharkon k\u00e4ytt\u00f6kohteet Et ole hyv\u00e4ksynyt markkinoinnin ev\u00e4steit\u00e4 n\u00e4hd\u00e4ksesi videon. Muuta ev\u00e4steasetuksia Vuosikymmenten tuotekehityksell\u00e4 olemme tuoneet markkinoille laadukkaita harkkoratkaisuja erilaisiin k\u00e4ytt\u00f6kohteisiin. Olemme koonneet n\u00e4ille sivuille tuotteidemme yleisimpi\u00e4 k\u00e4ytt\u00f6kohteita, toimivaksi havaittuja ratkaisuja sek\u00e4 vinkkej\u00e4 ty\u00f6vaiheisiin. Lue lis\u00e4\u00e4 Laadukkaat tuotteet vaativiinkin kohteisiin Lammin rakennuskivet ovat betonista valmistettuja harkkoja. Vuosikymmeni\u00e4 kehitetyiss\u00e4 tuotteissa yhdistyy tinkim\u00e4t\u00f6n laatu sek\u00e4 rakentamista helpottavat ratkaisut, &hellip; <a href=\"https:\/\/www.lammi.fi\/harkko\/kayttokohteet\/\" class=\"more-link\">Lue lis\u00e4\u00e4<span class=\"screen-reader-text\"> &#8221;K\u00e4ytt\u00f6kohteet&#8221;<\/span><\/a><\/p>\n","protected":false},"author":1,"featured_media":0,"parent":0,"menu_order":0,"comment_status":"closed","ping_status":"closed","template":"","meta":{"_acf_changed":false,"_improvement_type_select":"improve_an_existing","_thumb_yes_seoaic":false,"_frame_yes_seoaic":false,"seoaic_generate_description":"","seoaic_improve_instructions_prompt":"","seoaic_rollback_content_improvement":"","seoaic_idea_thumbnail_generator":"","thumbnail_generated":false,"thumbnail_generate_prompt":"","seoaic_article_description":"","_glsr_average":0,"_glsr_ranking":0,"_glsr_reviews":0,"footnotes":""},"class_list":["post-19","page","type-page","status-publish","hentry"],"acf":[],"yoast_head":"<!-- This site is optimized with the Yoast SEO plugin v27.4 - https:\/\/yoast.com\/product\/yoast-seo-wordpress\/ -->\n<title>Lammi Harkko - Valuharkon k\u00e4ytt\u00f6kohteet<\/title>\n<meta name=\"description\" content=\"Vuosikymmenten tuotekehityksell\u00e4 olemme tuoneet markkinoille laadukkaita harkkoratkaisuja erilaisiin k\u00e4ytt\u00f6kohteisiin. Tutustu k\u00e4ytt\u00f6kohteet\" \/>\n<link rel=\"canonical\" href=\"https:\/\/www.lammi.fi\/harkko\/kayttokohteet\/\" \/>\n<meta property=\"og:locale\" content=\"fi_FI\" \/>\n<meta property=\"og:type\" content=\"article\" \/>\n<meta property=\"og:title\" content=\"Lammi Harkko - Valuharkon k\u00e4ytt\u00f6kohteet\" \/>\n<meta property=\"og:description\" content=\"Vuosikymmenten tuotekehityksell\u00e4 olemme tuoneet markkinoille laadukkaita harkkoratkaisuja erilaisiin k\u00e4ytt\u00f6kohteisiin. Tutustu k\u00e4ytt\u00f6kohteet\" \/>\n<meta property=\"og:url\" content=\"https:\/\/www.lammi.fi\/harkko\/kayttokohteet\/\" \/>\n<meta property=\"og:site_name\" content=\"Lammi Harkko\" \/>\n<meta property=\"article:modified_time\" content=\"2025-09-08T08:09:06+00:00\" \/>\n<meta property=\"og:image\" content=\"https:\/\/www.lammi.fi\/harkko\/wp-content\/uploads\/sites\/3\/2018\/09\/harkko_alasivu_kayttokohteet-1024x562.jpg\" \/>\n<meta name=\"twitter:card\" content=\"summary_large_image\" \/>\n<meta name=\"twitter:label1\" content=\"Arvioitu lukuaika\" \/>\n\t<meta name=\"twitter:data1\" content=\"1 minuutti\" \/>\n<script type=\"application\/ld+json\" class=\"yoast-schema-graph\">{\"@context\":\"https:\\\/\\\/schema.org\",\"@graph\":[{\"@type\":\"WebPage\",\"@id\":\"https:\\\/\\\/www.lammi.fi\\\/harkko\\\/kayttokohteet\\\/\",\"url\":\"https:\\\/\\\/www.lammi.fi\\\/harkko\\\/kayttokohteet\\\/\",\"name\":\"Lammi Harkko - Valuharkon k\u00e4ytt\u00f6kohteet\",\"isPartOf\":{\"@id\":\"https:\\\/\\\/www.lammi.fi\\\/harkko\\\/#website\"},\"primaryImageOfPage\":{\"@id\":\"https:\\\/\\\/www.lammi.fi\\\/harkko\\\/kayttokohteet\\\/#primaryimage\"},\"image\":{\"@id\":\"https:\\\/\\\/www.lammi.fi\\\/harkko\\\/kayttokohteet\\\/#primaryimage\"},\"thumbnailUrl\":\"https:\\\/\\\/www.lammi.fi\\\/harkko\\\/wp-content\\\/uploads\\\/sites\\\/3\\\/2018\\\/09\\\/harkko_alasivu_kayttokohteet-1024x562.jpg\",\"datePublished\":\"2018-06-28T09:34:09+00:00\",\"dateModified\":\"2025-09-08T08:09:06+00:00\",\"description\":\"Vuosikymmenten tuotekehityksell\u00e4 olemme tuoneet markkinoille laadukkaita harkkoratkaisuja erilaisiin k\u00e4ytt\u00f6kohteisiin. Tutustu k\u00e4ytt\u00f6kohteet\",\"breadcrumb\":{\"@id\":\"https:\\\/\\\/www.lammi.fi\\\/harkko\\\/kayttokohteet\\\/#breadcrumb\"},\"inLanguage\":\"fi\",\"potentialAction\":[{\"@type\":\"ReadAction\",\"target\":[\"https:\\\/\\\/www.lammi.fi\\\/harkko\\\/kayttokohteet\\\/\"]}]},{\"@type\":\"ImageObject\",\"inLanguage\":\"fi\",\"@id\":\"https:\\\/\\\/www.lammi.fi\\\/harkko\\\/kayttokohteet\\\/#primaryimage\",\"url\":\"https:\\\/\\\/www.lammi.fi\\\/harkko\\\/wp-content\\\/uploads\\\/sites\\\/3\\\/2018\\\/09\\\/harkko_alasivu_kayttokohteet.jpg\",\"contentUrl\":\"https:\\\/\\\/www.lammi.fi\\\/harkko\\\/wp-content\\\/uploads\\\/sites\\\/3\\\/2018\\\/09\\\/harkko_alasivu_kayttokohteet.jpg\",\"width\":1600,\"height\":878},{\"@type\":\"BreadcrumbList\",\"@id\":\"https:\\\/\\\/www.lammi.fi\\\/harkko\\\/kayttokohteet\\\/#breadcrumb\",\"itemListElement\":[{\"@type\":\"ListItem\",\"position\":1,\"name\":\"Lammi.fi\",\"item\":\"https:\\\/\\\/www.lammi.fi\"},{\"@type\":\"ListItem\",\"position\":2,\"name\":\"Lammi Harkko\",\"item\":\"https:\\\/\\\/www.lammi.fi\\\/harkko\\\/\"},{\"@type\":\"ListItem\",\"position\":3,\"name\":\"K\u00e4ytt\u00f6kohteet\"}]},{\"@type\":\"WebSite\",\"@id\":\"https:\\\/\\\/www.lammi.fi\\\/harkko\\\/#website\",\"url\":\"https:\\\/\\\/www.lammi.fi\\\/harkko\\\/\",\"name\":\"Lammi Harkko\",\"description\":\"\",\"publisher\":{\"@id\":\"https:\\\/\\\/www.lammi.fi\\\/harkko\\\/#organization\"},\"potentialAction\":[{\"@type\":\"SearchAction\",\"target\":{\"@type\":\"EntryPoint\",\"urlTemplate\":\"https:\\\/\\\/www.lammi.fi\\\/harkko\\\/?s={search_term_string}\"},\"query-input\":{\"@type\":\"PropertyValueSpecification\",\"valueRequired\":true,\"valueName\":\"search_term_string\"}}],\"inLanguage\":\"fi\"},{\"@type\":\"Organization\",\"@id\":\"https:\\\/\\\/www.lammi.fi\\\/harkko\\\/#organization\",\"name\":\"Lammi Harkko\",\"url\":\"https:\\\/\\\/www.lammi.fi\\\/harkko\\\/\",\"logo\":{\"@type\":\"ImageObject\",\"inLanguage\":\"fi\",\"@id\":\"https:\\\/\\\/www.lammi.fi\\\/harkko\\\/#\\\/schema\\\/logo\\\/image\\\/\",\"url\":\"https:\\\/\\\/www.lammi.fi\\\/harkko\\\/wp-content\\\/uploads\\\/sites\\\/3\\\/2018\\\/06\\\/cropped-lammi_logo.png\",\"contentUrl\":\"https:\\\/\\\/www.lammi.fi\\\/harkko\\\/wp-content\\\/uploads\\\/sites\\\/3\\\/2018\\\/06\\\/cropped-lammi_logo.png\",\"width\":240,\"height\":122,\"caption\":\"Lammi Harkko\"},\"image\":{\"@id\":\"https:\\\/\\\/www.lammi.fi\\\/harkko\\\/#\\\/schema\\\/logo\\\/image\\\/\"}}]}<\/script>\n<!-- \/ Yoast SEO plugin. -->","yoast_head_json":{"title":"Lammi Harkko - Valuharkon k\u00e4ytt\u00f6kohteet","description":"Vuosikymmenten tuotekehityksell\u00e4 olemme tuoneet markkinoille laadukkaita harkkoratkaisuja erilaisiin k\u00e4ytt\u00f6kohteisiin. Tutustu k\u00e4ytt\u00f6kohteet","canonical":"https:\/\/www.lammi.fi\/harkko\/kayttokohteet\/","og_locale":"fi_FI","og_type":"article","og_title":"Lammi Harkko - Valuharkon k\u00e4ytt\u00f6kohteet","og_description":"Vuosikymmenten tuotekehityksell\u00e4 olemme tuoneet markkinoille laadukkaita harkkoratkaisuja erilaisiin k\u00e4ytt\u00f6kohteisiin. Tutustu k\u00e4ytt\u00f6kohteet","og_url":"https:\/\/www.lammi.fi\/harkko\/kayttokohteet\/","og_site_name":"Lammi Harkko","article_modified_time":"2025-09-08T08:09:06+00:00","og_image":[{"url":"https:\/\/www.lammi.fi\/harkko\/wp-content\/uploads\/sites\/3\/2018\/09\/harkko_alasivu_kayttokohteet-1024x562.jpg","type":"","width":"","height":""}],"twitter_card":"summary_large_image","twitter_misc":{"Arvioitu lukuaika":"1 minuutti"},"schema":{"@context":"https:\/\/schema.org","@graph":[{"@type":"WebPage","@id":"https:\/\/www.lammi.fi\/harkko\/kayttokohteet\/","url":"https:\/\/www.lammi.fi\/harkko\/kayttokohteet\/","name":"Lammi Harkko - Valuharkon k\u00e4ytt\u00f6kohteet","isPartOf":{"@id":"https:\/\/www.lammi.fi\/harkko\/#website"},"primaryImageOfPage":{"@id":"https:\/\/www.lammi.fi\/harkko\/kayttokohteet\/#primaryimage"},"image":{"@id":"https:\/\/www.lammi.fi\/harkko\/kayttokohteet\/#primaryimage"},"thumbnailUrl":"https:\/\/www.lammi.fi\/harkko\/wp-content\/uploads\/sites\/3\/2018\/09\/harkko_alasivu_kayttokohteet-1024x562.jpg","datePublished":"2018-06-28T09:34:09+00:00","dateModified":"2025-09-08T08:09:06+00:00","description":"Vuosikymmenten tuotekehityksell\u00e4 olemme tuoneet markkinoille laadukkaita harkkoratkaisuja erilaisiin k\u00e4ytt\u00f6kohteisiin. Tutustu k\u00e4ytt\u00f6kohteet","breadcrumb":{"@id":"https:\/\/www.lammi.fi\/harkko\/kayttokohteet\/#breadcrumb"},"inLanguage":"fi","potentialAction":[{"@type":"ReadAction","target":["https:\/\/www.lammi.fi\/harkko\/kayttokohteet\/"]}]},{"@type":"ImageObject","inLanguage":"fi","@id":"https:\/\/www.lammi.fi\/harkko\/kayttokohteet\/#primaryimage","url":"https:\/\/www.lammi.fi\/harkko\/wp-content\/uploads\/sites\/3\/2018\/09\/harkko_alasivu_kayttokohteet.jpg","contentUrl":"https:\/\/www.lammi.fi\/harkko\/wp-content\/uploads\/sites\/3\/2018\/09\/harkko_alasivu_kayttokohteet.jpg","width":1600,"height":878},{"@type":"BreadcrumbList","@id":"https:\/\/www.lammi.fi\/harkko\/kayttokohteet\/#breadcrumb","itemListElement":[{"@type":"ListItem","position":1,"name":"Lammi.fi","item":"https:\/\/www.lammi.fi"},{"@type":"ListItem","position":2,"name":"Lammi Harkko","item":"https:\/\/www.lammi.fi\/harkko\/"},{"@type":"ListItem","position":3,"name":"K\u00e4ytt\u00f6kohteet"}]},{"@type":"WebSite","@id":"https:\/\/www.lammi.fi\/harkko\/#website","url":"https:\/\/www.lammi.fi\/harkko\/","name":"Lammi Harkko","description":"","publisher":{"@id":"https:\/\/www.lammi.fi\/harkko\/#organization"},"potentialAction":[{"@type":"SearchAction","target":{"@type":"EntryPoint","urlTemplate":"https:\/\/www.lammi.fi\/harkko\/?s={search_term_string}"},"query-input":{"@type":"PropertyValueSpecification","valueRequired":true,"valueName":"search_term_string"}}],"inLanguage":"fi"},{"@type":"Organization","@id":"https:\/\/www.lammi.fi\/harkko\/#organization","name":"Lammi Harkko","url":"https:\/\/www.lammi.fi\/harkko\/","logo":{"@type":"ImageObject","inLanguage":"fi","@id":"https:\/\/www.lammi.fi\/harkko\/#\/schema\/logo\/image\/","url":"https:\/\/www.lammi.fi\/harkko\/wp-content\/uploads\/sites\/3\/2018\/06\/cropped-lammi_logo.png","contentUrl":"https:\/\/www.lammi.fi\/harkko\/wp-content\/uploads\/sites\/3\/2018\/06\/cropped-lammi_logo.png","width":240,"height":122,"caption":"Lammi Harkko"},"image":{"@id":"https:\/\/www.lammi.fi\/harkko\/#\/schema\/logo\/image\/"}}]}},"_links":{"self":[{"href":"https:\/\/www.lammi.fi\/harkko\/wp-json\/wp\/v2\/pages\/19","targetHints":{"allow":["GET"]}}],"collection":[{"href":"https:\/\/www.lammi.fi\/harkko\/wp-json\/wp\/v2\/pages"}],"about":[{"href":"https:\/\/www.lammi.fi\/harkko\/wp-json\/wp\/v2\/types\/page"}],"author":[{"embeddable":true,"href":"https:\/\/www.lammi.fi\/harkko\/wp-json\/wp\/v2\/users\/1"}],"replies":[{"embeddable":true,"href":"https:\/\/www.lammi.fi\/harkko\/wp-json\/wp\/v2\/comments?post=19"}],"version-history":[{"count":16,"href":"https:\/\/www.lammi.fi\/harkko\/wp-json\/wp\/v2\/pages\/19\/revisions"}],"predecessor-version":[{"id":4908,"href":"https:\/\/www.lammi.fi\/harkko\/wp-json\/wp\/v2\/pages\/19\/revisions\/4908"}],"wp:attachment":[{"href":"https:\/\/www.lammi.fi\/harkko\/wp-json\/wp\/v2\/media?parent=19"}],"curies":[{"name":"wp","href":"https:\/\/api.w.org\/{rel}","templated":true}]}}